[encoded data, 159110 characters]","focusedEnvelope":"Env 2","oscBEnabled":true,"unisonA":2,"unisonB":2,"voiceCount":9,"subEnabled":true,"subWaveform":"Saw"},"matrix":{"filterCutoff":{"envelope2":"__modulator1","velocity":"__modulator2"}}}	1	\N	2023-06-15 20:27:44.454667	1	41cedf2c-bf9a-4fdd-9a03-1976d3635d1d
52	ARC Tuned Kick	{"inputs":{"transposeA":-12,"levelA":0,"__modulator1":1,"envAmplitude2":1,"filterCutoff":221.32475679553306,"sustain1":0,"attack1":14.453911504380068,"decay1":12575.904892358914,"release1":1482.5033770473535,"decay2":797.1684106019006,"attack2":4.41,"wtPosA":1,"__modulator2":1,"envAmplitude3":0.252,"filterResonance":0.8794404706491028,"decay3":631.4280190212229,"attack3":4.41,"master":0.9642175234697798,"__modulator3":1,"velocityCurve":0.09200000000000008,"warpA":-1},"constants":{"wavetableA":"[encoded data, 10900 characters]","focusedEnvelope":"Env 1","oscAEnabled":true,"voiceCount":1},"matrix":{"transposeA":{"envelope2":"__modulator1"},"filterCutoff":{"envelope3":"__modulator2"},"levelA":{"velocity":"__modulator3"}}}	1	\N	2023-06-15 20:27:44.454667	1	a761062c-5f39-489c-b309-eba707ab17aa
\.


--
-- Data for Name: sample_packs; Type: TABLE DATA; Schema: public; Owner: -
--

COPY public.sample_packs (id, name, author_id, uuid, "timestamp", published) FROM stdin;
1	Torn80	1	37b670e9-d4ee-4a4b-b59e-26df86fb9571	2023-05-29 22:56:43.981381	t
2	Neural Breaks	1	c4233a17-1cfd-464e-bcaf-4401624c6282	2023-05-29 22:56:43.981381	t
3	Neural Techno	1	b8144714-c7b5-4e64-8f1c-c45531156eb1	2023-05-29 22:56:43.981381	t
4	Titan Drums	1	cce0948e-83a1-4327-a3ce-8c88b62c5939	2023-05-29 22:56:43.981381	t
8	Reverb Impulse Responses	1	24c158bb-9e11-464a-ae2b-8539c160a940	2023-06-13 19:43:04.063485	t
11	Stingray Fingerpick	1	4f3f7045-a59b-491f-abd6-7271725c62c7	2023-06-30 22:38:00.184996	f
12	Salamander Piano Micro (sampled by Alexander Holm)	1	93380e2e-4cbf-410e-9959-f56c7baa525d	2023-07-01 01:36:56.752811	f
14	Slow Roll 808	70	96d4686d-0521-430e-b082-bef7e93648fc	2023-07-18 17:34:24.628	f
\.


--
-- Data for Name: sample_tags; Type: TABLE DATA; Schema: public; Owner: -
--

COPY public.sample_tags (id, sample_id, value, category) FROM stdin;
27	172	Generated	Type
28	173	Generated	Type
29	174	Generated	Type
31	176	Generated	Type
34	178	Generated	Type
35	179	Generated	Type
36	179	true	Rejected
37	180	Generated	Type
70	203	Generated	Type
71	204	Generated	Type
72	205	Generated	Type
73	206	Generated	Type
109	232	Generated	Type
111	234	Generated	Type
123	242	Generated	Type
235	314	Generated	Type
236	315	Generated	Type
237	316	Generated	Type
238	316	true	Rejected
239	317	Generated	Type
240	318	Generated	Type
241	318	true	Rejected
242	319	Generated	Type
243	319	true	Rejected
244	320	Generated	Type
245	321	Generated	Type
323	429	Generated	Type
324	429	Approved	Approval Status
433	484	Generated	Type
434	484	Approved	Approval Status
435	485	Generated	Type
436	485	Approved	Approval Status
437	486	Generated	Type
438	486	Approved	Approval Status
439	487	Generated	Type
444	489	Approved	Approval Status
440	487	Rejected	Approval Status
441	488	Generated	Type
442	488	Pending	Approval Status
443	489	Generated	Type
489	512	Generated	Type
490	512	Approved	Approval Status
491	513	Generated	Type
492	513	Approved	Approval Status
493	514	Generated	Type
494	514	Approved	Approval Status
495	515	Generated	Type
496	515	Rejected	Approval Status
497	516	Generated	Type
498	516	Approved	Approval Status
499	517	Generated	Type
500	517	Rejected	Approval Status
501	518	Generated	Type
502	518	Approved	Approval Status
503	519	Generated	Type
504	519	Approved	Approval Status
505	520	Generated	Type
506	520	Approved	Approval Status
507	521	Generated	Type
508	521	Approved	Approval Status
509	522	Generated	Type
510	522	Rejected	Approval Status
511	523	Generated	Type
512	523	Approved	Approval Status
513	524	Generated	Type
514	524	Pending	Approval Status
515	525	Generated	Type
516	525	Pending	Approval Status
912	72	80	BPM
913	72	Drums	Instrument
914	71	124	BPM
915	71	Drums	Instrument
916	70	100	BPM
917	70	Drums	Instrument
918	69	124	BPM
919	69	Drums	Instrument
920	16	100	BPM
921	16	Bb	Key
922	16	Drums	Instrument
923	17	124	BPM
924	17	Bb	Key
925	17	Drums	Instrument
926	18	80	BPM
927	18	Bb	Key
928	18	Drums	Instrument
929	19	100	BPM
930	19	F#	Key
931	19	Drums	Instrument
932	20	124	BPM
933	20	F#	Key
934	20	Drums	Instrument
935	21	80	BPM
936	21	F#	Key
937	21	Drums	Instrument
938	22	100	BPM
939	22	Drums	Instrument
940	23	124	BPM
941	23	Drums	Instrument
942	24	80	BPM
943	24	Drums	Instrument
944	25	100	BPM
945	25	Drums	Instrument
946	26	124	BPM
947	26	Drums	Instrument
948	27	80	BPM
949	27	Drums	Instrument
952	28	100	BPM
953	28	C#	Key
954	28	Drums	Instrument
955	29	124	BPM
956	29	C#	Key
957	29	Drums	Instrument
958	30	100	BPM
959	30	F#	Key
960	30	Drums	Instrument
961	31	124	BPM
962	31	F#	Key
963	31	Drums	Instrument
964	32	100	BPM
965	32	Drums	Instrument
966	33	124	BPM
967	33	Drums	Instrument
968	34	100	BPM
969	34	Drums	Instrument
970	35	124	BPM
971	35	Drums	Instrument
972	36	80	BPM
973	36	Drums	Instrument
974	37	100	BPM
975	37	Drums	Instrument
976	38	124	BPM
977	38	Drums	Instrument
978	39	100	BPM
979	39	Drums	Instrument
980	40	124	BPM
981	40	Drums	Instrument
982	41	100	BPM
983	41	Drums	Instrument
984	42	124	BPM
985	42	Drums	Instrument
986	43	100	BPM
987	43	Drums	Instrument
988	44	124	BPM
989	44	Drums	Instrument
990	45	100	BPM
991	45	Drums	Instrument
992	46	124	BPM
993	46	Drums	Instrument
994	47	100	BPM
995	47	Drums	Instrument
996	48	124	BPM
997	48	Drums	Instrument
998	49	100	BPM
999	49	Drums	Instrument
1000	50	124	BPM
1001	50	Drums	Instrument
1002	51	100	BPM
1003	51	B	Key
1004	51	Drums	Instrument
1005	52	124	BPM
1006	52	B	Key
1007	52	Drums	Instrument
1008	53	100	BPM
1010	54	124	BPM
1009	53	Drums	Instrument
1012	55	100	BPM
1013	55	Drums	Instrument
1016	57	80	BPM
1017	57	Drums	Instrument
1020	59	124	BPM
1021	59	Drums	Instrument
1026	62	124	BPM
1027	62	Drums	Instrument
1011	54	Drums	Instrument
1014	56	124	BPM
1015	56	Drums	Instrument
1018	58	100	BPM
1019	58	Drums	Instrument
1022	60	124	BPM
1023	60	Drums	Instrument
1024	61	100	BPM
1025	61	Drums	Instrument
1028	63	100	BPM
1029	63	Drums	Instrument
1030	64	124	BPM
1031	64	Drums	Instrument
1032	65	100	BPM
1033	65	Drums	Instrument
1034	66	124	BPM
1035	66	Drums	Instrument
1036	67	80	BPM
1037	67	Drums	Instrument
1038	68	124	BPM
1039	68	Drums	Instrument
1056	73	124	BPM
1059	74	124	BPM
1060	74	Drums	Instrument
1061	75	124	BPM
1062	75	Drums	Instrument
1063	76	124	BPM
1064	76	Drums	Instrument
1067	77	124	BPM
1068	77	Drums	Instrument
1069	78	124	BPM
1070	78	Drums	Instrument
1071	79	124	BPM
1072	79	Drums	Instrument
1073	80	124	BPM
1074	80	Drums	Instrument
1075	81	124	BPM
1076	81	Drums	Instrument
1077	82	124	BPM
1078	82	Drums	Instrument
1081	83	124	BPM
1082	83	Drums	Instrument
1083	84	115	BPM
1084	84	Drums	Instrument
1087	85	124	BPM
1088	85	Drums	Instrument
1089	86	124	BPM
1090	86	Drums	Instrument
1093	87	Drums	Instrument
1094	88	Drums	Instrument
1095	89	Drums	Instrument
1098	90	Drums	Instrument
1099	91	124	BPM
1100	91	Drums	Instrument
1101	92	124	BPM
1102	92	Drums	Instrument
1103	93	124	BPM
1104	93	Drums	Instrument
1105	94	124	BPM
1106	94	Drums	Instrument
1107	95	124	BPM
1108	95	Drums	Instrument
1109	96	124	BPM
1110	96	Drums	Instrument
1111	97	124	BPM
1112	97	Drums	Instrument
1113	98	124	BPM
1114	98	Drums	Instrument
1115	99	124	BPM
1116	99	Drums	Instrument
1117	100	124	BPM
1118	100	Drums	Instrument
1119	101	124	BPM
1120	101	Drums	Instrument
1121	102	124	BPM
1122	102	Drums	Instrument
1123	103	124	BPM
1124	104	F#	Key
1125	105	Bb	Key
1126	106	D	Key
1224	772	Generated	Type
1225	772	Rejected	Approval Status
1226	773	Generated	Type
1227	773	Rejected	Approval Status
1228	774	Generated	Type
1229	774	Approved	Approval Status
1230	775	Generated	Type
1231	775	Pending	Approval Status
1232	776	Generated	Type
1233	776	Rejected	Approval Status
1234	777	Generated	Type
1235	777	Approved	Approval Status
1304	792	Generated	Type
1305	792	Pending	Approval Status
1853	1060	Generated	Type
1854	1060	Approved	Approval Status
1938	1147	Generated	Type
1939	1147	Approved	Approval Status
2004	1180	Generated	Type
2005	1180	Rejected	Approval Status
\.


--
-- Data for Name: samples; Type: TABLE DATA; Schema: public; Owner: -
--

COPY public.samples (id, name, s3_key, length_in_ms, pack_id, author_id, uuid, waveform_svg, warp, "timestamp", bpm) FROM stdin;
172	intense techno rhythm	generated/1/intense techno rhythm-7af41b1c-2e24-4f44-9479-9f67e3af2103.wav	5122	\N	1	7af41b1c-2e24-4f44-9479-9f67e3af2103	\N	\N	2023-05-29 22:56:26.606801	\N
174	funky techno beat	generated/1/funky techno beat-cd3d406e-fb9d-45b5-9501-d53bbbe48b07.wav	5122	\N	1	cd3d406e-fb9d-45b5-9501-d53bbbe48b07	\N	\N	2023-05-29 22:56:26.606801	\N
176	spanish flamenco	generated/70/spanish flamenco-4337b6a4-1d54-4b25-9346-67336f7f8c77.wav	5122	\N	70	4337b6a4-1d54-4b25-9346-67336f7f8c77	\N	\N	2023-05-29 22:56:26.606801	\N
178	rain drops are falling on my head	generated/76/rain drops are falling on my head-e0c36934-6931-417b-8390-ff2b53fbd365.wav	5122	\N	76	e0c36934-6931-417b-8390-ff2b53fbd365	\N	\N	2023-05-29 22:56:26.606801	\N
179	rain drop dance track off beat hifi	generated/76/rain drop dance track off beat hifi-0e7f20b2-32d9-4abb-810b-df4858ada828.wav	5122	\N	76	0e7f20b2-32d9-4abb-810b-df4858ada828	\N	\N	2023-05-29 22:56:26.606801	\N
180	rain drop dance track off beat high fidelity drums and bass	generated/76/rain drop dance track off beat high fidelity drums and bass-26e3e200-42b7-41e3-bcde-3ac833dcba06.wav	5122	\N	76	26e3e200-42b7-41e3-bcde-3ac833dcba06	\N	\N	2023-05-29 22:56:26.606801	\N
204	heavy acoustic drum solo	generated/1/heavy acoustic drum solo-77a90789-c589-4b1e-9c27-9185204686af.wav	5122	\N	1	77a90789-c589-4b1e-9c27-9185204686af	\N	\N	2023-05-29 22:56:26.606801	\N
206	frank sinatra dub step	generated/76/frank sinatra dub step-24c1faca-1c82-4546-9366-cf0fcdb7f5fa.wav	5122	\N	76	24c1faca-1c82-4546-9366-cf0fcdb7f5fa	\N	\N	2023-05-29 22:56:26.606801	\N
1	Clap 0	Torn80/Clap 0.wav	250	1	1	e975f2ae-8a82-4d56-953e-b66d33fdd7d0	\N	\N	2023-05-29 22:56:26.606801	\N
5	Kick Hot 0	Torn80/Kick Hot 0.wav	1938	1	1	d488ce9e-5fb1-4ce7-af55-6fe2e18f440a	\N	\N	2023-05-29 22:56:26.606801	\N
3	Snare 0	Torn80/Snare 0.wav	250	1	1	621b6e38-7de9-4c32-9a03-69468a49e745	\N	\N	2023-05-29 22:56:26.606801	\N
6	Kick Raw 0	Torn80/Kick Raw 0.wav	1938	1	1	a5b809f7-1dbd-4487-9538-933cb5cf693b	\N	\N	2023-05-29 22:56:26.606801	\N
130	FX 8	Titan_Drums/FX 8.wav	1000	4	1	9ea13c1a-c826-4906-86d4-539392688c1f	\N	\N	2023-05-29 22:56:26.606801	\N
131	Kick 1	Titan_Drums/Kick 1.wav	1000	4	1	7a490e46-934b-4d9b-ada5-48be1f106dde	\N	\N	2023-05-29 22:56:26.606801	\N
132	Kick 2	Titan_Drums/Kick 2.wav	1000	4	1	76847093-84d4-4d40-9dca-93044f20561c	\N	\N	2023-05-29 22:56:26.606801	\N
134	Kick 4	Titan_Drums/Kick 4.wav	1000	4	1	2e9301e2-7a04-4ac0-9ccd-2cf76cc628ee	\N	\N	2023-05-29 22:56:26.606801	\N
135	Kick 5	Titan_Drums/Kick 5.wav	1000	4	1	2dd39f8a-4d62-468e-956c-392cd0aaef79	\N	\N	2023-05-29 22:56:26.606801	\N
136	Kick 6	Titan_Drums/Kick 6.wav	1000	4	1	b7c5a6e3-dd54-4b85-b22d-d2f5bdf4da4d	\N	\N	2023-05-29 22:56:26.606801	\N
138	Kick 8	Titan_Drums/Kick 8.wav	1000	4	1	8a6b4c97-9200-4fb9-ace4-48b428bed988	\N	\N	2023-05-29 22:56:26.606801	\N
139	Perc 1	Titan_Drums/Perc 1.wav	1000	4	1	b0f77717-27fa-4a8a-a413-832b535a79f0	\N	\N	2023-05-29 22:56:26.606801	\N
140	Perc 2	Titan_Drums/Perc 2.wav	1000	4	1	ba291345-cc1b-4097-b24c-eeb80b16f0da	\N	\N	2023-05-29 22:56:26.606801	\N
141	Perc 3	Titan_Drums/Perc 3.wav	1000	4	1	7242fc39-eaa5-423c-b94e-41755e76cd98	\N	\N	2023-05-29 22:56:26.606801	\N
143	Perc 5	Titan_Drums/Perc 5.wav	1000	4	1	65492bf8-54a2-4b4c-b49f-fd1921a2b4db	\N	\N	2023-05-29 22:56:26.606801	\N
144	Perc 6	Titan_Drums/Perc 6.wav	1000	4	1	7468d3bc-f2e5-456a-a53f-78fdf50a3bd4	\N	\N	2023-05-29 22:56:26.606801	\N
145	Perc 7	Titan_Drums/Perc 7.wav	1000	4	1	edd6bf46-21cf-414d-a011-33247d7eb8ae	\N	\N	2023-05-29 22:56:26.606801	\N
147	Snare 1	Titan_Drums/Snare 1.wav	1000	4	1	93d35032-e538-40ee-b30b-e2a740ab7e8e	\N	\N	2023-05-29 22:56:26.606801	\N
148	Snare 2	Titan_Drums/Snare 2.wav	1000	4	1	2e3c88cb-7bbb-428d-8935-7fd7a2d469bf	\N	\N	2023-05-29 22:56:26.606801	\N
149	Snare 3	Titan_Drums/Snare 3.wav	1000	4	1	3f7a7883-a70f-4c03-ac79-74beb3487b8b	\N	\N	2023-05-29 22:56:26.606801	\N
150	Snare 4	Titan_Drums/Snare 4.wav	1000	4	1	bbcd4e82-1109-4646-b023-e28881d12aa1	\N	\N	2023-05-29 22:56:26.606801	\N
152	Snare 6	Titan_Drums/Snare 6.wav	1000	4	1	a5036626-0f7b-4bb4-8e13-363d65b17d8c	\N	\N	2023-05-29 22:56:26.606801	\N
153	Snare 7	Titan_Drums/Snare 7.wav	1000	4	1	135709b4-1b49-4efe-97ec-deccd56fddd2	\N	\N	2023-05-29 22:56:26.606801	\N
154	Snare 8	Titan_Drums/Snare 8.wav	1000	4	1	abc70e9f-8e96-47f5-bfa5-89f49929b675	\N	\N	2023-05-29 22:56:26.606801	\N
15	Kick Warm 12	Torn80/Kick Warm 12.wav	969	1	1	1b68cb2b-10b5-44f1-bcb6-768cbcb32012	\N	\N	2023-05-29 22:56:26.606801	\N
10	Kick Raw 24	Torn80/Kick Raw 24.wav	484	1	1	781c5776-a139-4ec4-88d3-4f4f57aa0e5d	\N	\N	2023-05-29 22:56:26.606801	\N
11	Kick Warm 24	Torn80/Kick Warm 24.wav	484	1	1	6a1e2e5f-87c4-4803-ab83-bb6bc696237c	\N	\N	2023-05-29 22:56:26.606801	\N
12	Kick Raw 12	Torn80/Kick Raw 12.wav	969	1	1	abaf492f-b79e-463f-a0ae-04ad7c94bc27	\N	\N	2023-05-29 22:56:26.606801	\N
13	Kick Growler 12	Torn80/Kick Growler 12.wav	969	1	1	438a537f-8801-4fb4-bc85-6e51b057c214	\N	\N	2023-05-29 22:56:26.606801	\N
112	Clap 6	Titan_Drums/Clap 6.wav	1000	4	1	461b0ec6-b772-4233-a448-069bd32381c0	\N	\N	2023-05-29 22:56:26.606801	\N
4	Kick Growler 0	Torn80/Kick Growler 0.wav	1938	1	1	d16c0109-b031-4487-98f9-a6f6991ff073	\N	\N	2023-05-29 22:56:26.606801	\N
7	Kick Warm 0	Torn80/Kick Warm 0.wav	1938	1	1	c2bd5750-00a7-447a-a26d-c221a7a4e094	\N	\N	2023-05-29 22:56:26.606801	\N
8	Kick Growler 24	Torn80/Kick Growler 24.wav	484	1	1	28a038e1-aafd-4d33-8f3b-b5ae8b30f045	\N	\N	2023-05-29 22:56:26.606801	\N
1060	alpha binaural beat	generated/70/alpha binaural beat-b625a70d-3159-4580-9ff4-e6ee179d927c.wav	5000	\N	70	b625a70d-3159-4580-9ff4-e6ee179d927c	\N	\N	2023-06-26 16:28:47.613916	\N
87	Impact 01	Neural_Techno/Impact 01.wav	4983	3	1	aec83ad5-fb24-41d7-8a73-37cef349104c	\N	\N	2023-05-29 22:56:26.606801	\N
429	thugs fronting rap track mad vibez	generated/76/thugs fronting rap track mad vibez-212d7fb2-f466-4f63-9771-b977c2a226ed.wav	5000	\N	76	212d7fb2-f466-4f63-9771-b977c2a226ed	\N	\N	2023-06-03 03:44:52.346271	\N
105	Tone 02	Neural_Techno/Tone 02_Bb.wav	5122	3	1	da1bc769-3567-4090-aaac-f4cc97d2e596	\N	\N	2023-05-29 22:56:26.606801	\N
88	Impact 02	Neural_Techno/Impact 02.wav	4974	3	1	1336a89d-dc83-4e15-963a-b329af558089	\N	\N	2023-05-29 22:56:26.606801	\N
89	Impact 03	Neural_Techno/Impact 03.wav	3962	3	1	3e745229-7f27-4d0a-a35e-11395cf4255b	\N	\N	2023-05-29 22:56:26.606801	\N
104	Tone 01	Neural_Techno/Tone 01_F#.wav	5122	3	1	4bd2d3dc-9c93-438e-9a73-0a2696eb1a00	\N	\N	2023-05-29 22:56:26.606801	\N
106	Tone 03	Neural_Techno/Tone 03_D.wav	3871	3	1	cb80de25-e39d-461f-85e2-91e90fbd2d2c	\N	\N	2023-05-29 22:56:26.606801	\N
107	Clap 1	Titan_Drums/Clap 1.wav	1000	4	1	8c630467-cc96-4a24-9721-25f774eac7f1	\N	\N	2023-05-29 22:56:26.606801	\N
109	Clap 3	Titan_Drums/Clap 3.wav	1000	4	1	5c787968-c2bf-442d-818c-06817feba1ba	\N	\N	2023-05-29 22:56:26.606801	\N
110	Clap 4	Titan_Drums/Clap 4.wav	1000	4	1	50098498-10b0-4613-82b6-3773ffbd1657	\N	\N	2023-05-29 22:56:26.606801	\N
111	Clap 5	Titan_Drums/Clap 5.wav	1000	4	1	9da13670-9c74-45e1-8249-1218bcc980b0	\N	\N	2023-05-29 22:56:26.606801	\N
64	Beat 22	Neural_Breaks/Beat 22_124bpm.wav	3871	2	1	49b04678-0f9b-4d70-b0f7-e1710581fca3	\N	{"sourceBPM":124,"anchors":{"0.012055555555555557":{"destination":0.012055555555555557,"pinned":false},"0.5342333333333333":{"destination":0.5342333333333333,"pinned":false},"2.0222333333333338":{"destination":2.0222333333333338,"pinned":false},"2.9481":{"destination":2.9481,"pinned":false},"3.014922222222223":{"destination":3.014922222222223,"pinned":false},"4.015877777777779":{"destination":4.015877777777779,"pinned":false},"4.9913444444444455":{"destination":4.9913444444444455,"pinned":false},"6.019166666666667":{"destination":6.019166666666667,"pinned":false},"6.518611111111111":{"destination":6.518611111111111,"pinned":false},"7.515433333333334":{"destination":7.515433333333334,"pinned":false},"8.000023611111112":{"destination":8.000023611111112,"pinned":false},"1.48561962":{"destination":1.48561962,"pinned":false},"1.7828083200529228":{"destination":1.7828083200529228,"pinned":false},"0.999219165":{"destination":0.999219165,"pinned":false},"0.7756950549999999":{"destination":0.7756950549999999,"pinned":false},"2.53179784":{"destination":2.53179784,"pinned":false},"3.5077793500000003":{"destination":3.5077793500000003,"pinned":false},"4.51253129":{"destination":4.51253129,"pinned":false},"4.79359626":{"destination":4.79359626,"pinned":false},"5.5261356699999995":{"destination":5.5261356699999995,"pinned":false},"5.780643319999999":{"destination":5.780643319999999,"pinned":false},"6.765108231111114":{"destination":6.765108231111114,"pinned":false},"6.995271671111113":{"destination":6.995271671111113,"pinned":false},"7.8384665811111125":{"destination":7.8384665811111125,"pinned":false}},"enabled":true}	2023-05-29 22:56:26.606801	124
91	Percussion Loop 01	Neural_Techno/Percussion Loop 01_124bpm.wav	3871	3	1	f52c026c-59bc-4af2-b393-f93fb5178763	\N	{"sourceBPM":124,"anchors":{"0.0003749055177626607":{"destination":0.0003749055177626607,"pinned":false},"0.5229931972789117":{"destination":0.5229931972789117,"pinned":false},"0.7509357520786092":{"destination":0.7509357520786092,"pinned":false},"0.9931247165532883":{"destination":0.9931247165532883,"pinned":false},"1.2420619803476949":{"destination":1.2420619803476949,"pinned":false},"1.4939984882842028":{"destination":1.4939984882842028,"pinned":false},"1.750433862433863":{"destination":1.750433862433863,"pinned":false},"2.0038699924414214":{"destination":2.0038699924414214,"pinned":false},"2.248308390022676":{"destination":2.248308390022676,"pinned":false},"2.4897475434618292":{"destination":2.4897475434618292,"pinned":false},"2.7416840513983383":{"destination":2.7416840513983383,"pinned":false},"2.994370370370371":{"destination":2.994370370370371,"pinned":false},"3.2373091458805745":{"destination":3.2373091458805745,"pinned":false},"3.4794981103552534":{"destination":3.4794981103552534,"pinned":false},"3.727685563114135":{"destination":3.727685563114135,"pinned":false},"3.978872260015118":{"destination":3.978872260015118,"pinned":false},"4.242805744520031":{"destination":4.242805744520031,"pinned":false},"4.487993953136811":{"destination":4.487993953136811,"pinned":false},"4.748178382464097":{"destination":4.748178382464097,"pinned":false},"4.991117157974301":{"destination":4.991117157974301,"pinned":false},"5.2445532879818595":{"destination":5.2445532879818595,"pinned":false},"5.499489040060468":{"destination":5.499489040060468,"pinned":false},"5.750675736961453":{"destination":5.750675736961453,"pinned":false},"6.007860922146636":{"destination":6.007860922146636,"pinned":false},"6.2500498866213166":{"destination":6.2500498866213166,"pinned":false},"6.500486772486772":{"destination":6.500486772486772,"pinned":false},"6.746424792139079":{"destination":6.746424792139079,"pinned":false},"6.998361300075586":{"destination":6.998361300075586,"pinned":false},"7.243549508692365":{"destination":7.243549508692365,"pinned":false},"7.485738473167046":{"destination":7.485738473167046,"pinned":false},"7.7361753590325035":{"destination":7.7361753590325035,"pinned":false},"8.000015117157977":{"destination":8.000015117157977,"pinned":false},"0.23318438":{"destination":0.23318438,"pinned":false}},"enabled":true}	2023-05-29 22:56:26.606801	124
113	Clap 7	Titan_Drums/Clap 7.wav	1000	4	1	02b9d230-1677-4d99-876e-d3f5e7b3db17	\N	\N	2023-05-29 22:56:26.606801	\N
114	Clap 8	Titan_Drums/Clap 8.wav	1000	4	1	2d9be1d6-af9e-46cb-be2f-e39a7611356c	\N	\N	2023-05-29 22:56:26.606801	\N
115	Closed Hat 1	Titan_Drums/Closed Hat 1.wav	1000	4	1	00a0e239-3649-4cd8-b984-794ad140aac7	\N	\N	2023-05-29 22:56:26.606801	\N
116	Closed Hat 2	Titan_Drums/Closed Hat 2.wav	1000	4	1	9a2f4756-4003-4e84-83a5-44e19ca7b6d0	\N	\N	2023-05-29 22:56:26.606801	\N
117	Closed Hat 3	Titan_Drums/Closed Hat 3.wav	1000	4	1	4cff0b20-3be4-456f-aa7f-76f9b71f5645	\N	\N	2023-05-29 22:56:26.606801	\N
119	Closed Hat 5	Titan_Drums/Closed Hat 5.wav	1000	4	1	110aa9a9-4ec9-42cd-9095-ba136830e2ae	\N	\N	2023-05-29 22:56:26.606801	\N
120	Closed Hat 6	Titan_Drums/Closed Hat 6.wav	1000	4	1	1cc1e05c-14a6-4c46-84bc-28d32e9092a0	\N	\N	2023-05-29 22:56:26.606801	\N
121	Closed Hat 7	Titan_Drums/Closed Hat 7.wav	1000	4	1	b4d5cb30-6122-4b76-a290-3ea079c2fe24	\N	\N	2023-05-29 22:56:26.606801	\N
122	Closed Hat 8	Titan_Drums/Closed Hat 8.wav	1000	4	1	30e07101-ad0f-420a-862b-400a79ade8a0	\N	\N	2023-05-29 22:56:26.606801	\N
123	FX 1	Titan_Drums/FX 1.wav	1000	4	1	f7b0818d-f0ab-47ea-a0fd-552954b5e035	\N	\N	2023-05-29 22:56:26.606801	\N
125	FX 3	Titan_Drums/FX 3.wav	1000	4	1	b3e3a173-9311-4be6-98b9-a7ef037045b7	\N	\N	2023-05-29 22:56:26.606801	\N
126	FX 4	Titan_Drums/FX 4.wav	1000	4	1	9d2aa83f-36fb-4090-8bf8-4638eb7ed12b	\N	\N	2023-05-29 22:56:26.606801	\N
127	FX 5	Titan_Drums/FX 5.wav	1000	4	1	30d4d7d6-9828-40a8-88d6-c19b11486e77	\N	\N	2023-05-29 22:56:26.606801	\N
129	FX 7	Titan_Drums/FX 7.wav	1000	4	1	5d81022a-b3d6-4418-87b5-f03be5cbc0b5	\N	\N	2023-05-29 22:56:26.606801	\N
42	Beat 11	Neural_Breaks/Beat 11_124bpm.wav	3871	2	1	da0c0345-50d4-45e9-b913-a4ccdad10e48	\N	{"sourceBPM":124,"anchors":{"0.029966666666666666":{"destination":0.029966666666666666,"pinned":false},"0.25041111111111114":{"destination":0.25041111111111114,"pinned":false},"0.5301":{"destination":0.5301,"pinned":false},"1.0047444444444447":{"destination":1.0047444444444447,"pinned":false},"1.5014333333333338":{"destination":1.5014333333333338,"pinned":false},"1.7783666666666669":{"destination":1.7783666666666669,"pinned":false},"2.751077777777778":{"destination":2.751077777777778,"pinned":false},"3.3504111111111112":{"destination":3.3504111111111112,"pinned":false},"3.825055555555556":{"destination":3.825055555555556,"pinned":false},"4.028966666666667":{"destination":4.028966666666667,"pinned":false},"4.498788888888889":{"destination":4.498788888888889,"pinned":false},"4.767455555555556":{"destination":4.767455555555556,"pinned":false},"5.526611111111112":{"destination":5.526611111111112,"pinned":false},"5.749122222222223":{"destination":5.749122222222223,"pinned":false},"6.3057444444444455":{"destination":6.3057444444444455,"pinned":false},"6.745944444444445":{"destination":6.745944444444445,"pinned":false},"7.546433333333335":{"destination":7.546433333333335,"pinned":false},"7.825433333333335":{"destination":7.825433333333335,"pinned":false},"8.00002361111111":{"destination":8.00002361111111,"pinned":false},"0.71881992":{"destination":0.71881992,"pinned":false},"1.998014985":{"destination":1.998014985,"pinned":false},"2.483282565":{"destination":2.483282565,"pinned":false},"1.9367515150077819":{"destination":1.9367515150077819,"pinned":false},"3.5034116":{"destination":3.5034116,"pinned":false},"4.95685398":{"destination":4.95685398,"pinned":false},"5.18883664":{"destination":5.18883664,"pinned":false},"5.97947142":{"destination":5.97947142,"pinned":false},"6.51445184":{"destination":6.51445184,"pinned":false},"7.2672119":{"destination":7.2672119,"pinned":false},"6.991872679999999":{"destination":6.991872679999999,"pinned":false}},"enabled":true}	2023-05-29 22:56:26.606801	124
173	tryin it out	generated/76/tryin it out-95fe22c7-a9c7-442a-aa88-7b567842f4a0.wav	5122	\N	76	95fe22c7-a9c7-442a-aa88-7b567842f4a0	\N	\N	2023-05-29 22:56:26.606801	\N
203	heavy acoustic breakbeat	generated/1/heavy acoustic breakbeat-ff669252-b613-423c-a1b2-43475c9d128a.wav	5122	\N	1	ff669252-b613-423c-a1b2-43475c9d128a	\N	\N	2023-05-29 22:56:26.606801	\N
205	trying it out	generated/76/trying it out-200fd6d1-48e6-4f45-98fc-776f9c036ae4.wav	5122	\N	76	200fd6d1-48e6-4f45-98fc-776f9c036ae4	\N	\N	2023-05-29 22:56:26.606801	\N
242	funky beat	generated/1/funky beat-011f52d2-c173-470b-9f6c-7732d54c8ad3.wav	5122	\N	1	011f52d2-c173-470b-9f6c-7732d54c8ad3	\N	\N	2023-05-29 22:56:26.606801	\N
9	Kick Hot 24	Torn80/Kick Hot 24.wav	484	1	1	422b50bd-1cce-4457-bc8c-2f710f12b639	\N	\N	2023-05-29 22:56:26.606801	\N
99	Percussion Loop 09	Neural_Techno/Percussion Loop 09_124bpm.wav	3871	3	1	cc2bfd35-68ed-46bc-bf15-414072a973c6	\N	{"sourceBPM":124,"anchors":{"0.0041239606953892664":{"destination":0.0041239606953892664,"pinned":false},"0.24406349206349204":{"destination":0.24406349206349204,"pinned":false},"1.2525593348450492":{"destination":1.2525593348450492,"pinned":false},"3.504991685563114":{"destination":3.504991685563114,"pinned":false},"5.216810279667422":{"destination":5.216810279667422,"pinned":false},"7.472991685563113":{"destination":7.472991685563113,"pinned":false},"8.000015117157973":{"destination":8.000015117157973,"pinned":false},"2.48431051":{"destination":2.48431051,"pinned":false},"4.51122089":{"destination":4.51122089,"pinned":false},"7.21077852":{"destination":7.21077852,"pinned":false},"6.22422922":{"destination":6.22422922,"pinned":false},"5.95517032":{"destination":5.95517032,"pinned":false},"3.73991871":{"destination":3.73991871,"pinned":false},"0.46636876":{"destination":0.46636876,"pinned":false},"6.49328812":{"destination":6.49328812,"pinned":false}},"enabled":true}	2023-05-29 22:56:26.606801	124
100	Percussion Loop 10	Neural_Techno/Percussion Loop 10_124bpm.wav	3871	3	1	7fc4ca93-e62d-4f2c-91ca-ee73fdc0a944	\N	{"sourceBPM":124,"anchors":{"0":{"destination":0,"pinned":false},"1.503746031746032":{"destination":1.503746031746032,"pinned":false},"1.8044202569916856":{"destination":1.8044202569916856,"pinned":false},"2.0053696145124724":{"destination":2.0053696145124724,"pinned":false},"3.2568042328042335":{"destination":3.2568042328042335,"pinned":false},"3.504241874527589":{"destination":3.504241874527589,"pinned":false},"3.7591776266061983":{"destination":3.7591776266061983,"pinned":false},"4.000616780045352":{"destination":4.000616780045352,"pinned":false},"5.752175359032502":{"destination":5.752175359032502,"pinned":false},"5.997363567649283":{"destination":5.997363567649283,"pinned":false},"7.4962358276644":{"destination":7.4962358276644,"pinned":false},"7.751171579743009":{"destination":7.751171579743009,"pinned":false},"8.000015117157973":{"destination":8.000015117157973,"pinned":false}},"enabled":true}	2023-05-29 22:56:26.606801	124
103	Percussion Loop 13	Neural_Techno/Percussion Loop 13_124bpm.wav	3871	3	1	b4ee940c-0e25-487a-8e25-151b412904d8	\N	{"sourceBPM":124,"anchors":{"0.02211942554799698":{"destination":0.02211942554799698,"pinned":false},"0.2200695389266818":{"destination":0.2200695389266818,"pinned":false},"0.46525774754346183":{"destination":0.46525774754346183,"pinned":false},"0.7186938775510205":{"destination":0.7186938775510205,"pinned":false},"0.9653817082388512":{"destination":0.9653817082388512,"pinned":false},"1.221817082388511":{"destination":1.221817082388511,"pinned":false},"1.4632562358276646":{"destination":1.4632562358276646,"pinned":false},"1.7099440665154952":{"destination":1.7099440665154952,"pinned":false},"1.9558820861678006":{"destination":1.9558820861678006,"pinned":false},"2.4537566137566142":{"destination":2.4537566137566142,"pinned":false},"2.972625850340136":{"destination":2.972625850340136,"pinned":false},"4.221811035525322":{"destination":4.221811035525322,"pinned":false},"7.724178382464098":{"destination":7.724178382464098,"pinned":false},"8.000015117157977":{"destination":8.000015117157977,"pinned":false},"3.71301282":{"destination":3.71301282,"pinned":false}},"enabled":true}	2023-05-29 22:56:26.606801	124
95	Percussion Loop 05	Neural_Techno/Percussion Loop 05_124bpm.wav	3871	3	1	d68d78dd-bf53-4275-9ccf-190d3f87bd09	\N	{"sourceBPM":124,"anchors":{"0.0018745275888133032":{"destination":0.0018745275888133032,"pinned":false},"0.23581557067271355":{"destination":0.23581557067271355,"pinned":false},"0.5019984882842027":{"destination":0.5019984882842027,"pinned":false},"0.7449372637944067":{"destination":0.7449372637944067,"pinned":false},"0.9781284958427817":{"destination":0.9781284958427817,"pinned":false},"1.2255661375661375":{"destination":1.2255661375661375,"pinned":false},"3.97512320483749":{"destination":3.97512320483749,"pinned":false},"4.233808012093727":{"destination":4.233808012093727,"pinned":false},"4.47674678760393":{"destination":4.47674678760393,"pinned":false},"4.734681783824641":{"destination":4.734681783824641,"pinned":false},"4.9933665910808775":{"destination":4.9933665910808775,"pinned":false},"5.2475525321239616":{"destination":5.2475525321239616,"pinned":false},"5.754424792139078":{"destination":5.754424792139078,"pinned":false},"8.000015117157973":{"destination":8.000015117157973,"pinned":false},"7.24665304":{"destination":7.24665304,"pinned":false},"6.49328812":{"destination":6.49328812,"pinned":false},"2.98655379":{"destination":2.98655379,"pinned":false},"2.19731435":{"destination":2.19731435,"pinned":false},"1.95516134":{"destination":1.95516134,"pinned":false},"2.41256147":{"destination":2.41256147,"pinned":false},"1.46188669":{"destination":1.46188669,"pinned":false},"3.72198145":{"destination":3.72198145,"pinned":false},"6.009509261770246":{"destination":6.009509261770246,"pinned":false},"6.253577778719398":{"destination":6.253577778719398,"pinned":false},"6.747138557438796":{"destination":6.747138557438796,"pinned":false},"7.008759810000001":{"destination":7.008759810000001,"pinned":false},"2.7513989100000003":{"destination":2.7513989100000003,"pinned":false},"1.7601327900000001":{"destination":1.7601327900000001,"pinned":false},"5.49008928":{"destination":5.49008928,"pinned":false}},"enabled":true}	2023-05-29 22:56:26.606801	124
232	dope gangster rap	generated/76/dope gangster rap-160e1de7-ae4d-4b2d-be01-f93b3667fa1c.wav	5122	\N	76	160e1de7-ae4d-4b2d-be01-f93b3667fa1c	\N	\N	2023-05-29 22:56:26.606801	\N
234	rap freestyle acapella	generated/76/rap freestyle acapella-40de817a-6408-4af6-9a06-44807183a910.wav	5122	\N	76	40de817a-6408-4af6-9a06-44807183a910	\N	\N	2023-05-29 22:56:26.606801	\N
79	Beat 07	Neural_Techno/Beat 07_124bpm.wav	3871	3	1	4f4dabf5-a247-4791-a09e-4f8d148581b1	\N	{"sourceBPM":124,"anchors":{"0.0018745275888133032":{"destination":0.0018745275888133032,"pinned":false},"0.4855026455026455":{"destination":0.4855026455026455,"pinned":false},"2.716190476190477":{"destination":2.716190476190477,"pinned":false},"3.9728737717309155":{"destination":3.9728737717309155,"pinned":false},"5.012861678004536":{"destination":5.012861678004536,"pinned":false},"5.703437641723356":{"destination":5.703437641723356,"pinned":false},"7.4999848828420275":{"destination":7.4999848828420275,"pinned":false},"8.000015117157973":{"destination":8.000015117157973,"pinned":false},"1.47982395":{"destination":1.47982395,"pinned":false}},"enabled":true}	2023-05-29 22:56:26.606801	124
60	Beat 20	Neural_Breaks/Beat 20_124bpm.wav	3871	2	1	b720c17a-33e8-4f49-87eb-3f2311458844	\N	{"sourceBPM":124,"anchors":{"0.0031000000000000003":{"destination":0.0031000000000000003,"pinned":false},"0.5011666666666668":{"destination":0.5011666666666668,"pinned":false},"1.0123222222222226":{"destination":1.0123222222222226,"pinned":false},"1.5014333333333336":{"destination":1.5014333333333336,"pinned":false},"1.7790555555555558":{"destination":1.7790555555555558,"pinned":false},"1.958166666666667":{"destination":1.958166666666667,"pinned":false},"2.3239666666666667":{"destination":2.3239666666666667,"pinned":false},"2.9915000000000007":{"destination":2.9915000000000007,"pinned":false},"3.5247":{"destination":3.5247,"pinned":false},"4.0021":{"destination":4.0021,"pinned":false},"4.494655555555556":{"destination":4.494655555555556,"pinned":false},"5.0003":{"destination":5.0003,"pinned":false},"5.49698888888889":{"destination":5.49698888888889,"pinned":false},"6.009522222222222":{"destination":6.009522222222222,"pinned":false},"6.281633333333334":{"destination":6.281633333333334,"pinned":false},"6.993255555555557":{"destination":6.993255555555557,"pinned":false},"7.333566666666667":{"destination":7.333566666666667,"pinned":false},"7.859877777777779":{"destination":7.859877777777779,"pinned":false},"8.00002361111111":{"destination":8.00002361111111,"pinned":false},"2.52485588":{"destination":2.52485588,"pinned":false},"3.2781278":{"destination":3.2781278,"pinned":false},"7.503196960033538":{"destination":7.503196960033538,"pinned":false},"6.459653680033538":{"destination":6.459653680033538,"pinned":false},"4.818866291077375":{"destination":4.818866291077375,"pinned":false}},"enabled":true}	2023-05-29 22:56:26.606801	124
52	Beat 16	Neural_Breaks/Beat 16_124bpm_B.wav	3871	2	1	52d7cbef-2f25-4f5c-a04c-3a5fb705e9cb	\N	{"sourceBPM":124,"anchors":{"0":{"destination":0,"pinned":false},"1.0013000000000003":{"destination":1.0013000000000003,"pinned":false},"1.9871000000000003":{"destination":1.9871000000000003,"pinned":false},"2.484477777777778":{"destination":2.484477777777778,"pinned":false},"3.001833333333334":{"destination":3.001833333333334,"pinned":false},"3.5074777777777784":{"destination":3.5074777777777784,"pinned":false},"3.9993444444444455":{"destination":3.9993444444444455,"pinned":false},"4.995477777777778":{"destination":4.995477777777778,"pinned":false},"5.837300000000001":{"destination":5.837300000000001,"pinned":false},"6.0040111111111125":{"destination":6.0040111111111125,"pinned":false},"7.004966666666669":{"destination":7.004966666666669,"pinned":false},"7.959077777777778":{"destination":7.959077777777778,"pinned":false},"8.00002361111111":{"destination":8.00002361111111,"pinned":false},"0.5021337947269304":{"destination":0.5021337947269304,"pinned":false},"6.50677248":{"destination":6.50677248,"pinned":false},"7.5234556800000005":{"destination":7.5234556800000005,"pinned":false},"4.498823160000001":{"destination":4.498823160000001,"pinned":false},"1.49325345":{"destination":1.49325345,"pinned":false},"1.842095919970883":{"destination":1.842095919970883,"pinned":false}},"enabled":true}	2023-05-29 22:56:26.606801	124
38	Beat 09	Neural_Breaks/Beat 09_124bpm.wav	3871	2	1	8da40fe7-5d16-4758-855f-f181023268b6	\N	{"sourceBPM":124,"anchors":{"0":{"destination":0,"pinned":false},"0.35374444444444453":{"destination":0.35374444444444453,"pinned":false},"0.5039222222222223":{"destination":0.5039222222222223,"pinned":false},"0.990277777777778":{"destination":0.990277777777778,"pinned":false},"1.4938555555555557":{"destination":1.4938555555555557,"pinned":false},"2.4893000000000005":{"destination":2.4893000000000005,"pinned":false},"3.889811111111112":{"destination":3.889811111111112,"pinned":false},"4.003477777777778":{"destination":4.003477777777778,"pinned":false},"5.005811111111111":{"destination":5.005811111111111,"pinned":false},"5.516277777777779":{"destination":5.516277777777779,"pinned":false},"6.002633333333335":{"destination":6.002633333333335,"pinned":false},"6.4917444444444445":{"destination":6.4917444444444445,"pinned":false},"7.008411111111112":{"destination":7.008411111111112,"pinned":false},"7.495455555555557":{"destination":7.495455555555557,"pinned":false},"7.983188888888889":{"destination":7.983188888888889,"pinned":false},"8.00002361111111":{"destination":8.00002361111111,"pinned":false},"1.95711516":{"destination":1.95711516,"pinned":false},"1.81096695":{"destination":1.81096695,"pinned":false},"2.9928611700000003":{"destination":2.9928611700000003,"pinned":false},"3.50755704":{"destination":3.50755704,"pinned":false},"4.47976035":{"destination":4.47976035,"pinned":false},"5.3375868":{"destination":5.3375868,"pinned":false},"6.82448598":{"destination":6.82448598,"pinned":false}},"enabled":true}	2023-05-29 22:56:26.606801	124
81	Beat 09	Neural_Techno/Beat 09_124bpm.wav	3871	3	1	b9f154fb-a04d-453c-8a8e-e55e82b5e4c7	\N	{"sourceBPM":124,"anchors":{"0":{"destination":0,"pinned":false},"1.2413121693121696":{"destination":1.2413121693121696,"pinned":false},"3.001118669690099":{"destination":3.001118669690099,"pinned":false},"4.210563869992441":{"destination":4.210563869992441,"pinned":false},"6.008610733182162":{"destination":6.008610733182162,"pinned":false},"7.018606198034768":{"destination":7.018606198034768,"pinned":false},"8.000015117157973":{"destination":8.000015117157973,"pinned":false},"1.76682011":{"destination":1.76682011,"pinned":false},"3.78476186":{"destination":3.78476186,"pinned":false},"4.45740911":{"destination":4.45740911,"pinned":false},"6.26010374":{"destination":6.26010374,"pinned":false},"7.69508454":{"destination":7.69508454,"pinned":false}},"enabled":true}	2023-05-29 22:56:26.606801	124
82	Beat 10	Neural_Techno/Beat 10_124bpm.wav	3871	3	1	626de065-a14f-49d5-9625-f7555a9c4958	\N	{"sourceBPM":124,"anchors":{"0.025868480725623578":{"destination":0.025868480725623578,"pinned":false},"0.49749962207105064":{"destination":0.49749962207105064,"pinned":false},"0.9961239606953893":{"destination":0.9961239606953893,"pinned":false},"1.4887498110355248":{"destination":1.4887498110355248,"pinned":false},"2.4837490551776265":{"destination":2.4837490551776265,"pinned":false},"2.9928707482993193":{"destination":2.9928707482993193,"pinned":false},"3.481747543461829":{"destination":3.481747543461829,"pinned":false},"4.0021164021164015":{"destination":4.0021164021164015,"pinned":false},"4.505989417989418":{"destination":4.505989417989418,"pinned":false},"5.005363567649282":{"destination":5.005363567649282,"pinned":false},"6.9893635676492805":{"destination":6.9893635676492805,"pinned":false},"7.999968253968253":{"destination":7.999968253968253,"pinned":false},"1.96411683":{"destination":1.96411683,"pinned":false},"5.94616191":{"destination":5.94616191,"pinned":false},"5.40804771":{"destination":5.40804771,"pinned":false},"7.69503306":{"destination":7.69503306,"pinned":false},"6.5470561":{"destination":6.5470561,"pinned":false}},"enabled":true}	2023-05-29 22:56:26.606801	124
77	Beat 05	Neural_Techno/Beat 05_124bpm.wav	3871	3	1	539c0e6d-723c-4b77-b47f-b9aefdb60d67	\N	{"sourceBPM":124,"anchors":{"0":{"destination":0,"pinned":false},"1.5074950869236583":{"destination":1.5074950869236583,"pinned":false},"1.9686288737717312":{"destination":1.9686288737717312,"pinned":false},"3.5027422524565384":{"destination":3.5027422524565384,"pinned":false},"3.994618291761149":{"destination":3.994618291761149,"pinned":false},"4.670198034769464":{"destination":4.670198034769464,"pinned":false},"5.281294028722601":{"destination":5.281294028722601,"pinned":false},"6.012359788359788":{"destination":6.012359788359788,"pinned":false},"6.765170068027211":{"destination":6.765170068027211,"pinned":false},"7.508232804232805":{"destination":7.508232804232805,"pinned":false},"8.000015117157977":{"destination":8.000015117157977,"pinned":false},"5.6502369":{"destination":5.6502369,"pinned":false}},"enabled":true}	2023-05-29 22:56:26.606801	124
78	Beat 06	Neural_Techno/Beat 06_124bpm.wav	3871	3	1	d10ac62f-4087-4894-ba0c-a5f4efa6ffb5	\N	{"sourceBPM":124,"anchors":{"0":{"destination":0,"pinned":false},"0.5064973544973546":{"destination":0.5064973544973546,"pinned":false},"1.0036220710506425":{"destination":1.0036220710506425,"pinned":false},"2.0151171579743012":{"destination":2.0151171579743012,"pinned":false},"2.557230536659108":{"destination":2.557230536659108,"pinned":false},"3.0078669690098265":{"destination":3.0078669690098265,"pinned":false},"3.2852970521541955":{"destination":3.2852970521541955,"pinned":false},"3.5087407407407416":{"destination":3.5087407407407416,"pinned":false},"4.0088647014361305":{"destination":4.0088647014361305,"pinned":false},"4.998615268329554":{"destination":4.998615268329554,"pinned":false},"6.968368858654573":{"destination":6.968368858654573,"pinned":false},"8.000015117157973":{"destination":8.000015117157973,"pinned":false},"5.516255911108929":{"destination":5.516255911108929,"pinned":false},"5.992791107618339":{"destination":5.992791107618339,"pinned":false},"6.476546534377891":{"destination":6.476546534377891,"pinned":false},"7.494598999647995":{"destination":7.494598999647995,"pinned":false},"1.5162483525299413":{"destination":1.5162483525299413,"pinned":false},"4.548745057589824":{"destination":4.548745057589824,"pinned":false}},"enabled":true}	2023-05-29 22:56:26.606801	124
85	Beat 12	Neural_Techno/Beat 12_124bpm.wav	3871	3	1	5e17dd09-dcaa-4151-ab90-db4051249f19	\N	{"sourceBPM":124,"anchors":{"0.024368858654572938":{"destination":0.024368858654572938,"pinned":false},"0.4855026455026456":{"destination":0.4855026455026456,"pinned":false},"0.9631322751322752":{"destination":0.9631322751322752,"pinned":false},"1.4939984882842028":{"destination":1.4939984882842028,"pinned":false},"1.991873015873016":{"destination":1.991873015873016,"pinned":false},"2.51374149659864":{"destination":2.51374149659864,"pinned":false},"3.001118669690099":{"destination":3.001118669690099,"pinned":false},"3.524486772486773":{"destination":3.524486772486773,"pinned":false},"4.248054421768708":{"destination":4.248054421768708,"pinned":false},"4.840405139833711":{"destination":4.840405139833711,"pinned":false},"5.013611489040061":{"destination":5.013611489040061,"pinned":false},"5.492740740740741":{"destination":5.492740740740741,"pinned":false},"6.011609977324264":{"destination":6.011609977324264,"pinned":false},"6.2433015873015885":{"destination":6.2433015873015885,"pinned":false},"6.526730158730159":{"destination":6.526730158730159,"pinned":false},"7.017856386999246":{"destination":7.017856386999246,"pinned":false},"7.50598337112623":{"destination":7.50598337112623,"pinned":false},"8.000015117157973":{"destination":8.000015117157973,"pinned":false},"3.92825994":{"destination":3.92825994,"pinned":false},"2.742640707542022":{"destination":2.742640707542022,"pinned":false},"2.2554094070617774":{"destination":2.2554094070617774,"pinned":false},"3.265235570153897":{"destination":3.265235570153897,"pinned":false},"4.491172390717093":{"destination":4.491172390717093,"pinned":false},"6.754440367141455":{"destination":6.754440367141455,"pinned":false},"7.261318091028161":{"destination":7.261318091028161,"pinned":false}},"enabled":true}	2023-05-29 22:56:26.606801	124
71	Beat 26	Neural_Breaks/Beat 26_124bpm.wav	1936	2	1	9bb58a45-4afa-4341-bc19-672037be141c	\N	{"sourceBPM":124,"anchors":{"0.015500000000000002":{"destination":0.015500000000000002,"pinned":false},"0.25385555555555556":{"destination":0.25385555555555556,"pinned":false},"0.49496666666666667":{"destination":0.49496666666666667,"pinned":false},"0.7202333333333335":{"destination":0.7202333333333335,"pinned":false},"1.2217444444444445":{"destination":1.2217444444444445,"pinned":false},"1.4842111111111111":{"destination":1.4842111111111111,"pinned":false},"1.6867444444444446":{"destination":1.6867444444444446,"pinned":false},"1.9781444444444447":{"destination":1.9781444444444447,"pinned":false},"2.245433333333333":{"destination":2.245433333333333,"pinned":false},"2.5017000000000005":{"destination":2.5017000000000005,"pinned":false},"2.755211111111112":{"destination":2.755211111111112,"pinned":false},"2.996322222222222":{"destination":2.996322222222222,"pinned":false},"3.51298888888889":{"destination":3.51298888888889,"pinned":false},"3.7713222222222225":{"destination":3.7713222222222225,"pinned":false},"3.9999902777777776":{"destination":3.9999902777777776,"pinned":false},"0.9785529599999999":{"destination":0.9785529599999999,"pinned":false},"3.24701664":{"destination":3.24701664,"pinned":false}},"enabled":true}	2023-05-29 22:56:26.606801	124
314	deep house with several distinct punchy bass notes	generated/1/deep house with several distinct punchy bass notes-1f870ffc-b567-4399-941e-de29aa65db12.wav	5000	\N	1	1f870ffc-b567-4399-941e-de29aa65db12	\N	\N	2023-05-29 22:56:26.606801	\N
315	deep house with several distinct punchy bass notes	generated/1/deep house with several distinct punchy bass notes-e247e612-56a7-4a55-8d9b-8ad2942934f4.wav	5000	\N	1	e247e612-56a7-4a55-8d9b-8ad2942934f4	\N	\N	2023-05-29 22:56:26.606801	\N
316	deep house	generated/1/deep house-3a82f834-3079-47fb-844b-a01eb3e5a186.wav	5000	\N	1	3a82f834-3079-47fb-844b-a01eb3e5a186	\N	\N	2023-05-29 22:56:26.606801	\N
317	house music with several distinct punchy bass notes	generated/1/house music with several distinct punchy bass notes-f3ddc0ee-f7c8-425d-8c02-cf9db0d11306.wav	5000	\N	1	f3ddc0ee-f7c8-425d-8c02-cf9db0d11306	\N	\N	2023-05-29 22:56:26.606801	\N
318	house music with several distinct punchy bass notes	generated/1/house music with several distinct punchy bass notes-08543e80-a116-4258-b8f1-f96045a0986b.wav	5000	\N	1	08543e80-a116-4258-b8f1-f96045a0986b	\N	\N	2023-05-29 22:56:26.606801	\N
319	house music with several distinct punchy bass notes	generated/1/house music with several distinct punchy bass notes-9e7ddf00-8509-4157-95b8-6f56390b07df.wav	5000	\N	1	9e7ddf00-8509-4157-95b8-6f56390b07df	\N	\N	2023-05-29 22:56:26.606801	\N
320	house music with several distinct punchy bass notes	generated/1/house music with several distinct punchy bass notes-2950b78f-9468-453c-ac00-82f8ea13fbe5.wav	5000	\N	1	2950b78f-9468-453c-ac00-82f8ea13fbe5	\N	\N	2023-05-29 22:56:26.606801	\N
321	house music	generated/1/house music-2b889286-2f18-4c0e-9804-70cb6a01cdb2.wav	5000	\N	1	2b889286-2f18-4c0e-9804-70cb6a01cdb2	\N	\N	2023-05-29 22:56:26.606801	\N
118	Closed Hat 4	Titan_Drums/Closed Hat 4.wav	1000	4	1	1a6f7222-c626-45c7-9977-5e6b8dd7170b	\N	\N	2023-05-29 22:56:26.606801	\N
137	Kick 7	Titan_Drums/Kick 7.wav	1000	4	1	28c9c0b2-de70-4d02-8d4f-40e5298ce1ec	\N	\N	2023-05-29 22:56:26.606801	\N
69	Beat 25	Neural_Breaks/Beat 25_124bpm.wav	3871	2	1	04a1efb1-1b27-42f9-a5e4-7dd1d17a4ed2	\N	{"sourceBPM":124,"anchors":{"0.0010333333333333334":{"destination":0.0010333333333333334,"pinned":false},"0.2779666666666667":{"destination":0.2779666666666667,"pinned":false},"0.9971666666666668":{"destination":0.9971666666666668,"pinned":false},"1.5544777777777778":{"destination":1.5544777777777778,"pinned":false},"1.8004111111111112":{"destination":1.8004111111111112,"pinned":false},"2.0635666666666665":{"destination":2.0635666666666665,"pinned":false},"2.5037666666666674":{"destination":2.5037666666666674,"pinned":false},"2.7249000000000008":{"destination":2.7249000000000008,"pinned":false},"2.999077777777778":{"destination":2.999077777777778,"pinned":false},"3.485433333333334":{"destination":3.485433333333334,"pinned":false},"4.250788888888889":{"destination":4.250788888888889,"pinned":false},"5.0003":{"destination":5.0003,"pinned":false},"5.815255555555557":{"destination":5.815255555555557,"pinned":false},"6.279566666666668":{"destination":6.279566666666668,"pinned":false},"7.001522222222222":{"destination":7.001522222222222,"pinned":false},"7.999980555555555":{"destination":7.999980555555555,"pinned":false},"0.5021310922787194":{"destination":0.5021310922787194,"pinned":false},"3.741488992467044":{"destination":3.741488992467044,"pinned":false},"4.519179830508476":{"destination":4.519179830508476,"pinned":false},"5.511194915254238":{"destination":5.511194915254238,"pinned":false},"7.49163717":{"destination":7.49163717,"pinned":false},"6.47496037":{"destination":6.47496037,"pinned":false},"6.773609179999999":{"destination":6.773609179999999,"pinned":false},"7.7521606":{"destination":7.7521606,"pinned":false},"7.89830789":{"destination":7.89830789,"pinned":false}},"enabled":true}	2023-05-29 22:56:26.606801	124
20	Beat 02	Neural_Breaks/Beat 02_124bpm_F#.wav	3871	2	1	31ffdf4a-96d5-451e-861a-094fc1b5de56	\N	{"sourceBPM":124,"anchors":{"0":{"destination":0,"pinned":false},"0.5163222222222222":{"destination":0.5163222222222222,"pinned":false},"0.9992333333333335":{"destination":0.9992333333333335,"pinned":false},"2.0098333333333334":{"destination":2.0098333333333334,"pinned":false},"2.5003222222222226":{"destination":2.5003222222222226,"pinned":false},"2.999077777777778":{"destination":2.999077777777778,"pinned":false},"3.513677777777778":{"destination":3.513677777777778,"pinned":false},"4.005544444444444":{"destination":4.005544444444444,"pinned":false},"4.5063666666666675":{"destination":4.5063666666666675,"pinned":false},"5.006500000000002":{"destination":5.006500000000002,"pinned":false},"5.501122222222223":{"destination":5.501122222222223,"pinned":false},"5.9861":{"destination":5.9861,"pinned":false},"6.494500000000002":{"destination":6.494500000000002,"pinned":false},"6.988433333333334":{"destination":6.988433333333334,"pinned":false},"7.496833333333337":{"destination":7.496833333333337,"pinned":false},"8.00002361111111":{"destination":8.00002361111111,"pinned":false},"1.519423223893372":{"destination":1.519423223893372,"pinned":false},"1.8507616216271299":{"destination":1.8507616216271299,"pinned":false},"5.760554714885465":{"destination":5.760554714885465,"pinned":false}},"enabled":true}	2023-05-29 22:56:26.606801	124
124	FX 2	Titan_Drums/FX 2.wav	1000	4	1	d89c6e3e-e140-4f95-bd13-38e685a12e7c	\N	\N	2023-05-29 22:56:26.606801	\N
151	Snare 5	Titan_Drums/Snare 5.wav	1000	4	1	04f00152-a684-4c7e-8773-c5cd5c9df3ba	\N	\N	2023-05-29 22:56:26.606801	\N
128	FX 6	Titan_Drums/FX 6.wav	1000	4	1	97e3d098-ee92-4a91-b733-e401ff48870a	\N	\N	2023-05-29 22:56:26.606801	\N
23	Beat 03	Neural_Breaks/Beat 03_124bpm.wav	1936	2	1	04a7d167-69e2-4b2a-945c-3a2bec85a288	\N	{"sourceBPM":124,"anchors":{"0.010677777777777779":{"destination":0.010677777777777779,"pinned":false},"0.48256666666666675":{"destination":0.48256666666666675,"pinned":false},"0.7443444444444446":{"destination":0.7443444444444446,"pinned":false},"1.4835222222222224":{"destination":1.4835222222222224,"pinned":false},"2.0001888888888892":{"destination":2.0001888888888892,"pinned":false},"2.4899888888888895":{"destination":2.4899888888888895,"pinned":false},"2.9970111111111115":{"destination":2.9970111111111115,"pinned":false},"3.7547888888888896":{"destination":3.7547888888888896,"pinned":false},"4.0000333333333336":{"destination":4.0000333333333336,"pinned":false}},"enabled":true}	2023-05-29 22:56:26.606801	124
26	Beat 04	Neural_Breaks/Beat 04_124bpm.wav	3871	2	1	f9e4b69f-6fde-4882-9e7f-3dd40e6c0cca	\N	{"sourceBPM":124,"anchors":{"0.0024111111111111113":{"destination":0.0024111111111111113,"pinned":false},"1.0013000000000003":{"destination":1.0013000000000003,"pinned":false},"2.503077777777778":{"destination":2.503077777777778,"pinned":false},"3.0059666666666667":{"destination":3.0059666666666667,"pinned":false},"4.004166666666667":{"destination":4.004166666666667,"pinned":false},"4.502922222222222":{"destination":4.502922222222222,"pinned":false},"5.003055555555557":{"destination":5.003055555555557,"pinned":false},"5.501122222222223":{"destination":5.501122222222223,"pinned":false},"5.997811111111112":{"destination":5.997811111111112,"pinned":false},"6.500011111111111":{"destination":6.500011111111111,"pinned":false},"7.002900000000001":{"destination":7.002900000000001,"pinned":false},"7.839900000000001":{"destination":7.839900000000001,"pinned":false},"7.999980555555555":{"destination":7.999980555555555,"pinned":false},"0.46385878999999997":{"destination":0.46385878999999997,"pinned":false},"1.98251976":{"destination":1.98251976,"pinned":false},"1.4678271299999999":{"destination":1.4678271299999999,"pinned":false},"3.5011807299999997":{"destination":3.5011807299999997,"pinned":false},"6.741838029999999":{"destination":6.741838029999999,"pinned":false},"7.4979914":{"destination":7.4979914,"pinned":false}},"enabled":true}	2023-05-29 22:56:26.606801	124
29	Beat 05	Neural_Breaks/Beat 05_124bpm_C#.wav	3871	2	1	35c5430d-6445-47dc-91ed-66bc92787ff8	\N	{"sourceBPM":124,"anchors":{"0.0010333333333333334":{"destination":0.0010333333333333334,"pinned":false},"0.2779666666666667":{"destination":0.2779666666666667,"pinned":false},"0.9971666666666668":{"destination":0.9971666666666668,"pinned":false},"1.5544777777777778":{"destination":1.5544777777777778,"pinned":false},"1.8004111111111112":{"destination":1.8004111111111112,"pinned":false},"2.0635666666666665":{"destination":2.0635666666666665,"pinned":false},"2.5037666666666674":{"destination":2.5037666666666674,"pinned":false},"2.7249000000000008":{"destination":2.7249000000000008,"pinned":false},"2.999077777777778":{"destination":2.999077777777778,"pinned":false},"3.485433333333334":{"destination":3.485433333333334,"pinned":false},"4.250788888888889":{"destination":4.250788888888889,"pinned":false},"5.0003":{"destination":5.0003,"pinned":false},"5.815255555555557":{"destination":5.815255555555557,"pinned":false},"6.279566666666668":{"destination":6.279566666666668,"pinned":false},"7.001522222222222":{"destination":7.001522222222222,"pinned":false},"7.999980555555555":{"destination":7.999980555555555,"pinned":false},"0.5021310922787194":{"destination":0.5021310922787194,"pinned":false},"3.741488992467044":{"destination":3.741488992467044,"pinned":false},"4.519179830508476":{"destination":4.519179830508476,"pinned":false},"5.511194915254238":{"destination":5.511194915254238,"pinned":false},"7.49163717":{"destination":7.49163717,"pinned":false},"6.47496037":{"destination":6.47496037,"pinned":false},"6.773609179999999":{"destination":6.773609179999999,"pinned":false},"7.7521606":{"destination":7.7521606,"pinned":false},"7.89830789":{"destination":7.89830789,"pinned":false}},"enabled":true}	2023-05-29 22:56:26.606801	124
31	Beat 06	Neural_Breaks/Beat 06_124bpm_F#.wav	3871	2	1	15418f43-750a-4cbf-ab7b-d59e56be4982	\N	{"sourceBPM":124,"anchors":{"0.02376666666666667":{"destination":0.02376666666666667,"pinned":false},"0.3840555555555556":{"destination":0.3840555555555556,"pinned":false},"0.4963444444444444":{"destination":0.4963444444444444,"pinned":false},"0.9978555555555557":{"destination":0.9978555555555557,"pinned":false},"1.5159":{"destination":1.5159,"pinned":false},"1.7825000000000002":{"destination":1.7825000000000002,"pinned":false},"2.0098333333333334":{"destination":2.0098333333333334,"pinned":false},"2.502388888888889":{"destination":2.502388888888889,"pinned":false},"2.8861":{"destination":2.8861,"pinned":false},"2.992188888888889":{"destination":2.992188888888889,"pinned":false},"4.0007222222222225":{"destination":4.0007222222222225,"pinned":false},"4.991344444444445":{"destination":4.991344444444445,"pinned":false},"6.365677777777778":{"destination":6.365677777777778,"pinned":false},"6.497944444444445":{"destination":6.497944444444445,"pinned":false},"6.820344444444444":{"destination":6.820344444444444,"pinned":false},"7.0029":{"destination":7.0029,"pinned":false},"8.00002361111111":{"destination":8.00002361111111,"pinned":false},"3.5046684334752243":{"destination":3.5046684334752243,"pinned":false},"6.011171806783454":{"destination":6.011171806783454,"pinned":false},"1.253441813332242":{"destination":1.253441813332242,"pinned":false},"2.2396922683366083":{"destination":2.2396922683366083,"pinned":false},"3.740679016590265":{"destination":3.740679016590265,"pinned":false},"4.247556740476971":{"destination":4.247556740476971,"pinned":false},"4.506889529442263":{"destination":4.506889529442263,"pinned":false},"5.532432831259552":{"destination":5.532432831259552,"pinned":false},"5.874280598531981":{"destination":5.874280598531981,"pinned":false},"7.520650879993453":{"destination":7.520650879993453,"pinned":false},"7.72104439873936":{"destination":7.72104439873936,"pinned":false},"7.8589639491525425":{"destination":7.8589639491525425,"pinned":false}},"enabled":true}	2023-05-29 22:56:26.606801	124
33	Beat 07	Neural_Breaks/Beat 07_124bpm.wav	3871	2	1	5708fd49-2330-4530-958f-ccc9c269d4a8	\N	{"sourceBPM":124,"anchors":{"0.004477777777777778":{"destination":0.004477777777777778,"pinned":false},"0.34547777777777783":{"destination":0.34547777777777783,"pinned":false},"1.0219666666666667":{"destination":1.0219666666666667,"pinned":false},"1.521411111111111":{"destination":1.521411111111111,"pinned":false},"1.9974333333333332":{"destination":1.9974333333333332,"pinned":false},"2.508588888888889":{"destination":2.508588888888889,"pinned":false},"3.0149222222222223":{"destination":3.0149222222222223,"pinned":false},"3.4999000000000002":{"destination":3.4999000000000002,"pinned":false},"4.0027888888888885":{"destination":4.0027888888888885,"pinned":false},"4.520144444444445":{"destination":4.520144444444445,"pinned":false},"4.987211111111112":{"destination":4.987211111111112,"pinned":false},"5.536255555555557":{"destination":5.536255555555557,"pinned":false},"6.3525888888888895":{"destination":6.3525888888888895,"pinned":false},"6.517922222222223":{"destination":6.517922222222223,"pinned":false},"7.011166666666668":{"destination":7.011166666666668,"pinned":false},"7.494077777777779":{"destination":7.494077777777779,"pinned":false},"8.000023611111112":{"destination":8.000023611111112,"pinned":false},"0.520504543314501":{"destination":0.520504543314501,"pinned":false},"1.3471882297551792":{"destination":1.3471882297551792,"pinned":false},"1.8125805273069684":{"destination":1.8125805273069684,"pinned":false},"2.6943764595103583":{"destination":2.6943764595103583,"pinned":false},"4.249766506591338":{"destination":4.249766506591338,"pinned":false},"5.98235834086629":{"destination":5.98235834086629,"pinned":false}},"enabled":true}	2023-05-29 22:56:26.606801	124
44	Beat 12	Neural_Breaks/Beat 12_124bpm.wav	3871	2	1	d8290c96-08d5-4528-8fa9-d4aae3cfc555	\N	{"sourceBPM":124,"anchors":{"0.0031":{"destination":0.0031,"pinned":false},"0.47636666666666666":{"destination":0.47636666666666666,"pinned":false},"0.7643222222222222":{"destination":0.7643222222222222,"pinned":false},"0.9840777777777778":{"destination":0.9840777777777778,"pinned":false},"1.4766333333333335":{"destination":1.4766333333333335,"pinned":false},"1.9953666666666667":{"destination":1.9953666666666667,"pinned":false},"2.4886111111111116":{"destination":2.4886111111111116,"pinned":false},"3.003211111111111":{"destination":3.003211111111111,"pinned":false},"3.4868111111111104":{"destination":3.4868111111111104,"pinned":false},"3.966966666666666":{"destination":3.966966666666666,"pinned":false},"4.498788888888889":{"destination":4.498788888888889,"pinned":false},"5.510077777777777":{"destination":5.510077777777777,"pinned":false},"5.811811111111112":{"destination":5.811811111111112,"pinned":false},"5.979211111111112":{"destination":5.979211111111112,"pinned":false},"6.491744444444444":{"destination":6.491744444444444,"pinned":false},"6.98498888888889":{"destination":6.98498888888889,"pinned":false},"8.00002361111111":{"destination":8.00002361111111,"pinned":false},"1.7347157100000001":{"destination":1.7347157100000001,"pinned":false},"4.2573609":{"destination":4.2573609,"pinned":false},"5.00081049":{"destination":5.00081049,"pinned":false},"6.75458901":{"destination":6.75458901,"pinned":false}},"enabled":true}	2023-05-29 22:56:26.606801	124
46	Beat 13	Neural_Breaks/Beat 13_124bpm.wav	3871	2	1	fe9516cb-29c0-4820-811c-5d9e6863c14f	\N	{"sourceBPM":124,"anchors":{"0.013433333333333335":{"destination":0.013433333333333335,"pinned":true},"0.9820111111111112":{"destination":0.9820111111111112,"pinned":false},"2.0098333333333334":{"destination":2.0098333333333334,"pinned":false},"3.0045888888888896":{"destination":3.0045888888888896,"pinned":false},"4.832211111111111":{"destination":4.832211111111111,"pinned":false},"5.0409444444444444":{"destination":5.0409444444444444,"pinned":false},"6.500011111111111":{"destination":6.500011111111111,"pinned":false},"7.321855555555557":{"destination":7.321855555555557,"pinned":false},"7.999980555555558":{"destination":7.999980555555558,"pinned":false},"0.5272405":{"destination":0.5272405,"pinned":false},"0.16813575":{"destination":0.16813575,"pinned":false},"0.772179":{"destination":0.772179,"pinned":false},"1.29734375":{"destination":1.29734375,"pinned":false},"1.49454":{"destination":1.49454,"pinned":false},"1.75816025":{"destination":1.75816025,"pinned":false},"2.2210525":{"destination":2.2210525,"pinned":false},"2.4909":{"destination":2.4909,"pinned":false},"2.7254597499999997":{"destination":2.7254597499999997,"pinned":false},"3.329503":{"destination":3.329503,"pinned":false},"3.54330525":{"destination":3.54330525,"pinned":false},"3.99166725":{"destination":3.99166725,"pinned":false},"4.292651":{"destination":4.292651,"pinned":false},"4.53966525":{"destination":4.53966525,"pinned":false},"5.513192":{"destination":5.513192,"pinned":false},"5.80172125":{"destination":5.80172125,"pinned":false},"6.0155235":{"destination":6.0155235,"pinned":false},"6.29159825":{"destination":6.29159825,"pinned":false},"6.822990249999999":{"destination":6.822990249999999,"pinned":false},"7.092837749999999":{"destination":7.092837749999999,"pinned":false},"7.522518":{"destination":7.522518,"pinned":false}},"enabled":true}	2023-05-29 22:56:26.606801	124
76	Beat 04	Neural_Techno/Beat 04_124bpm.wav	3871	3	1	e4dd9759-3533-47e1-ab37-7a4d399c6ff2	\N	{"sourceBPM":124,"anchors":{"0.010872260015117157":{"destination":0.010872260015117157,"pinned":false},"0.9968737717309148":{"destination":0.9968737717309148,"pinned":false},"1.9978715041572186":{"destination":1.9978715041572186,"pinned":false},"2.5017445200302344":{"destination":2.5017445200302344,"pinned":false},"2.8016689342403627":{"destination":2.8016689342403627,"pinned":false},"2.9951201814058965":{"destination":2.9951201814058965,"pinned":false},"4.499990929705215":{"destination":4.499990929705215,"pinned":false},"4.997865457294029":{"destination":4.997865457294029,"pinned":false},"5.460498866213153":{"destination":5.460498866213153,"pinned":false},"5.744677248677251":{"destination":5.744677248677251,"pinned":false},"6.0071111111111115":{"destination":6.0071111111111115,"pinned":false},"6.295038548752835":{"destination":6.295038548752835,"pinned":false},"6.990113378684807":{"destination":6.990113378684807,"pinned":false},"7.492486772486773":{"destination":7.492486772486773,"pinned":false},"8.000015117157973":{"destination":8.000015117157973,"pinned":false},"4.00000898":{"destination":4.00000898,"pinned":false},"3.47085981":{"destination":3.47085981,"pinned":false},"0.51121191":{"destination":0.51121191,"pinned":false},"1.47982395":{"destination":1.47982395,"pinned":false}},"enabled":true}	2023-05-29 22:56:26.606801	124
50	Beat 15	Neural_Breaks/Beat 15_124bpm.wav	3871	2	1	160efbdc-0904-4aa9-87da-ca2f48d3db58	\N	{"sourceBPM":124,"anchors":{"0":{"destination":0,"pinned":false},"0.24283333333333337":{"destination":0.24283333333333337,"pinned":false},"1.0047444444444447":{"destination":1.0047444444444447,"pinned":false},"2.5017000000000005":{"destination":2.5017000000000005,"pinned":false},"2.995633333333334":{"destination":2.995633333333334,"pinned":false},"3.977300000000001":{"destination":3.977300000000001,"pinned":false},"4.259744444444444":{"destination":4.259744444444444,"pinned":false},"4.45538888888889":{"destination":4.45538888888889,"pinned":false},"5.004433333333334":{"destination":5.004433333333334,"pinned":false},"5.995744444444445":{"destination":5.995744444444445,"pinned":false},"6.488300000000001":{"destination":6.488300000000001,"pinned":false},"6.993944444444446":{"destination":6.993944444444446,"pinned":false},"7.476855555555558":{"destination":7.476855555555558,"pinned":false},"7.688344444444445":{"destination":7.688344444444445,"pinned":false},"8.00002361111111":{"destination":8.00002361111111,"pinned":false},"0.48927879":{"destination":0.48927879,"pinned":false},"0.72438678":{"destination":0.72438678,"pinned":false},"1.47419064":{"destination":1.47419064,"pinned":false},"1.22637411":{"destination":1.22637411,"pinned":false},"1.7347157100000001":{"destination":1.7347157100000001,"pinned":false},"1.99524078":{"destination":1.99524078,"pinned":false},"2.24305731":{"destination":2.24305731,"pinned":false},"2.71327329":{"destination":2.71327329,"pinned":false},"3.48213996":{"destination":3.48213996,"pinned":false},"3.7490193":{"destination":3.7490193,"pinned":false},"4.78476531":{"destination":4.78476531,"pinned":false},"5.5027978200000005":{"destination":5.5027978200000005,"pinned":false},"5.76332289":{"destination":5.76332289,"pinned":false},"7.2438678":{"destination":7.2438678,"pinned":false}},"enabled":true}	2023-05-29 22:56:26.606801	124
90	Impact 04	Neural_Techno/Impact 04.wav	5072	3	1	5a1215ed-eeba-467b-9029-e533336951f3	\N	\N	2023-05-29 22:56:26.606801	\N
56	Beat 18	Neural_Breaks/Beat 18_124bpm.wav	3871	2	1	19390706-01d8-47a5-98d7-05a135c826a8	\N	{"sourceBPM":124,"anchors":{"0.018944444444444448":{"destination":0.018944444444444448,"pinned":false},"1.0212777777777777":{"destination":1.0212777777777777,"pinned":false},"1.7928333333333335":{"destination":1.7928333333333335,"pinned":false},"2.5065222222222228":{"destination":2.5065222222222228,"pinned":false},"3.0156111111111112":{"destination":3.0156111111111112,"pinned":false},"3.5047222222222225":{"destination":3.5047222222222225,"pinned":false},"3.788544444444445":{"destination":3.788544444444445,"pinned":false},"4.501544444444445":{"destination":4.501544444444445,"pinned":false},"5.001677777777778":{"destination":5.001677777777778,"pinned":false},"5.770477777777778":{"destination":5.770477777777778,"pinned":false},"6.011588888888889":{"destination":6.011588888888889,"pinned":false},"6.504833333333333":{"destination":6.504833333333333,"pinned":false},"6.983611111111112":{"destination":6.983611111111112,"pinned":false},"7.488566666666667":{"destination":7.488566666666667,"pinned":false},"8.000023611111112":{"destination":8.000023611111112,"pinned":false},"0.49563306":{"destination":0.49563306,"pinned":false},"1.5250248000000002":{"destination":1.5250248000000002,"pinned":false},"6.316144380000001":{"destination":6.316144380000001,"pinned":false},"7.739500860000001":{"destination":7.739500860000001,"pinned":false},"3.9810031261770247":{"destination":3.9810031261770247,"pinned":false},"5.505065630885123":{"destination":5.505065630885123,"pinned":false}},"enabled":true}	2023-05-29 22:56:26.606801	124
22	Beat 03	Neural_Breaks/Beat 03_100bpm.wav	2400	2	1	91e11f91-5754-4946-8fbe-21c4019a1452	\N	{"sourceBPM":100,"anchors":{"0.010277777777777778":{"destination":0.010277777777777778,"pinned":false},"0.4836111111111111":{"destination":0.4836111111111111,"pinned":false},"0.7469444444444444":{"destination":0.7469444444444444,"pinned":false},"1.4830555555555556":{"destination":1.4830555555555556,"pinned":false},"2.000277777777778":{"destination":2.000277777777778,"pinned":false},"2.489166666666667":{"destination":2.489166666666667,"pinned":false},"2.995277777777778":{"destination":2.995277777777778,"pinned":false},"3.754166666666667":{"destination":3.754166666666667,"pinned":false},"4.000000000000001":{"destination":4.000000000000001,"pinned":false}},"enabled":true}	2023-05-29 22:56:26.606801	100
66	Beat 23	Neural_Breaks/Beat 23_124bpm.wav	3871	2	1	7df48f6c-245c-4d19-a662-dfc6a7d7da83	\N	{"sourceBPM":124,"anchors":{"0.0024111111111111113":{"destination":0.0024111111111111113,"pinned":false},"0.5004777777777779":{"destination":0.5004777777777779,"pinned":false},"0.7629444444444445":{"destination":0.7629444444444445,"pinned":false},"0.9985444444444447":{"destination":0.9985444444444447,"pinned":false},"1.5007444444444444":{"destination":1.5007444444444444,"pinned":false},"2.003633333333334":{"destination":2.003633333333334,"pinned":false},"2.4996333333333336":{"destination":2.4996333333333336,"pinned":false},"3.005277777777778":{"destination":3.005277777777778,"pinned":false},"3.5116111111111112":{"destination":3.5116111111111112,"pinned":false},"4.018633333333334":{"destination":4.018633333333334,"pinned":false},"4.524966666666667":{"destination":4.524966666666667,"pinned":false},"5.036811111111112":{"destination":5.036811111111112,"pinned":false},"5.50318888888889":{"destination":5.50318888888889,"pinned":false},"5.999188888888889":{"destination":5.999188888888889,"pinned":false},"6.515855555555556":{"destination":6.515855555555556,"pinned":false},"7.009100000000002":{"destination":7.009100000000002,"pinned":false},"7.500966666666669":{"destination":7.500966666666669,"pinned":false},"8.00002361111111":{"destination":8.00002361111111,"pinned":false}},"enabled":true}	2023-05-29 22:56:26.606801	124
47	Beat 14	Neural_Breaks/Beat 14_100bpm.wav	4800	2	1	cbac077f-0726-4669-a8ff-4afec2c98604	\N	{"sourceBPM":100,"anchors":{"0":{"destination":0,"pinned":false},"8":{"destination":8,"pinned":false},"0.9980555555555557":{"destination":0.9980555555555557,"pinned":false},"2.001388888888889":{"destination":2.001388888888889,"pinned":false},"2.495833333333333":{"destination":2.495833333333333,"pinned":false},"2.7686111111111114":{"destination":2.7686111111111114,"pinned":false},"2.9913888888888893":{"destination":2.9913888888888893,"pinned":false},"3.500277777777778":{"destination":3.500277777777778,"pinned":false},"3.9763888888888888":{"destination":3.9763888888888888,"pinned":false},"4.506388888888889":{"destination":4.506388888888889,"pinned":false},"4.992500000000001":{"destination":4.992500000000001,"pinned":false},"5.997500000000001":{"destination":5.997500000000001,"pinned":false},"7.001388888888888":{"destination":7.001388888888888,"pinned":false},"7.754722222222222":{"destination":7.754722222222222,"pinned":false},"0.2820347306967985":{"destination":0.2820347306967985,"pinned":false},"0.5532219717514125":{"destination":0.5532219717514125,"pinned":false},"0.8406804472693034":{"destination":0.8406804472693034,"pinned":false},"1.5294960395480228":{"destination":1.5294960395480228,"pinned":false},"1.768140811676083":{"destination":1.768140811676083,"pinned":false},"2.2942440593220343":{"destination":2.2942440593220343,"pinned":false},"3.2867893615819215":{"destination":3.2867893615819215,"pinned":false},"3.704417712806027":{"destination":3.704417712806027,"pinned":false},"4.273910919020716":{"destination":4.273910919020716,"pinned":false},"4.78374293220339":{"destination":4.78374293220339,"pinned":false},"5.320693669491527":{"destination":5.320693669491527,"pinned":false},"5.570185931261771":{"destination":5.570185931261771,"pinned":false},"5.808830703389831":{"destination":5.808830703389831,"pinned":false},"6.28069650282486":{"destination":6.28069650282486,"pinned":false},"6.5301887645951044":{"destination":6.5301887645951044,"pinned":false},"6.812223495291903":{"destination":6.812223495291903,"pinned":false},"7.27561625":{"destination":7.27561625,"pinned":false},"7.498015":{"destination":7.498015,"pinned":false}},"enabled":true}	2023-05-29 22:56:26.606801	100
58	Beat 19	Neural_Breaks/Beat 19_100bpm.wav	4800	2	1	79a4c8db-aa2e-493d-b43a-8824be4a0819	\N	{"sourceBPM":100,"anchors":{"8":{"destination":8,"pinned":false},"0.005833333333333334":{"destination":0.005833333333333334,"pinned":false},"0.4863888888888889":{"destination":0.4863888888888889,"pinned":false},"2.004722222222222":{"destination":2.004722222222222,"pinned":false},"2.5069444444444446":{"destination":2.5069444444444446,"pinned":false},"3.0108333333333337":{"destination":3.0108333333333337,"pinned":false},"3.519166666666667":{"destination":3.519166666666667,"pinned":false},"4.490833333333334":{"destination":4.490833333333334,"pinned":false},"4.988611111111111":{"destination":4.988611111111111,"pinned":false},"5.505833333333333":{"destination":5.505833333333333,"pinned":false},"6.503611111111112":{"destination":6.503611111111112,"pinned":false},"7.000833333333333":{"destination":7.000833333333333,"pinned":false},"7.514166666666666":{"destination":7.514166666666666,"pinned":false},"0.95553664":{"destination":0.95553664,"pinned":false},"1.48561536":{"destination":1.48561536,"pinned":false},"3.85004544":{"destination":3.85004544,"pinned":false},"3.9825651200000003":{"destination":3.9825651200000003,"pinned":false},"5.99128448":{"destination":5.99128448,"pinned":false},"7.84656":{"destination":7.84656,"pinned":false}},"enabled":true}	2023-05-29 22:56:26.606801	100
108	Clap 2	Titan_Drums/Clap 2.wav	1000	4	1	3e411f98-069a-4cb3-9988-202d42eca424	\N	\N	2023-05-29 22:56:26.606801	\N
133	Kick 3	Titan_Drums/Kick 3.wav	1000	4	1	c3a99cac-5dc3-4909-8ba1-707a80c6cf92	\N	\N	2023-05-29 22:56:26.606801	\N
142	Perc 4	Titan_Drums/Perc 4.wav	1000	4	1	7014f69d-4b6d-4512-924a-f35b876101f3	\N	\N	2023-05-29 22:56:26.606801	\N
146	Perc 8	Titan_Drums/Perc 8.wav	1000	4	1	79e167be-32ff-4c68-ad0a-4891e454cb61	\N	\N	2023-05-29 22:56:26.606801	\N
63	Beat 22	Neural_Breaks/Beat 22_100bpm.wav	4800	2	1	c009808b-26ae-40f6-8f44-c036b8d3dd46	\N	{"sourceBPM":100,"anchors":{"0.009722222222222222":{"destination":0.009722222222222222,"pinned":false},"0.5347222222222222":{"destination":0.5347222222222222,"pinned":false},"0.9769444444444444":{"destination":0.9769444444444444,"pinned":false},"1.8069444444444445":{"destination":1.8069444444444445,"pinned":false},"2.0225000000000004":{"destination":2.0225000000000004,"pinned":false},"3.015277777777778":{"destination":3.015277777777778,"pinned":false},"4.016944444444445":{"destination":4.016944444444445,"pinned":false},"6.020833333333333":{"destination":6.020833333333333,"pinned":false},"6.519722222222223":{"destination":6.519722222222223,"pinned":false},"6.9625":{"destination":6.9625,"pinned":false},"7.5175":{"destination":7.5175,"pinned":false},"8.000000000000002":{"destination":8.000000000000002,"pinned":false},"0.74629504":{"destination":0.74629504,"pinned":false},"1.50653952":{"destination":1.50653952,"pinned":false},"2.5108992":{"destination":2.5108992,"pinned":false},"3.50130944":{"destination":3.50130944,"pinned":false},"4.990390050096835":{"destination":4.990390050096835,"pinned":false},"4.7932440900968345":{"destination":4.7932440900968345,"pinned":false},"4.512460450096834":{"destination":4.512460450096834,"pinned":false},"5.52235461":{"destination":5.52235461,"pinned":false},"5.79188717":{"destination":5.79188717,"pinned":false},"6.765663390000001":{"destination":6.765663390000001,"pinned":false},"7.83915132":{"destination":7.83915132,"pinned":false}},"enabled":true}	2023-05-29 22:56:26.606801	100
16	Beat 01_100bpm_Bb.wav	Neural_Breaks/Beat 01_100bpm_Bb.wav	2400	2	1	f9e4ba68-e419-441b-8daf-cd5335a9a9c4	\N	{"sourceBPM":100,"anchors":{"0.006388888888888888":{"destination":0.006388888888888888,"pinned":false},"1.0080555555555555":{"destination":1.0080555555555555,"pinned":false},"1.9819444444444443":{"destination":1.9819444444444443,"pinned":false},"2.483055555555555":{"destination":2.483055555555555,"pinned":false},"2.996388888888889":{"destination":2.996388888888889,"pinned":false},"3.999999999999999":{"destination":3.999999999999999,"pinned":false},"0.5019908799912384":{"destination":0.5019908799912384,"pinned":false},"1.5027836799912382":{"destination":1.5027836799912382,"pinned":false},"3.501192159991238":{"destination":3.501192159991238,"pinned":false},"3.796664319991238":{"destination":3.796664319991238,"pinned":false}},"enabled":true}	2023-05-29 22:56:26.606801	100
19	Beat 02	Neural_Breaks/Beat 02_100bpm_F#.wav	4800	2	1	33a1e67b-92e3-4b8d-9d92-ba1936661e3d	\N	{"sourceBPM":100,"anchors":{"0":{"destination":0,"pinned":false},"8":{"destination":8,"pinned":false},"0.5169444444444444":{"destination":0.5169444444444444,"pinned":false},"0.9997222222222224":{"destination":0.9997222222222224,"pinned":false},"2.0125":{"destination":2.0125,"pinned":false},"2.5019444444444443":{"destination":2.5019444444444443,"pinned":false},"3.0008333333333335":{"destination":3.0008333333333335,"pinned":false},"3.516944444444445":{"destination":3.516944444444445,"pinned":false},"4.006388888888889":{"destination":4.006388888888889,"pinned":false},"4.509166666666667":{"destination":4.509166666666667,"pinned":false},"5.008055555555556":{"destination":5.008055555555556,"pinned":false},"5.5025":{"destination":5.5025,"pinned":false},"5.989722222222222":{"destination":5.989722222222222,"pinned":false},"6.49861111111111":{"destination":6.49861111111111,"pinned":false},"6.990277777777777":{"destination":6.990277777777777,"pinned":false},"7.498611111111111":{"destination":7.498611111111111,"pinned":false},"1.5250199999999998":{"destination":1.5250199999999998,"pinned":false},"1.880858":{"destination":1.880858,"pinned":false},"5.756950499999999":{"destination":5.756950499999999,"pinned":false}},"enabled":true}	2023-05-29 22:56:26.606801	100
34	Beat 08	Neural_Breaks/Beat 08_100bpm.wav	2400	2	1	9a8c02ea-90e5-4ce7-a657-48a29a6216ac	\N	{"sourceBPM":100,"anchors":{"0.011944444444444443":{"destination":0.011944444444444443,"pinned":false},"0.29694444444444446":{"destination":0.29694444444444446,"pinned":false},"0.7813888888888889":{"destination":0.7813888888888889,"pinned":false},"0.9913888888888889":{"destination":0.9913888888888889,"pinned":false},"2.020277777777778":{"destination":2.020277777777778,"pinned":false},"2.5258333333333334":{"destination":2.5258333333333334,"pinned":false},"3.0108333333333337":{"destination":3.0108333333333337,"pinned":false},"3.5013888888888896":{"destination":3.5013888888888896,"pinned":false},"3.761944444444445":{"destination":3.761944444444445,"pinned":false},"4.000000000000001":{"destination":4.000000000000001,"pinned":false},"0.51787056":{"destination":0.51787056,"pinned":false},"1.28991072":{"destination":1.28991072,"pinned":false},"1.509132":{"destination":1.509132,"pinned":false},"1.7569473599999998":{"destination":1.7569473599999998,"pinned":false},"2.77362576":{"destination":2.77362576,"pinned":false},"2.29070352":{"destination":2.29070352,"pinned":false},"3.2883191999999997":{"destination":3.2883191999999997,"pinned":false}},"enabled":true}	2023-05-29 22:56:26.606801	100
2	Closed Hat 0	Torn80/Closed Hat 0.wav	250	1	1	518dfcc3-4627-4d78-b83f-a49154b8bb21	\N	\N	2023-05-29 22:56:26.606801	\N
14	Kick Hot 12	Torn80/Kick Hot 12.wav	969	1	1	9e05bb92-6f6d-4d39-b23e-5bc2e7b4df40	\N	\N	2023-05-29 22:56:26.606801	\N
32	Beat 07	Neural_Breaks/Beat 07_100bpm.wav	4800	2	1	2f91bf05-6eac-422c-bcef-068daa258178	\N	{"sourceBPM":100,"anchors":{"0.0036111111111111114":{"destination":0.0036111111111111114,"pinned":false},"0.3463888888888889":{"destination":0.3463888888888889,"pinned":false},"0.9880555555555557":{"destination":0.9880555555555557,"pinned":false},"1.996944444444445":{"destination":1.996944444444445,"pinned":false},"2.508055555555556":{"destination":2.508055555555556,"pinned":false},"3.0019444444444447":{"destination":3.0019444444444447,"pinned":false},"4.004166666666667":{"destination":4.004166666666667,"pinned":false},"4.951944444444445":{"destination":4.951944444444445,"pinned":false},"5.397500000000001":{"destination":5.397500000000001,"pinned":false},"6.284166666666668":{"destination":6.284166666666668,"pinned":false},"6.518611111111111":{"destination":6.518611111111111,"pinned":false},"7.001388888888891":{"destination":7.001388888888891,"pinned":false},"7.4941666666666675":{"destination":7.4941666666666675,"pinned":false},"7.999965277777779":{"destination":7.999965277777779,"pinned":false},"0.48596399246704336":{"destination":0.48596399246704336,"pinned":false},"0.8428437994350283":{"destination":0.8428437994350283,"pinned":false},"1.3288077919020718":{"destination":1.3288077919020718,"pinned":false},"1.4806715395480228":{"destination":1.4806715395480228,"pinned":false},"1.8147717843691151":{"destination":1.8147717843691151,"pinned":false},"3.4852730084745764":{"destination":3.4852730084745764,"pinned":false},"4.502760117702449":{"destination":4.502760117702449,"pinned":false},"5.520247226930321":{"destination":5.520247226930321,"pinned":false},"5.983431657250471":{"destination":5.983431657250471,"pinned":false}},"enabled":true}	2023-05-29 22:56:26.606801	100
37	Beat 09	Neural_Breaks/Beat 09_100bpm.wav	4800	2	1	e3d9da1a-d55f-4a6c-88e9-79d4c224c615	\N	{"sourceBPM":100,"anchors":{"0":{"destination":0,"pinned":false},"8":{"destination":8,"pinned":false},"0.3552777777777778":{"destination":0.3552777777777778,"pinned":false},"0.5052777777777777":{"destination":0.5052777777777777,"pinned":false},"0.991388888888889":{"destination":0.991388888888889,"pinned":false},"1.4997222222222222":{"destination":1.4997222222222222,"pinned":false},"1.8180555555555558":{"destination":1.8180555555555558,"pinned":false},"2.4908333333333337":{"destination":2.4908333333333337,"pinned":false},"2.9847222222222225":{"destination":2.9847222222222225,"pinned":false},"3.5197222222222218":{"destination":3.5197222222222218,"pinned":false},"3.890277777777778":{"destination":3.890277777777778,"pinned":false},"4.0025":{"destination":4.0025,"pinned":false},"5.006944444444445":{"destination":5.006944444444445,"pinned":false},"5.516944444444444":{"destination":5.516944444444444,"pinned":false},"6.004722222222223":{"destination":6.004722222222223,"pinned":false},"6.494166666666667":{"destination":6.494166666666667,"pinned":false},"7.009166666666666":{"destination":7.009166666666666,"pinned":false},"7.4975000000000005":{"destination":7.4975000000000005,"pinned":false},"7.98638888888889":{"destination":7.98638888888889,"pinned":false},"4.47974625":{"destination":4.47974625,"pinned":false},"4.23828475":{"destination":4.23828475,"pinned":false},"1.96346325":{"destination":1.96346325,"pinned":false},"5.31850725":{"destination":5.31850725,"pinned":false},"6.8244644999999995":{"destination":6.8244644999999995,"pinned":false}},"enabled":true}	2023-05-29 22:56:26.606801	100
25	Beat 04	Neural_Breaks/Beat 04_100bpm.wav	4800	2	1	e104daee-dbec-4c3e-9f4f-5128b5a19ed0	\N	{"sourceBPM":100,"anchors":{"8":{"destination":8,"pinned":false},"0.0019444444444444444":{"destination":0.0019444444444444444,"pinned":false},"0.8263888888888888":{"destination":0.8263888888888888,"pinned":false},"1.0008333333333332":{"destination":1.0008333333333332,"pinned":false},"2.5025":{"destination":2.5025,"pinned":false},"3.004722222222222":{"destination":3.004722222222222,"pinned":false},"4.003611111111111":{"destination":4.003611111111111,"pinned":false},"4.5025":{"destination":4.5025,"pinned":false},"5.000277777777778":{"destination":5.000277777777778,"pinned":false},"5.5008333333333335":{"destination":5.5008333333333335,"pinned":false},"5.998611111111111":{"destination":5.998611111111111,"pinned":false},"6.499722222222222":{"destination":6.499722222222222,"pinned":false},"7.0025":{"destination":7.0025,"pinned":false},"7.838611111111111":{"destination":7.838611111111111,"pinned":false},"0.49355932203389835":{"destination":0.49355932203389835,"pinned":false},"1.4958644067796611":{"destination":1.4958644067796611,"pinned":false},"1.9970169491525425":{"destination":1.9970169491525425,"pinned":false},"3.5004745762711864":{"destination":3.5004745762711864,"pinned":false},"6.735186440677967":{"destination":6.735186440677967,"pinned":false}},"enabled":true}	2023-05-29 22:56:26.606801	100
70	Beat 26	Neural_Breaks/Beat 26_100bpm.wav	2400	2	1	46af9c6a-361f-4080-9be5-9a98b3a29620	\N	{"sourceBPM":100,"anchors":{"0.013055555555555556":{"destination":0.013055555555555556,"pinned":false},"0.25472222222222224":{"destination":0.25472222222222224,"pinned":false},"0.4975":{"destination":0.4975,"pinned":false},"0.7252777777777778":{"destination":0.7252777777777778,"pinned":false},"1.2219444444444445":{"destination":1.2219444444444445,"pinned":false},"1.4847222222222223":{"destination":1.4847222222222223,"pinned":false},"1.9813888888888889":{"destination":1.9813888888888889,"pinned":false},"2.2463888888888888":{"destination":2.2463888888888888,"pinned":false},"2.499722222222222":{"destination":2.499722222222222,"pinned":false},"2.7552777777777777":{"destination":2.7552777777777777,"pinned":false},"3.001388888888889":{"destination":3.001388888888889,"pinned":false},"3.516388888888889":{"destination":3.516388888888889,"pinned":false},"3.7725":{"destination":3.7725,"pinned":false},"3.9999652777777777":{"destination":3.9999652777777777,"pinned":false},"0.9719237664783429":{"destination":0.9719237664783429,"pinned":false},"1.7350357862523542":{"destination":1.7350357862523542,"pinned":false},"3.257463248587571":{"destination":3.257463248587571,"pinned":false}},"enabled":true}	2023-05-29 22:56:26.606801	100
30	Beat 06	Neural_Breaks/Beat 06_100bpm_F#.wav	4800	2	1	45395b4d-40d9-4a03-aa76-5389ed96f0dd	\N	{"sourceBPM":100,"anchors":{"8":{"destination":8,"pinned":false},"0.023055555555555555":{"destination":0.023055555555555555,"pinned":false},"0.37583333333333335":{"destination":0.37583333333333335,"pinned":false},"0.49972222222222223":{"destination":0.49972222222222223,"pinned":false},"0.9997222222222222":{"destination":0.9997222222222222,"pinned":false},"1.5375":{"destination":1.5375,"pinned":false},"1.7847222222222223":{"destination":1.7847222222222223,"pinned":false},"2.5025":{"destination":2.5025,"pinned":false},"2.9969444444444444":{"destination":2.9969444444444444,"pinned":false},"3.5230555555555556":{"destination":3.5230555555555556,"pinned":false},"4.001944444444445":{"destination":4.001944444444445,"pinned":false},"4.993055555555555":{"destination":4.993055555555555,"pinned":false},"5.5425":{"destination":5.5425,"pinned":false},"5.8869444444444445":{"destination":5.8869444444444445,"pinned":false},"6.030277777777778":{"destination":6.030277777777778,"pinned":false},"6.366944444444444":{"destination":6.366944444444444,"pinned":false},"6.503611111111111":{"destination":6.503611111111111,"pinned":false},"6.823611111111111":{"destination":6.823611111111111,"pinned":false},"7.008055555555556":{"destination":7.008055555555556,"pinned":false},"7.335833333333333":{"destination":7.335833333333333,"pinned":false},"7.4775":{"destination":7.4775,"pinned":false},"7.559166666666667":{"destination":7.559166666666667,"pinned":false},"7.864166666666667":{"destination":7.864166666666667,"pinned":false},"2.0122033898305087":{"destination":2.0122033898305087,"pinned":false},"4.48":{"destination":4.48,"pinned":false}},"enabled":true}	2023-05-29 22:56:26.606801	100
43	Beat 12	Neural_Breaks/Beat 12_100bpm.wav	4800	2	1	2fba6f18-d9cb-493f-b234-d44d25d5b06e	\N	{"sourceBPM":100,"anchors":{"0.47916666666666663":{"destination":0.47916666666666663,"pinned":false},"0.7680555555555555":{"destination":0.7680555555555555,"pinned":false},"0.9869444444444443":{"destination":0.9869444444444443,"pinned":false},"1.4813888888888886":{"destination":1.4813888888888886,"pinned":false},"1.9963888888888888":{"destination":1.9963888888888888,"pinned":false},"2.4891666666666663":{"destination":2.4891666666666663,"pinned":false},"3.0041666666666664":{"destination":3.0041666666666664,"pinned":false},"3.490833333333333":{"destination":3.490833333333333,"pinned":false},"3.9891666666666663":{"destination":3.9891666666666663,"pinned":false},"4.499166666666666":{"destination":4.499166666666666,"pinned":false},"5.510833333333332":{"destination":5.510833333333332,"pinned":false},"5.812499999999999":{"destination":5.812499999999999,"pinned":false},"6.4925":{"destination":6.4925,"pinned":false},"6.986944444444444":{"destination":6.986944444444444,"pinned":false},"7.999999999999998":{"destination":7.999999999999998,"pinned":false},"4.971386647101981":{"destination":4.971386647101981,"pinned":false},"5.976971820000001":{"destination":5.976971820000001,"pinned":false},"6.1697968":{"destination":6.1697968,"pinned":false},"6.745003520000001":{"destination":6.745003520000001,"pinned":false},"0.0013814":{"destination":0.0013814,"pinned":false}},"enabled":true}	2023-05-29 22:56:26.606801	100
51	Beat 16	Neural_Breaks/Beat 16_100bpm_B.wav	4800	2	1	4285cdd1-91db-4327-aaa1-f5db5e53a14c	\N	{"sourceBPM":100,"anchors":{"0":{"destination":0,"pinned":false},"8":{"destination":8,"pinned":false},"1.0008333333333335":{"destination":1.0008333333333335,"pinned":false},"1.9858333333333336":{"destination":1.9858333333333336,"pinned":false},"2.485277777777778":{"destination":2.485277777777778,"pinned":false},"3.001388888888889":{"destination":3.001388888888889,"pinned":false},"3.5075000000000003":{"destination":3.5075000000000003,"pinned":false},"3.999722222222223":{"destination":3.999722222222223,"pinned":false},"4.989166666666668":{"destination":4.989166666666668,"pinned":false},"5.837500000000001":{"destination":5.837500000000001,"pinned":false},"6.003055555555557":{"destination":6.003055555555557,"pinned":false},"7.005277777777779":{"destination":7.005277777777779,"pinned":false},"0.50217984":{"destination":0.50217984,"pinned":false},"1.50653952":{"destination":1.50653952,"pinned":false},"1.8386083698815807":{"destination":1.8386083698815807,"pinned":false},"4.49972664":{"destination":4.49972664,"pinned":false},"5.49148882":{"destination":5.49148882,"pinned":false},"6.50359558":{"destination":6.50359558,"pinned":false},"7.5268979":{"destination":7.5268979,"pinned":false}},"enabled":true}	2023-05-29 22:56:26.606801	100
53	Beat 17	Neural_Breaks/Beat 17_100bpm.wav	4800	2	1	02aa20a0-56e0-4170-a52d-aff000296e15	\N	{"sourceBPM":100,"anchors":{"0.026944444444444438":{"destination":0.026944444444444438,"pinned":false},"1.004722222222222":{"destination":1.004722222222222,"pinned":false},"1.8274999999999997":{"destination":1.8274999999999997,"pinned":false},"2.0263888888888886":{"destination":2.0263888888888886,"pinned":false},"2.8858333333333324":{"destination":2.8858333333333324,"pinned":false},"3.039166666666666":{"destination":3.039166666666666,"pinned":false},"4.058055555555555":{"destination":4.058055555555555,"pinned":false},"4.543611111111111":{"destination":4.543611111111111,"pinned":false},"5.025833333333333":{"destination":5.025833333333333,"pinned":false},"6.501388888888888":{"destination":6.501388888888888,"pinned":false},"6.999722222222221":{"destination":6.999722222222221,"pinned":false},"7.4847222222222225":{"destination":7.4847222222222225,"pinned":false},"7.999999999999998":{"destination":7.999999999999998,"pinned":false},"0.4765957446808511":{"destination":0.4765957446808511,"pinned":false},"0.33690388848129127":{"destination":0.33690388848129127,"pinned":false},"1.4955245781364637":{"destination":1.4955245781364637,"pinned":false},"2.5226705796038154":{"destination":2.5226705796038154,"pinned":false},"3.533382245047689":{"destination":3.533382245047689,"pinned":false},"3.80454878943507":{"destination":3.80454878943507,"pinned":false},"5.513719735876743":{"destination":5.513719735876743,"pinned":false},"6.006749816581071":{"destination":6.006749816581071,"pinned":false},"7.740572267057961":{"destination":7.740572267057961,"pinned":false}},"enabled":true}	2023-05-29 22:56:26.606801	100
55	Beat 18	Neural_Breaks/Beat 18_100bpm.wav	4800	2	1	5400bb1e-7347-4465-9710-844117344f40	\N	{"sourceBPM":100,"anchors":{"0":{"destination":0,"pinned":false},"1.0219444444444445":{"destination":1.0219444444444445,"pinned":false},"1.7980555555555557":{"destination":1.7980555555555557,"pinned":false},"2.5102777777777785":{"destination":2.5102777777777785,"pinned":false},"3.016388888888889":{"destination":3.016388888888889,"pinned":false},"3.508055555555556":{"destination":3.508055555555556,"pinned":false},"4.503055555555556":{"destination":4.503055555555556,"pinned":false},"5.005833333333333":{"destination":5.005833333333333,"pinned":false},"5.504722222222224":{"destination":5.504722222222224,"pinned":false},"6.014722222222223":{"destination":6.014722222222223,"pinned":false},"6.5075":{"destination":6.5075,"pinned":false},"6.987500000000001":{"destination":6.987500000000001,"pinned":false},"7.490277777777779":{"destination":7.490277777777779,"pinned":false},"8.000000000000002":{"destination":8.000000000000002,"pinned":false},"0.4979946":{"destination":0.4979946,"pinned":false},"1.52189388":{"destination":1.52189388,"pinned":false},"1.9986985199999998":{"destination":1.9986985199999998,"pinned":false},"3.78671592":{"destination":3.78671592,"pinned":false},"3.9918527999999998":{"destination":3.9918527999999998,"pinned":false},"5.7604653599999995":{"destination":5.7604653599999995,"pinned":false},"6.31211724":{"destination":6.31211724,"pinned":false},"7.753281320000002":{"destination":7.753281320000002,"pinned":false}},"enabled":true}	2023-05-29 22:56:26.606801	100
54	Beat 17	Neural_Breaks/Beat 17_124bpm.wav	3871	2	1	96db437d-8f1e-4a88-8833-d3cd0734114d	\N	{"sourceBPM":124,"anchors":{"0.028588888888888893":{"destination":0.028588888888888893,"pinned":false},"0.48532222222222227":{"destination":0.48532222222222227,"pinned":false},"1.0033666666666667":{"destination":1.0033666666666667,"pinned":false},"2.020855555555556":{"destination":2.020855555555556,"pinned":false},"3.0383444444444443":{"destination":3.0383444444444443,"pinned":false},"3.814033333333333":{"destination":3.814033333333333,"pinned":false},"4.056522222222222":{"destination":4.056522222222222,"pinned":false},"4.540811111111111":{"destination":4.540811111111111,"pinned":false},"5.024411111111112":{"destination":5.024411111111112,"pinned":false},"6.499322222222223":{"destination":6.499322222222223,"pinned":false},"6.9987666666666675":{"destination":6.9987666666666675,"pinned":false},"7.482366666666667":{"destination":7.482366666666667,"pinned":false},"7.999894444444446":{"destination":7.999894444444446,"pinned":false},"1.5134925399999999":{"destination":1.5134925399999999,"pinned":false},"3.53613234":{"destination":3.53613234,"pinned":false},"5.51692442":{"destination":5.51692442,"pinned":false},"2.76892414":{"destination":2.76892414,"pinned":false},"2.48993934":{"destination":2.48993934,"pinned":false},"7.73485358":{"destination":7.73485358,"pinned":false},"6.024944444444446":{"destination":6.024944444444446,"pinned":false}},"enabled":true}	2023-05-29 22:56:26.606801	124
61	Beat 21	Neural_Breaks/Beat 21_100bpm.wav	4800	2	1	4f0a02fd-a84d-4aee-b009-63a60bfdaf8b	\N	{"sourceBPM":100,"anchors":{"0":{"destination":0,"pinned":false},"8":{"destination":8,"pinned":false},"0.5419444444444445":{"destination":0.5419444444444445,"pinned":false},"1.0080555555555555":{"destination":1.0080555555555555,"pinned":false},"1.5480555555555555":{"destination":1.5480555555555555,"pinned":false},"1.7519444444444445":{"destination":1.7519444444444445,"pinned":false},"2.0019444444444447":{"destination":2.0019444444444447,"pinned":false},"2.361388888888889":{"destination":2.361388888888889,"pinned":false},"2.798055555555556":{"destination":2.798055555555556,"pinned":false},"3.488611111111111":{"destination":3.488611111111111,"pinned":false},"3.7763888888888886":{"destination":3.7763888888888886,"pinned":false},"4.001944444444445":{"destination":4.001944444444445,"pinned":false},"4.254722222222222":{"destination":4.254722222222222,"pinned":false},"5.003055555555555":{"destination":5.003055555555555,"pinned":false},"5.4958333333333345":{"destination":5.4958333333333345,"pinned":false},"5.74138888888889":{"destination":5.74138888888889,"pinned":false},"6.233055555555556":{"destination":6.233055555555556,"pinned":false},"6.799722222222222":{"destination":6.799722222222222,"pinned":false},"2.503476230007769":{"destination":2.503476230007769,"pinned":false},"2.9946770000000003":{"destination":2.9946770000000003,"pinned":false},"4.74442399":{"destination":4.74442399,"pinned":false},"6.0064664400000005":{"destination":6.0064664400000005,"pinned":false},"6.998987960000001":{"destination":6.998987960000001,"pinned":false},"7.486626800000002":{"destination":7.486626800000002,"pinned":false},"7.782033":{"destination":7.782033,"pinned":false}},"enabled":true}	2023-05-29 22:56:26.606801	100
21	Beat 02	Neural_Breaks/Beat 02_80bpm_F#.wav	6000	2	1	6f2b5f4f-26ed-4c58-97b9-630be2cc9540	\N	{"sourceBPM":80,"anchors":{"0":{"destination":0,"pinned":false},"8":{"destination":8,"pinned":false},"0.5171111111111111":{"destination":0.5171111111111111,"pinned":false},"1.0006666666666666":{"destination":1.0006666666666666,"pinned":false},"2.0148888888888887":{"destination":2.0148888888888887,"pinned":false},"2.5033333333333334":{"destination":2.5033333333333334,"pinned":false},"3.0015555555555555":{"destination":3.0015555555555555,"pinned":false},"3.5166666666666666":{"destination":3.5166666666666666,"pinned":false},"4.006888888888889":{"destination":4.006888888888889,"pinned":false},"4.511777777777778":{"destination":4.511777777777778,"pinned":false},"5.01":{"destination":5.01,"pinned":false},"5.503777777777778":{"destination":5.503777777777778,"pinned":false},"5.9926666666666675":{"destination":5.9926666666666675,"pinned":false},"6.502":{"destination":6.502,"pinned":false},"6.992666666666667":{"destination":6.992666666666667,"pinned":false},"7.501555555555557":{"destination":7.501555555555557,"pinned":false},"1.8770405000000001":{"destination":1.8770405000000001,"pinned":false},"1.533017":{"destination":1.533017,"pinned":false},"5.766865":{"destination":5.766865,"pinned":false}},"enabled":true}	2023-05-29 22:56:26.606801	80
67	Beat 23	Neural_Breaks/Beat 23_80bpm.wav	6000	2	1	0dc2eb0a-aad6-4240-aa53-1e7b193ca0a1	\N	{"sourceBPM":80,"anchors":{"8":{"destination":8,"pinned":false},"0.0015555555555555555":{"destination":0.0015555555555555555,"pinned":false},"0.5033333333333333":{"destination":0.5033333333333333,"pinned":false},"0.9984444444444445":{"destination":0.9984444444444445,"pinned":false},"1.5002222222222221":{"destination":1.5002222222222221,"pinned":false},"2.0011111111111113":{"destination":2.0011111111111113,"pinned":false},"2.4957777777777777":{"destination":2.4957777777777777,"pinned":false},"3.0024444444444445":{"destination":3.0024444444444445,"pinned":false},"3.5011111111111113":{"destination":3.5011111111111113,"pinned":false},"4.001555555555556":{"destination":4.001555555555556,"pinned":false},"4.502":{"destination":4.502,"pinned":false},"5.002":{"destination":5.002,"pinned":false},"5.5055555555555555":{"destination":5.5055555555555555,"pinned":false},"6.001555555555556":{"destination":6.001555555555556,"pinned":false},"6.51":{"destination":6.51,"pinned":false},"7.01":{"destination":7.01,"pinned":false},"7.5024444444444445":{"destination":7.5024444444444445,"pinned":false},"0.7638459399478824":{"destination":0.7638459399478824,"pinned":false}},"enabled":true}	2023-05-29 22:56:26.606801	80
35	Beat 08	Neural_Breaks/Beat 08_124bpm.wav	1936	2	1	ec0c619c-9c39-4843-a5a8-38c888604407	\N	{"sourceBPM":124,"anchors":{"0.989588888888889":{"destination":0.989588888888889,"pinned":false},"1.7645888888888892":{"destination":1.7645888888888892,"pinned":false},"2.017411111111111":{"destination":2.017411111111111,"pinned":false},"2.523744444444445":{"destination":2.523744444444445,"pinned":false},"3.010788888888889":{"destination":3.010788888888889,"pinned":false},"3.4985222222222228":{"destination":3.4985222222222228,"pinned":false},"3.760988888888889":{"destination":3.760988888888889,"pinned":false},"4.0000333333333336":{"destination":4.0000333333333336,"pinned":false},"0.49869677":{"destination":0.49869677,"pinned":false},"0.7672258":{"destination":0.7672258,"pinned":false},"0.23714252":{"destination":0.23714252,"pinned":false},"1.2833595199999999":{"destination":1.2833595199999999,"pinned":false},"1.49609031":{"destination":1.49609031,"pinned":false},"2.28075306":{"destination":2.28075306,"pinned":false},"2.76550027":{"destination":2.76550027,"pinned":false},"3.25024748":{"destination":3.25024748,"pinned":false},"0.0113616":{"destination":0.0113616,"pinned":false}},"enabled":true}	2023-05-29 22:56:26.606801	124
48	Beat 14	Neural_Breaks/Beat 14_124bpm.wav	3871	2	1	7dc1ef12-71b7-4f15-85ef-17bee3ff43e5	\N	{"sourceBPM":124,"anchors":{"0":{"destination":0,"pinned":false},"0.8077222222222222":{"destination":0.8077222222222222,"pinned":false},"0.9992333333333335":{"destination":0.9992333333333335,"pinned":false},"1.9995000000000003":{"destination":1.9995000000000003,"pinned":false},"2.4941222222222224":{"destination":2.4941222222222224,"pinned":false},"2.985988888888889":{"destination":2.985988888888889,"pinned":false},"3.497144444444445":{"destination":3.497144444444445,"pinned":false},"3.970411111111112":{"destination":3.970411111111112,"pinned":false},"4.504988888888889":{"destination":4.504988888888889,"pinned":false},"4.989277777777778":{"destination":4.989277777777778,"pinned":false},"5.991611111111111":{"destination":5.991611111111111,"pinned":false},"6.9980777777777785":{"destination":6.9980777777777785,"pinned":false},"7.751722222222224":{"destination":7.751722222222224,"pinned":false},"8.00002361111111":{"destination":8.00002361111111,"pinned":false},"0.26813282":{"destination":0.26813282,"pinned":false},"0.54066126":{"destination":0.54066126,"pinned":false},"1.52528014":{"destination":1.52528014,"pinned":false},"1.74066552":{"destination":1.74066552,"pinned":false},"1.2659385600000002":{"destination":1.2659385600000002,"pinned":false},"2.29011802":{"destination":2.29011802,"pinned":false},"2.7692406000000003":{"destination":2.7692406000000003,"pinned":false},"3.28352814":{"destination":3.28352814,"pinned":false},"3.7142989":{"destination":3.7142989,"pinned":false},"4.27254264":{"destination":4.27254264,"pinned":false},"4.7472696":{"destination":4.7472696,"pinned":false},"5.28353524":{"destination":5.28353524,"pinned":false},"5.52529434":{"destination":5.52529434,"pinned":false},"5.789031540000001":{"destination":5.789031540000001,"pinned":false},"6.2725497400000005":{"destination":6.2725497400000005,"pinned":false},"6.5055176":{"destination":6.5055176,"pinned":false},"6.79562852":{"destination":6.79562852,"pinned":false},"7.27035548":{"destination":7.27035548,"pinned":false},"7.4813452400000005":{"destination":7.4813452400000005,"pinned":false}},"enabled":true}	2023-05-29 22:56:26.606801	124
45	Beat 13	Neural_Breaks/Beat 13_100bpm.wav	4800	2	1	25fc7589-88b7-4fb4-b08b-9dc417e2d8de	\N	{"sourceBPM":100,"anchors":{"8":{"destination":8,"pinned":false},"0.010833333333333335":{"destination":0.010833333333333335,"pinned":false},"0.5397222222222222":{"destination":0.5397222222222222,"pinned":false},"0.9836111111111112":{"destination":0.9836111111111112,"pinned":false},"2.0102777777777776":{"destination":2.0102777777777776,"pinned":false},"2.5036111111111117":{"destination":2.5036111111111117,"pinned":false},"3.0058333333333334":{"destination":3.0058333333333334,"pinned":false},"4.0458333333333325":{"destination":4.0458333333333325,"pinned":false},"5.041944444444445":{"destination":5.041944444444445,"pinned":false},"5.519722222222223":{"destination":5.519722222222223,"pinned":false},"6.071944444444445":{"destination":6.071944444444445,"pinned":false},"6.574722222222223":{"destination":6.574722222222223,"pinned":false},"0.8074844":{"destination":0.8074844,"pinned":false},"0.17504907":{"destination":0.17504907,"pinned":false},"1.28866807":{"destination":1.28866807,"pinned":false},"1.49313315":{"destination":1.49313315,"pinned":false},"1.7621661499999999":{"destination":1.7621661499999999,"pinned":false},"2.22490291":{"destination":2.22490291,"pinned":false},"2.39170337":{"destination":2.39170337,"pinned":false},"2.72799462":{"destination":2.72799462,"pinned":false},"3.31986722":{"destination":3.31986722,"pinned":false},"3.52702263":{"destination":3.52702263,"pinned":false},"4.3072183299999995":{"destination":4.3072183299999995,"pinned":false},"4.53589638":{"destination":4.53589638,"pinned":false},"4.818381029999999":{"destination":4.818381029999999,"pinned":false},"5.80035148":{"destination":5.80035148,"pinned":false},"6.29806253":{"destination":6.29806253,"pinned":false},"6.8334382":{"destination":6.8334382,"pinned":false},"7.02714196":{"destination":7.02714196,"pinned":false},"7.321733095":{"destination":7.321733095,"pinned":false},"7.5342691649999995":{"destination":7.5342691649999995,"pinned":false},"3.8716587800409727":{"destination":3.8716587800409727,"pinned":false},"7.865739159973508":{"destination":7.865739159973508,"pinned":false}},"enabled":true}	2023-05-29 22:56:26.606801	100
57	Beat 18	Neural_Breaks/Beat 18_80bpm.wav	6000	2	1	b5cb04d6-6939-45d1-95f3-77562c317b84	\N	{"sourceBPM":80,"anchors":{"0":{"destination":0,"pinned":false},"8":{"destination":8,"pinned":false},"1.0224444444444445":{"destination":1.0224444444444445,"pinned":false},"1.802888888888889":{"destination":1.802888888888889,"pinned":false},"2.5122222222222224":{"destination":2.5122222222222224,"pinned":false},"3.0175555555555555":{"destination":3.0175555555555555,"pinned":false},"3.510888888888889":{"destination":3.510888888888889,"pinned":false},"3.791777777777778":{"destination":3.791777777777778,"pinned":false},"4.50688888888889":{"destination":4.50688888888889,"pinned":false},"5.00911111111111":{"destination":5.00911111111111,"pinned":false},"5.508222222222222":{"destination":5.508222222222222,"pinned":false},"5.773555555555555":{"destination":5.773555555555555,"pinned":false},"6.016666666666667":{"destination":6.016666666666667,"pinned":false},"6.51":{"destination":6.51,"pinned":false},"6.990888888888889":{"destination":6.990888888888889,"pinned":false},"7.491333333333333":{"destination":7.491333333333333,"pinned":false},"7.759333333333334":{"destination":7.759333333333334,"pinned":false},"0.512542372881356":{"destination":0.512542372881356,"pinned":false},"1.5186440677966104":{"destination":1.5186440677966104,"pinned":false},"2.0024483600041205":{"destination":2.0024483600041205,"pinned":false},"3.9904689999999996":{"destination":3.9904689999999996,"pinned":false},"6.30977025":{"destination":6.30977025,"pinned":false}},"enabled":true}	2023-05-29 22:56:26.606801	80
59	Beat 19	Neural_Breaks/Beat 19_124bpm.wav	3871	2	1	4485f4a5-51f5-43ff-b2a7-bc1bb0504bef	\N	{"sourceBPM":124,"anchors":{"0.007233333333333335":{"destination":0.007233333333333335,"pinned":false},"0.48325555555555566":{"destination":0.48325555555555566,"pinned":false},"2.0022555555555557":{"destination":2.0022555555555557,"pinned":false},"2.5051444444444444":{"destination":2.5051444444444444,"pinned":false},"3.010100000000001":{"destination":3.010100000000001,"pinned":false},"3.5185000000000004":{"destination":3.5185000000000004,"pinned":false},"4.488455555555556":{"destination":4.488455555555556,"pinned":false},"4.987900000000001":{"destination":4.987900000000001,"pinned":false},"5.503877777777777":{"destination":5.503877777777777,"pinned":false},"6.502766666666669":{"destination":6.502766666666669,"pinned":false},"6.999455555555557":{"destination":6.999455555555557,"pinned":false},"7.513366666666668":{"destination":7.513366666666668,"pinned":false},"8.00002361111111":{"destination":8.00002361111111,"pinned":false},"0.95553938":{"destination":0.95553938,"pinned":false},"1.48561962":{"destination":1.48561962,"pinned":false},"3.9756018":{"destination":3.9756018,"pinned":false},"3.8632480100588515":{"destination":3.8632480100588515,"pinned":false},"5.99152379":{"destination":5.99152379,"pinned":false},"7.860907009999999":{"destination":7.860907009999999,"pinned":false}},"enabled":true}	2023-05-29 22:56:26.606801	124
27	Beat 04	Neural_Breaks/Beat 04_80bpm.wav	6000	2	1	53ebd19c-db38-42be-a59e-f7784db0940a	\N	{"sourceBPM":80,"anchors":{"8":{"destination":8,"pinned":false},"0.0015555555555555555":{"destination":0.0015555555555555555,"pinned":false},"2.5024444444444445":{"destination":2.5024444444444445,"pinned":false},"3.0055555555555555":{"destination":3.0055555555555555,"pinned":false},"4.004222222222222":{"destination":4.004222222222222,"pinned":false},"4.5024444444444445":{"destination":4.5024444444444445,"pinned":false},"5.006":{"destination":5.006,"pinned":false},"5.5024444444444445":{"destination":5.5024444444444445,"pinned":false},"5.999333333333333":{"destination":5.999333333333333,"pinned":false},"6.496666666666667":{"destination":6.496666666666667,"pinned":false},"7.003333333333333":{"destination":7.003333333333333,"pinned":false},"0.50198575":{"destination":0.50198575,"pinned":false},"1.50595725":{"destination":1.50595725,"pinned":false},"1.9888802499999998":{"destination":1.9888802499999998,"pinned":false},"3.4948374999999996":{"destination":3.4948374999999996,"pinned":false},"7.82208175":{"destination":7.82208175,"pinned":false},"7.485306499999999":{"destination":7.485306499999999,"pinned":false},"0.99727131":{"destination":0.99727131,"pinned":false}},"enabled":true}	2023-05-29 22:56:26.606801	80
36	Beat 08	Neural_Breaks/Beat 08_80bpm.wav	3000	2	1	a5967484-f93c-4279-94e8-c8ee1261e736	\N	{"sourceBPM":80,"anchors":{"0.009555555555555553":{"destination":0.009555555555555553,"pinned":false},"0.25222222222222224":{"destination":0.25222222222222224,"pinned":false},"0.7819999999999999":{"destination":0.7819999999999999,"pinned":false},"0.9935555555555555":{"destination":0.9935555555555555,"pinned":false},"2.0224444444444445":{"destination":2.0224444444444445,"pinned":false},"2.5282222222222224":{"destination":2.5282222222222224,"pinned":false},"3.011333333333333":{"destination":3.011333333333333,"pinned":false},"3.504222222222222":{"destination":3.504222222222222,"pinned":false},"3.7624444444444443":{"destination":3.7624444444444443,"pinned":false},"3.9999999999999996":{"destination":3.9999999999999996,"pinned":false},"1.2718644067796612":{"destination":1.2718644067796612,"pinned":false},"1.4996610169491527":{"destination":1.4996610169491527,"pinned":false},"1.7606779661016951":{"destination":1.7606779661016951,"pinned":false},"2.273220338983051":{"destination":2.273220338983051,"pinned":false},"2.7667796610169497":{"destination":2.7667796610169497,"pinned":false},"3.2793220338983056":{"destination":3.2793220338983056,"pinned":false},"0.512542372881356":{"destination":0.512542372881356,"pinned":false}},"enabled":true}	2023-05-29 22:56:26.606801	80
62	Beat 21	Neural_Breaks/Beat 21_124bpm.wav	3871	2	1	3c5e8eba-1b99-462c-8427-529bd2cb9a69	\N	{"sourceBPM":124,"anchors":{"0":{"destination":0,"pinned":false},"0.5466333333333334":{"destination":0.5466333333333334,"pinned":false},"1.0081888888888888":{"destination":1.0081888888888888,"pinned":false},"1.5524111111111112":{"destination":1.5524111111111112,"pinned":false},"1.752188888888889":{"destination":1.752188888888889,"pinned":false},"2.0022555555555557":{"destination":2.0022555555555557,"pinned":false},"2.3577222222222227":{"destination":2.3577222222222227,"pinned":false},"2.5072111111111117":{"destination":2.5072111111111117,"pinned":false},"2.797922222222222":{"destination":2.797922222222222,"pinned":false},"3.007344444444445":{"destination":3.007344444444445,"pinned":false},"3.4881888888888892":{"destination":3.4881888888888892,"pinned":false},"3.7761444444444447":{"destination":3.7761444444444447,"pinned":false},"4.0027888888888885":{"destination":4.0027888888888885,"pinned":false},"4.256988888888889":{"destination":4.256988888888889,"pinned":false},"5.003744444444445":{"destination":5.003744444444445,"pinned":false},"5.494233333333335":{"destination":5.494233333333335,"pinned":false},"5.741544444444446":{"destination":5.741544444444446,"pinned":false},"6.235477777777779":{"destination":6.235477777777779,"pinned":false},"6.798988888888891":{"destination":6.798988888888891,"pinned":false},"7.780655555555555":{"destination":7.780655555555555,"pinned":false},"8.00002361111111":{"destination":8.00002361111111,"pinned":false},"0.2441159":{"destination":0.2441159,"pinned":false},"4.72189898":{"destination":4.72189898,"pinned":false},"6.00525114":{"destination":6.00525114,"pinned":false},"6.992248780007018":{"destination":6.992248780007018,"pinned":false},"7.482322770000001":{"destination":7.482322770000001,"pinned":false}},"enabled":true}	2023-05-29 22:56:26.606801	124
486	swarms of bees	generated/70/swarms of bees-b04eae99-7890-4a3f-b9dd-b7cdd32ba9e0.wav	5000	\N	70	b04eae99-7890-4a3f-b9dd-b7cdd32ba9e0	\N	\N	2023-06-04 17:49:23.281468	\N
489	amen break	generated/70/amen break-53f339b4-2e9d-4534-b88f-cc3ee6d10b24.wav	5000	\N	70	53f339b4-2e9d-4534-b88f-cc3ee6d10b24	\N	\N	2023-06-04 18:21:37.336278	\N
512	bees	generated/1/bees-86febe46-6c94-4393-8374-3622a4f954b0.wav	5000	\N	1	86febe46-6c94-4393-8374-3622a4f954b0	\N	\N	2023-06-05 06:46:28.646625	\N
525	mozart	generated/1/mozart-306cb793-b3bc-4045-98d9-97bc9a9b1252.wav	5000	\N	1	306cb793-b3bc-4045-98d9-97bc9a9b1252	\N	\N	2023-06-05 06:57:18.635139	\N
1093	Stingray E2 Soft	Stingray Fingerpick/Stingray E2 Soft-9b3bdc7c-b2c8-4af6-a87a-889865446486.wav	17920	11	1	9b3bdc7c-b2c8-4af6-a87a-889865446486	\N	\N	2023-06-30 22:47:13.063761	\N
1147	Funky Beat	generated/1/Funky Beat-991d68f9-4caa-4365-abf5-4c9964816b45.wav	5000	\N	1	991d68f9-4caa-4365-abf5-4c9964816b45	\N	\N	2023-07-08 03:42:02.386378	\N
17	Beat 01	Neural_Breaks/Beat 01_124bpm_Bb.wav	1936	2	1	c3e19046-719b-498a-90c9-86396198539a	\N	{"sourceBPM":124,"anchors":{"0.007922222222222225":{"destination":0.007922222222222225,"pinned":false},"1.0054333333333336":{"destination":1.0054333333333336,"pinned":false},"1.9795222222222228":{"destination":1.9795222222222228,"pinned":false},"2.4796555555555564":{"destination":2.4796555555555564,"pinned":false},"2.993566666666667":{"destination":2.993566666666667,"pinned":false},"3.8016333333333336":{"destination":3.8016333333333336,"pinned":false},"4.0000333333333336":{"destination":4.0000333333333336,"pinned":false},"0.51787545":{"destination":0.51787545,"pinned":false},"1.4996148":{"destination":1.4996148,"pinned":false},"3.49168785":{"destination":3.49168785,"pinned":false}},"enabled":true}	2023-05-29 22:56:26.606801	124
1095	Stingray Bb3 Soft	Stingray Fingerpick/Stingray Bb3 Soft-0ee8c0a1-7217-4198-bafe-8ebcf39fa72c.wav	13739	11	1	0ee8c0a1-7217-4198-bafe-8ebcf39fa72c	\N	\N	2023-06-30 22:50:30.841351	\N
28	Beat 05	Neural_Breaks/Beat 05_100bpm_C#.wav	4800	2	1	97d7013e-ee99-488a-93a7-ba662437da29	\N	{"sourceBPM":100,"anchors":{"8":{"destination":8,"pinned":false},"0.014166666666666668":{"destination":0.014166666666666668,"pinned":false},"0.2830555555555555":{"destination":0.2830555555555555,"pinned":false},"0.4986111111111111":{"destination":0.4986111111111111,"pinned":false},"1.0191666666666668":{"destination":1.0191666666666668,"pinned":false},"1.7952777777777778":{"destination":1.7952777777777778,"pinned":false},"2.0091666666666668":{"destination":2.0091666666666668,"pinned":false},"2.515833333333333":{"destination":2.515833333333333,"pinned":false},"2.998611111111111":{"destination":2.998611111111111,"pinned":false},"3.5102777777777785":{"destination":3.5102777777777785,"pinned":false},"3.8569444444444443":{"destination":3.8569444444444443,"pinned":false},"3.993055555555556":{"destination":3.993055555555556,"pinned":false},"4.496388888888889":{"destination":4.496388888888889,"pinned":false},"4.9975":{"destination":4.9975,"pinned":false},"6.475833333333334":{"destination":6.475833333333334,"pinned":false},"6.959722222222222":{"destination":6.959722222222222,"pinned":false},"7.84638888888889":{"destination":7.84638888888889,"pinned":false},"1.5132166610169493":{"destination":1.5132166610169493,"pinned":false},"5.781680862523541":{"destination":5.781680862523541,"pinned":false},"5.499647649717515":{"destination":5.499647649717515,"pinned":false},"6.248120406779662":{"destination":6.248120406779662,"pinned":false},"7.50436925":{"destination":7.50436925,"pinned":false}},"enabled":true}	2023-05-29 22:56:26.606801	100
1094	Stingray C#3 Soft	Stingray Fingerpick/Stingray C#3 Soft-95c3945c-3880-4f71-97a2-ebf179d08bae.wav	16299	11	1	95c3945c-3880-4f71-97a2-ebf179d08bae	\N	\N	2023-06-30 22:48:37.280373	\N
93	Percussion Loop 03	Neural_Techno/Percussion Loop 03_124bpm.wav	3871	3	1	dcedd30b-3a06-463c-8581-3a63ec1ec5c6	\N	{"sourceBPM":124,"anchors":{"0.016120937263794412":{"destination":0.016120937263794412,"pinned":false},"0.7509357520786092":{"destination":0.7509357520786092,"pinned":false},"1.0178684807256237":{"destination":1.0178684807256237,"pinned":false},"2.9748752834467127":{"destination":2.9748752834467127,"pinned":false},"4.005115646258504":{"destination":4.005115646258504,"pinned":false},"5.012861678004536":{"destination":5.012861678004536,"pinned":false},"6.010110355253214":{"destination":6.010110355253214,"pinned":false},"8.000015117157973":{"destination":8.000015117157973,"pinned":false},"6.98656277":{"destination":6.98656277,"pinned":false}},"enabled":true}	2023-05-29 22:56:26.606801	124
484	funky beat	generated/70/funky beat-41ed90de-3e3b-44d0-bfb1-b79f426c5f0e.wav	5000	\N	70	41ed90de-3e3b-44d0-bfb1-b79f426c5f0e	\N	\N	2023-06-04 17:48:48.875409	\N
487	amen break	generated/70/amen break-be3d89d5-b6ec-440c-ac47-519120f9c072.wav	5000	\N	70	be3d89d5-b6ec-440c-ac47-519120f9c072	\N	\N	2023-06-04 17:49:36.88904	\N
1096	Stingray G4 Soft	Stingray Fingerpick/Stingray G4 Soft-8614497d-6e97-49a8-8b62-c54c3dbecd91.wav	14080	11	1	8614497d-6e97-49a8-8b62-c54c3dbecd91	\N	\N	2023-06-30 22:50:46.275834	\N
39	Beat 10	Neural_Breaks/Beat 10_100bpm.wav	4800	2	1	73f43d1a-4431-4984-96c2-a6ebbea94298	\N	{"sourceBPM":100,"anchors":{"8":{"destination":8,"pinned":false},"0.0008333333333333335":{"destination":0.0008333333333333335,"pinned":false},"0.49750000000000005":{"destination":0.49750000000000005,"pinned":false},"1.0008333333333335":{"destination":1.0008333333333335,"pinned":false},"2.0063888888888886":{"destination":2.0063888888888886,"pinned":false},"2.290277777777778":{"destination":2.290277777777778,"pinned":false},"2.4986111111111113":{"destination":2.4986111111111113,"pinned":false},"3.0030555555555556":{"destination":3.0030555555555556,"pinned":false},"3.5125000000000006":{"destination":3.5125000000000006,"pinned":false},"3.7525000000000004":{"destination":3.7525000000000004,"pinned":false},"4.000277777777778":{"destination":4.000277777777778,"pinned":false},"4.510277777777778":{"destination":4.510277777777778,"pinned":false},"4.799166666666666":{"destination":4.799166666666666,"pinned":false},"5.003055555555557":{"destination":5.003055555555557,"pinned":false},"5.520833333333334":{"destination":5.520833333333334,"pinned":false},"6.50138888888889":{"destination":6.50138888888889,"pinned":false},"6.848055555555556":{"destination":6.848055555555556,"pinned":false},"7.0025":{"destination":7.0025,"pinned":false},"7.516944444444445":{"destination":7.516944444444445,"pinned":false},"0.7441355932203391":{"destination":0.7441355932203391,"pinned":false},"0.2202033898305085":{"destination":0.2202033898305085,"pinned":false},"1.2528813559322034":{"destination":1.2528813559322034,"pinned":false},"1.5110508474576272":{"destination":1.5110508474576272,"pinned":false},"1.776813559322034":{"destination":1.776813559322034,"pinned":false},"2.7259661016949153":{"destination":2.7259661016949153,"pinned":false},"4.267389830508475":{"destination":4.267389830508475,"pinned":false},"5.277288135593221":{"destination":5.277288135593221,"pinned":false},"5.770847457627119":{"destination":5.770847457627119,"pinned":false},"5.975864406779661":{"destination":5.975864406779661,"pinned":false}},"enabled":true}	2023-05-29 22:56:26.606801	100
1097	Stingray E2 MedSoft	Stingray Fingerpick/Stingray E2 MedSoft-db2e9f37-b97e-4eec-a8a5-aa76383b1eb3.wav	18005	11	1	db2e9f37-b97e-4eec-a8a5-aa76383b1eb3	\N	\N	2023-06-30 22:51:29.742784	\N
1180	rising hiss	generated/70/rising hiss-493e6946-29ca-483b-85ab-a91c97f5dcdb.wav	5000	\N	70	493e6946-29ca-483b-85ab-a91c97f5dcdb	\N	\N	2023-07-10 06:19:54.939191	\N
485	laser fighting	generated/70/laser fighting-bea73e8f-c055-433b-93ef-b45c642a9b08.wav	5000	\N	70	bea73e8f-c055-433b-93ef-b45c642a9b08	\N	\N	2023-06-04 17:49:06.784234	\N
488	amen break	generated/70/amen break-bb9907fa-c6be-4d9b-a17d-f2ddb7aacd6c.wav	5000	\N	70	bb9907fa-c6be-4d9b-a17d-f2ddb7aacd6c	\N	\N	2023-06-04 18:21:18.23437	\N
772	fart noises	generated/70/fart noises-67d2c56c-97ed-41c2-8c6f-09d1b257bb89.wav	5000	\N	70	67d2c56c-97ed-41c2-8c6f-09d1b257bb89	\N	\N	2023-06-13 05:13:12.218561	\N
774	phone ringtone	generated/70/phone ringtone-d7e13cec-58d4-421e-8047-726c00c50696.wav	5000	\N	70	d7e13cec-58d4-421e-8047-726c00c50696	\N	\N	2023-06-13 05:14:08.065759	\N
1098	Stingray C#3 MedSoft	Stingray Fingerpick/Stingray C#3 MedSoft-847bc919-db06-4ce2-88bb-c7c078667ded.wav	20053	11	1	847bc919-db06-4ce2-88bb-c7c078667ded	\N	\N	2023-06-30 22:52:21.287549	\N
773	futuristic phone ringtone	generated/70/futuristic phone ringtone-bc74127a-c426-441e-81a7-7efe1d5a6b36.wav	5000	\N	70	bc74127a-c426-441e-81a7-7efe1d5a6b36	\N	\N	2023-06-13 05:13:49.750886	\N
40	Beat 10	Neural_Breaks/Beat 10_124bpm.wav	3871	2	1	574e4cec-3886-4579-8340-fec4a42aea51	\N	{"sourceBPM":124,"anchors":{"0.0010333333333333334":{"destination":0.0010333333333333334,"pinned":false},"0.4929000000000001":{"destination":0.4929000000000001,"pinned":false},"0.9992333333333335":{"destination":0.9992333333333335,"pinned":false},"2.003633333333334":{"destination":2.003633333333334,"pinned":false},"2.498255555555556":{"destination":2.498255555555556,"pinned":false},"3.0032111111111117":{"destination":3.0032111111111117,"pinned":false},"3.509544444444445":{"destination":3.509544444444445,"pinned":false},"3.7513444444444453":{"destination":3.7513444444444453,"pinned":false},"3.997277777777779":{"destination":3.997277777777779,"pinned":false},"4.5070555555555565":{"destination":4.5070555555555565,"pinned":false},"4.798455555555556":{"destination":4.798455555555556,"pinned":false},"5.001677777777778":{"destination":5.001677777777778,"pinned":false},"5.516966666666668":{"destination":5.516966666666668,"pinned":false},"6.496566666666667":{"destination":6.496566666666667,"pinned":false},"6.847211111111112":{"destination":6.847211111111112,"pinned":false},"7.000833333333334":{"destination":7.000833333333334,"pinned":false},"7.512677777777779":{"destination":7.512677777777779,"pinned":false},"7.999980555555555":{"destination":7.999980555555555,"pinned":false},"1.2136579299999999":{"destination":1.2136579299999999,"pinned":false},"1.49324405":{"destination":1.49324405,"pinned":false},"1.74105902":{"destination":1.74105902,"pinned":false},"0.73073645":{"destination":0.73073645,"pinned":false},"4.27639679":{"destination":4.27639679,"pinned":false},"5.28671936":{"destination":5.28671936,"pinned":false},"5.761559359953792":{"destination":5.761559359953792,"pinned":false},"5.987372159953792":{"destination":5.987372159953792,"pinned":false},"0.22842277997605673":{"destination":0.22842277997605673,"pinned":false},"2.7105962800815364":{"destination":2.7105962800815364,"pinned":false}},"enabled":true}	2023-05-29 22:56:26.606801	124
41	Beat 11	Neural_Breaks/Beat 11_100bpm.wav	4800	2	1	8855dd1d-3df5-40c2-b4ac-e670b814dc27	\N	{"sourceBPM":100,"anchors":{"0.029166666666666667":{"destination":0.029166666666666667,"pinned":false},"0.2508333333333334":{"destination":0.2508333333333334,"pinned":false},"1.0041666666666669":{"destination":1.0041666666666669,"pinned":false},"1.5019444444444443":{"destination":1.5019444444444443,"pinned":false},"1.776388888888889":{"destination":1.776388888888889,"pinned":false},"2.754722222222222":{"destination":2.754722222222222,"pinned":false},"3.494722222222223":{"destination":3.494722222222223,"pinned":false},"3.779166666666667":{"destination":3.779166666666667,"pinned":false},"4.500277777777778":{"destination":4.500277777777778,"pinned":false},"4.754722222222223":{"destination":4.754722222222223,"pinned":false},"5.526388888888889":{"destination":5.526388888888889,"pinned":false},"6.746388888888889":{"destination":6.746388888888889,"pinned":false},"7.498055555555556":{"destination":7.498055555555556,"pinned":false},"7.780277777777778":{"destination":7.780277777777778,"pinned":false},"8.000000000000002":{"destination":8.000000000000002,"pinned":false},"0.5011525423728814":{"destination":0.5011525423728814,"pinned":false},"0.7365423728813559":{"destination":0.7365423728813559,"pinned":false},"1.3819661016949154":{"destination":1.3819661016949154,"pinned":false},"1.9970169491525425":{"destination":1.9970169491525425,"pinned":false},"2.4905762711864408":{"destination":2.4905762711864408,"pinned":false},"3.24928604":{"destination":3.24928604,"pinned":false},"4.00167174":{"destination":4.00167174,"pinned":false},"4.9989016":{"destination":4.9989016,"pinned":false},"5.7372597700000005":{"destination":5.7372597700000005,"pinned":false},"5.993581":{"destination":5.993581,"pinned":false},"6.26265453":{"destination":6.26265453,"pinned":false},"6.4909207":{"destination":6.4909207,"pinned":false},"6.9869851700000005":{"destination":6.9869851700000005,"pinned":false},"7.24840732":{"destination":7.24840732,"pinned":false}},"enabled":true}	2023-05-29 22:56:26.606801	100
1099	Stingray G4 MedSoft	Stingray Fingerpick/Stingray G4 MedSoft-6c322e9b-b61c-4372-9ae1-ad690672d426.wav	14080	11	1	6c322e9b-b61c-4372-9ae1-ad690672d426	\N	\N	2023-06-30 22:53:51.528901	\N
1101	Stingray Bb3 MedSoft	Stingray Fingerpick/Stingray Bb3 MedSoft-55576be0-62eb-4e82-8ef8-02497e17cfb5.wav	16043	11	1	55576be0-62eb-4e82-8ef8-02497e17cfb5	\N	\N	2023-06-30 22:54:55.736489	\N
775	guitar riff in C minor	generated/70/guitar riff in C minor-8a531026-63a9-4d74-9781-b5e3896d2ba6.wav	5000	\N	70	8a531026-63a9-4d74-9781-b5e3896d2ba6	\N	\N	2023-06-13 05:17:11.99447	\N
101	Percussion Loop 11	Neural_Techno/Percussion Loop 11_124bpm.wav	3871	3	1	07c61540-f01d-4b34-89e1-769df83f1191	\N	{"sourceBPM":124,"anchors":{"0":{"destination":0,"pinned":false},"0.2875525321239607":{"destination":0.2875525321239607,"pinned":false},"1.0268662131519275":{"destination":1.0268662131519275,"pinned":false},"1.5412365835222979":{"destination":1.5412365835222979,"pinned":false},"1.9791262282690854":{"destination":1.9791262282690854,"pinned":false},"2.790421768707483":{"destination":2.790421768707483,"pinned":false},"4.022361300075586":{"destination":4.022361300075586,"pinned":false},"4.490243386243386":{"destination":4.490243386243386,"pinned":false},"5.482243386243386":{"destination":5.482243386243386,"pinned":false},"5.952374905517763":{"destination":5.952374905517763,"pinned":false},"8.000015117157973":{"destination":8.000015117157973,"pinned":false},"6.46638223":{"destination":6.46638223,"pinned":false},"7.21077852":{"destination":7.21077852,"pinned":false},"7.73095906":{"destination":7.73095906,"pinned":false},"3.25561269":{"destination":3.25561269,"pinned":false}},"enabled":true}	2023-05-29 22:56:26.606801	124
776	blues guitar chords in D major	generated/70/blues guitar chords in D major-f7c0d118-9bfa-449b-8a10-74305ca028fe.wav	5000	\N	70	f7c0d118-9bfa-449b-8a10-74305ca028fe	\N	\N	2023-06-13 05:17:55.91825	\N
65	Beat 23	Neural_Breaks/Beat 23_100bpm.wav	4800	2	1	a0e6704d-56d0-4491-987b-c721af079230	\N	{"sourceBPM":100,"anchors":{"0.0019444444444444446":{"destination":0.0019444444444444446,"pinned":false},"0.5025000000000001":{"destination":0.5025000000000001,"pinned":false},"0.9997222222222224":{"destination":0.9997222222222224,"pinned":false},"1.5019444444444447":{"destination":1.5019444444444447,"pinned":false},"2.004722222222222":{"destination":2.004722222222222,"pinned":false},"2.500277777777778":{"destination":2.500277777777778,"pinned":false},"3.0080555555555555":{"destination":3.0080555555555555,"pinned":false},"3.5136111111111115":{"destination":3.5136111111111115,"pinned":false},"4.021388888888889":{"destination":4.021388888888889,"pinned":false},"4.528611111111111":{"destination":4.528611111111111,"pinned":false},"5.038611111111112":{"destination":5.038611111111112,"pinned":false},"5.504722222222222":{"destination":5.504722222222222,"pinned":false},"6.000833333333333":{"destination":6.000833333333333,"pinned":false},"6.511944444444445":{"destination":6.511944444444445,"pinned":false},"7.009722222222223":{"destination":7.009722222222223,"pinned":false},"7.501944444444444":{"destination":7.501944444444444,"pinned":false},"7.999965277777777":{"destination":7.999965277777777,"pinned":false},"0.7517255508474577":{"destination":0.7517255508474577,"pinned":false},"2.2475834651600755":{"destination":2.2475834651600755,"pinned":false},"5.7404496610169495":{"destination":5.7404496610169495,"pinned":false}},"enabled":true}	2023-05-29 22:56:26.606801	100
777	hiphop beats 808 style 120bpm	generated/70/hiphop beats 808 style 120bpm-05428c05-e907-4f67-8326-d802417b6e66.wav	5000	\N	70	05428c05-e907-4f67-8326-d802417b6e66	\N	\N	2023-06-13 05:18:38.64578	\N
84	Beat 12	Neural_Techno/Beat 12_115bpm.wav	4174	3	1	9a755eae-1266-43bd-95c2-719f4a821f2b	\N	{"sourceBPM":115,"anchors":{"0.007301587301587301":{"destination":0.007301587301587301,"pinned":false},"0.49268329554043844":{"destination":0.49268329554043844,"pinned":false},"0.9641572184429328":{"destination":0.9641572184429328,"pinned":false},"1.4940438397581257":{"destination":1.4940438397581257,"pinned":false},"1.9933333333333338":{"destination":1.9933333333333338,"pinned":false},"2.5141798941798945":{"destination":2.5141798941798945,"pinned":false},"3.0016477702191993":{"destination":3.0016477702191993,"pinned":false},"3.524580498866213":{"destination":3.524580498866213,"pinned":false},"4.248480725623583":{"destination":4.248480725623583,"pinned":false},"4.971685563114135":{"destination":4.971685563114135,"pinned":false},"5.4946182917611495":{"destination":5.4946182917611495,"pinned":false},"6.011987906273622":{"destination":6.011987906273622,"pinned":false},"6.2421617535903255":{"destination":6.2421617535903255,"pinned":false},"6.525880574452003":{"destination":6.525880574452003,"pinned":false},"6.999440665154952":{"destination":6.999440665154952,"pinned":false},"7.505684051398339":{"destination":7.505684051398339,"pinned":false},"7.999975434618293":{"destination":7.999975434618293,"pinned":false},"3.9461772746119257":{"destination":3.9461772746119257,"pinned":false},"4.486969764492755":{"destination":4.486969764492755,"pinned":false},"4.760262496549346":{"destination":4.760262496549346,"pinned":false},"2.732927320565908":{"destination":2.732927320565908,"pinned":false},"6.742860376984127":{"destination":6.742860376984127,"pinned":false},"7.239756253450656":{"destination":7.239756253450656,"pinned":false}},"enabled":true}	2023-05-29 22:56:26.606801	115
73	Beat 01	Neural_Techno/Beat 01_124bpm.wav	3871	3	1	7a362195-af69-4a35-92b9-2e537a20b542	\N	{"sourceBPM":124,"anchors":{"0.0033741496598639464":{"destination":0.0033741496598639464,"pinned":false},"0.4974996220710508":{"destination":0.4974996220710508,"pinned":false},"0.9863764172335602":{"destination":0.9863764172335602,"pinned":false},"1.226315948601663":{"destination":1.226315948601663,"pinned":false},"1.4812517006802723":{"destination":1.4812517006802723,"pinned":false},"1.7354376417233561":{"destination":1.7354376417233561,"pinned":false},"2.2453091458805745":{"destination":2.2453091458805745,"pinned":false},"2.48":{"destination":2.48,"pinned":false},"2.728937263794407":{"destination":2.728937263794407,"pinned":false},"2.9786243386243387":{"destination":2.9786243386243387,"pinned":false},"3.1323356009070302":{"destination":3.1323356009070302,"pinned":false},"3.714188964474679":{"destination":3.714188964474679,"pinned":false},"3.9721239606953898":{"destination":3.9721239606953898,"pinned":false},"4.730932728647016":{"destination":4.730932728647016,"pinned":false},"5.539229024943312":{"destination":5.539229024943312,"pinned":false},"6.01385941043084":{"destination":6.01385941043084,"pinned":false},"6.267295540438397":{"destination":6.267295540438397,"pinned":false},"6.507984882842027":{"destination":6.507984882842027,"pinned":false},"6.767419501133788":{"destination":6.767419501133788,"pinned":false},"7.011857898715042":{"destination":7.011857898715042,"pinned":false},"7.511232048374906":{"destination":7.511232048374906,"pinned":false},"7.750421768707484":{"destination":7.750421768707484,"pinned":false},"8.000015117157973":{"destination":8.000015117157973,"pinned":false},"3.45292255":{"destination":3.45292255,"pinned":false},"4.45740911":{"destination":4.45740911,"pinned":false},"1.99103586":{"destination":1.99103586,"pinned":false},"5.14799362":{"destination":5.14799362,"pinned":false},"7.27355893":{"destination":7.27355893,"pinned":false}},"enabled":true}	2023-05-29 22:56:26.606801	124
83	Beat 11	Neural_Techno/Beat 11_124bpm.wav	3871	3	1	652ee845-cf12-4962-a768-57384f3ded53	\N	{"sourceBPM":124,"anchors":{"0":{"destination":0,"pinned":false},"0.9983733938019654":{"destination":0.9983733938019654,"pinned":false},"1.9956220710506427":{"destination":1.9956220710506427,"pinned":false},"2.9988692365835226":{"destination":2.9988692365835226,"pinned":false},"3.9916190476190483":{"destination":3.9916190476190483,"pinned":false},"5.00086470143613":{"destination":5.00086470143613,"pinned":false},"6.00261224489796":{"destination":6.00261224489796,"pinned":false},"7.001360544217688":{"destination":7.001360544217688,"pinned":false},"8.000015117157977":{"destination":8.000015117157977,"pinned":false},"2.484075128060264":{"destination":2.484075128060264,"pinned":false}},"enabled":true}	2023-05-29 22:56:26.606801	124
97	Percussion Loop 07	Neural_Techno/Percussion Loop 07_124bpm.wav	1936	3	1	2f108c38-a3f5-4332-9d9a-670a5293519b	\N	{"sourceBPM":124,"anchors":{"0.006373393801965231":{"destination":0.006373393801965231,"pinned":false},"0.9961239606953893":{"destination":0.9961239606953893,"pinned":false},"3.000368858654573":{"destination":3.000368858654573,"pinned":false},"4.000007558578987":{"destination":4.000007558578987,"pinned":false},"1.71300642":{"destination":1.71300642,"pinned":false},"3.49327749":{"destination":3.49327749,"pinned":false},"1.494201488700565":{"destination":1.494201488700565,"pinned":false},"2.7524764265536725":{"destination":2.7524764265536725,"pinned":false},"2.2426581327683617":{"destination":2.2426581327683617,"pinned":false}},"enabled":true}	2023-05-29 22:56:26.606801	124
519	choppy techno synth	generated/1/choppy techno synth-69ba1a24-bf46-43e0-8846-0f4488f557fe.wav	5000	\N	1	69ba1a24-bf46-43e0-8846-0f4488f557fe	\N	\N	2023-06-05 06:52:22.891083	\N
1104	Stingray C#3 MedLoud	Stingray Fingerpick/Stingray C#3 MedLoud-6b6090a0-2624-4f5a-9f97-fc07876af1c1.wav	16213	11	1	6b6090a0-2624-4f5a-9f97-fc07876af1c1	\N	\N	2023-06-30 22:58:00.381135	\N
520	synthy techno chop	generated/1/synthy techno chop-55998c55-9ff0-4c06-85a2-6dc74f0c1dfa.wav	5000	\N	1	55998c55-9ff0-4c06-85a2-6dc74f0c1dfa	\N	\N	2023-06-05 06:52:44.32802	\N
513	bees but also trombone	generated/1/bees but also trombone-4fe56373-889f-4b83-8df0-bad96d35bc4c.wav	5000	\N	1	4fe56373-889f-4b83-8df0-bad96d35bc4c	\N	\N	2023-06-05 06:46:55.371202	\N
514	person saying the word ass	generated/1/person saying the word ass-3cf0ddd4-9d8d-4bb6-8708-4ec276c93900.wav	5000	\N	1	3cf0ddd4-9d8d-4bb6-8708-4ec276c93900	\N	\N	2023-06-05 06:47:14.728032	\N
515	person saying oh sweet fuck	generated/1/person saying oh sweet fuck-5e15b3cb-81ca-4ce2-9937-a941563a12d8.wav	5000	\N	1	5e15b3cb-81ca-4ce2-9937-a941563a12d8	\N	\N	2023-06-05 06:50:37.277311	\N
516	person saying oh sweet frick	generated/1/person saying oh sweet frick-17635435-3090-44b1-8107-9b8c39d5ad3c.wav	5000	\N	1	17635435-3090-44b1-8107-9b8c39d5ad3c	\N	\N	2023-06-05 06:51:06.073969	\N
517	music sweet music	generated/1/music sweet music-0537847b-53de-4dd2-96f1-5b1e3589d7bc.wav	5000	\N	1	0537847b-53de-4dd2-96f1-5b1e3589d7bc	\N	\N	2023-06-05 06:51:27.754597	\N
518	muzak	generated/1/muzak-39de6c30-c9bd-4c35-8b84-2f1e1681d8de.wav	5000	\N	1	39de6c30-c9bd-4c35-8b84-2f1e1681d8de	\N	\N	2023-06-05 06:51:47.023761	\N
521	speedboats on fire	generated/1/speedboats on fire-6211150f-b68d-4ce5-be48-eedf58200071.wav	5000	\N	1	6211150f-b68d-4ce5-be48-eedf58200071	\N	\N	2023-06-05 06:53:06.813393	\N
522	an orange falling off a tree and splatting	generated/1/an orange falling off a tree and splatting-98ece430-9de2-4085-9865-e7fb56fb8fb2.wav	5000	\N	1	98ece430-9de2-4085-9865-e7fb56fb8fb2	\N	\N	2023-06-05 06:53:30.983279	\N
523	dusty vinyl record of mickey mouse	generated/1/dusty vinyl record of mickey mouse-24351daa-8bc6-4eaa-a9df-f89d27da2b78.wav	5000	\N	1	24351daa-8bc6-4eaa-a9df-f89d27da2b78	\N	\N	2023-06-05 06:53:58.17151	\N
524	angry hip hop with lyrics	generated/1/angry hip hop with lyrics-c3087ff3-919f-4ec7-85ff-b942fc1e9e8d.wav	5000	\N	1	c3087ff3-919f-4ec7-85ff-b942fc1e9e8d	\N	\N	2023-06-05 06:54:28.035252	\N
1105	Stingray E2 MedLoud	Stingray Fingerpick/Stingray E2 MedLoud-e4441702-d717-4151-8abd-f1621c80be85.wav	19371	11	1	e4441702-d717-4151-8abd-f1621c80be85	\N	\N	2023-06-30 23:01:55.418829	\N
1106	Stingray Bb3 MedLoud	Stingray Fingerpick/Stingray Bb3 MedLoud-578c17a2-94f6-477e-9365-5a3588089145.wav	16043	11	1	578c17a2-94f6-477e-9365-5a3588089145	\N	\N	2023-06-30 23:23:14.018191	\N
1334	Bass 808 C7	808 Bass/Bass 808 C7-219bc0fa-b862-4da6-a2c3-d2b7718f1753.wav	3437	14	70	219bc0fa-b862-4da6-a2c3-d2b7718f1753	\N	\N	2023-07-18 18:46:19.288932	\N
1107	Stingray G4 MedLoud	Stingray Fingerpick/Stingray G4 MedLoud-c48ceae7-47a9-4ab7-8b29-a5460d515318.wav	12032	11	1	c48ceae7-47a9-4ab7-8b29-a5460d515318	\N	\N	2023-06-30 23:24:10.322778	\N
1331	Bass 808 C3	808 Bass/Bass 808 C3-d107342d-68b6-46f7-a53a-f73c144ffe5d.wav	3437	14	70	d107342d-68b6-46f7-a53a-f73c144ffe5d	\N	\N	2023-07-18 18:46:18.491139	\N
1332	Bass 808 C1	808 Bass/Bass 808 C1-e657a4a1-092e-4722-9ee2-05ee5856d5e9.wav	3437	14	70	e657a4a1-092e-4722-9ee2-05ee5856d5e9	\N	\N	2023-07-18 18:46:18.722743	\N
1333	Bass 808 C5	808 Bass/Bass 808 C5-1c37f8f4-e268-41a3-9260-9cf88753c173.wav	3437	14	70	1c37f8f4-e268-41a3-9260-9cf88753c173	\N	\N	2023-07-18 18:46:19.284046	\N
1108	Stingray G4 Loud	Stingray Fingerpick/Stingray G4 Loud-562d44ff-23d0-427d-a61c-6efe3dc9095c.wav	10240	11	1	562d44ff-23d0-427d-a61c-6efe3dc9095c	\N	\N	2023-07-01 01:15:24.274403	\N
1109	Stingray Bb3 Loud	Stingray Fingerpick/Stingray Bb3 Loud-027ae4f0-df1f-46d9-8bbd-a9b1eda0c36a.wav	16213	11	1	027ae4f0-df1f-46d9-8bbd-a9b1eda0c36a	\N	\N	2023-07-01 01:15:30.595566	\N
1110	Stingray E2 Loud	Stingray Fingerpick/Stingray E2 Loud-3b24efd7-d793-4f37-8797-45f24f699dbf.wav	27989	11	1	3b24efd7-d793-4f37-8797-45f24f699dbf	\N	\N	2023-07-01 01:15:35.163325	\N
1111	Stingray C#3 Loud	Stingray Fingerpick/Stingray C#3 Loud-a446b9e5-9091-40d4-8b2b-e711353b7335.wav	20053	11	1	a446b9e5-9091-40d4-8b2b-e711353b7335	\N	\N	2023-07-01 01:15:36.257834	\N
1116	C5v1	Salamander Piano Micro (sampled by Alexander Holm)/C5v1-c4525e69-36a9-4393-8463-9f3737db5927.wav	13404	12	1	c4525e69-36a9-4393-8463-9f3737db5927	\N	\N	2023-07-01 01:37:18.066268	\N
1112	C7v6	Salamander Piano Micro (sampled by Alexander Holm)/C7v6-7157adb8-dfbd-4ddb-a53f-550f7795db9b.wav	4196	12	1	7157adb8-dfbd-4ddb-a53f-550f7795db9b	\N	\N	2023-07-01 01:37:04.183857	\N
1113	C7v11	Salamander Piano Micro (sampled by Alexander Holm)/C7v11-8b791828-aa88-4261-9de6-db1c741a9f6c.wav	4350	12	1	8b791828-aa88-4261-9de6-db1c741a9f6c	\N	\N	2023-07-01 01:37:05.562084	\N
1114	C7v1	Salamander Piano Micro (sampled by Alexander Holm)/C7v1-6a6a77b0-5a8c-4a87-bbf1-65d3528b29d4.wav	4137	12	1	6a6a77b0-5a8c-4a87-bbf1-65d3528b29d4	\N	\N	2023-07-01 01:37:05.687259	\N
1115	C7v16	Salamander Piano Micro (sampled by Alexander Holm)/C7v16-9269aeb1-ce57-41ec-917f-c07e1c244c6f.wav	4361	12	1	9269aeb1-ce57-41ec-917f-c07e1c244c6f	\N	\N	2023-07-01 01:37:06.085314	\N
1117	C5v11	Salamander Piano Micro (sampled by Alexander Holm)/C5v11-5733fa2f-335c-4f5d-beda-9ff3145a7340.wav	14768	12	1	5733fa2f-335c-4f5d-beda-9ff3145a7340	\N	\N	2023-07-01 01:37:34.183585	\N
1119	C3v11	Salamander Piano Micro (sampled by Alexander Holm)/C3v11-9b37821e-2f9e-4470-9439-90fd4768543d.wav	15978	12	1	9b37821e-2f9e-4470-9439-90fd4768543d	\N	\N	2023-07-01 01:37:34.469114	\N
1126	C1v6	Salamander Piano Micro (sampled by Alexander Holm)/C1v6-3149599c-2e18-46a6-8e01-8a292a0b103d.wav	23747	12	1	3149599c-2e18-46a6-8e01-8a292a0b103d	\N	\N	2023-07-01 01:38:19.168804	\N
1118	C3v1	Salamander Piano Micro (sampled by Alexander Holm)/C3v1-2489aa4b-edd2-4401-9dcb-d7e64192b9f7.wav	15871	12	1	2489aa4b-edd2-4401-9dcb-d7e64192b9f7	\N	\N	2023-07-01 01:37:34.184664	\N
789	Ely Large Choir Hall	Reverb Impulse Responses/Ely Large Choir Hall-91d21155-1033-41e3-a3bb-14fa9775a53b.wav	4981	8	1	91d21155-1033-41e3-a3bb-14fa9775a53b	\N	\N	2023-06-13 19:43:09.754748	\N
1120	C5v16	Salamander Piano Micro (sampled by Alexander Holm)/C5v16-9810de19-6cc9-448c-a877-712c75aab6ae.wav	14726	12	1	9810de19-6cc9-448c-a877-712c75aab6ae	\N	\N	2023-07-01 01:37:35.095528	\N
1121	C5v6	Salamander Piano Micro (sampled by Alexander Holm)/C5v6-f6060279-1014-462c-9bb9-2042b8e058af.wav	15754	12	1	f6060279-1014-462c-9bb9-2042b8e058af	\N	\N	2023-07-01 01:37:49.560504	\N
49	Beat 15	Neural_Breaks/Beat 15_100bpm.wav	4800	2	1	20a12348-7b73-4e10-8ab7-3e693b4466cf	\N	{"sourceBPM":100,"anchors":{"0":{"destination":0,"pinned":false},"8":{"destination":8,"pinned":false},"0.2425":{"destination":0.2425,"pinned":false},"1.0002777777777778":{"destination":1.0002777777777778,"pinned":false},"1.4658333333333333":{"destination":1.4658333333333333,"pinned":false},"2.5069444444444446":{"destination":2.5069444444444446,"pinned":false},"2.9975":{"destination":2.9975,"pinned":false},"3.4930555555555562":{"destination":3.4930555555555562,"pinned":false},"3.9763888888888888":{"destination":3.9763888888888888,"pinned":false},"4.260277777777778":{"destination":4.260277777777778,"pinned":false},"4.463055555555556":{"destination":4.463055555555556,"pinned":false},"5.005833333333333":{"destination":5.005833333333333,"pinned":false},"5.996944444444445":{"destination":5.996944444444445,"pinned":false},"6.489166666666667":{"destination":6.489166666666667,"pinned":false},"6.9975":{"destination":6.9975,"pinned":false},"7.479166666666668":{"destination":7.479166666666668,"pinned":false},"0.4882304":{"destination":0.4882304,"pinned":false},"0.7441868000356163":{"destination":0.7441868000356163,"pinned":false},"1.7360866":{"destination":1.7360866,"pinned":false},"1.9866557999999999":{"destination":1.9866557999999999,"pinned":false},"2.2461738999999996":{"destination":2.2461738999999996,"pinned":false},"2.7473123":{"destination":2.7473123,"pinned":false},"3.7451146499999997":{"destination":3.7451146499999997,"pinned":false},"4.7787125999999995":{"destination":4.7787125999999995,"pinned":false},"5.49015015":{"destination":5.49015015,"pinned":false},"5.758617149999999":{"destination":5.758617149999999,"pinned":false},"7.745162795004976":{"destination":7.745162795004976,"pinned":false}},"enabled":true}	2023-05-29 22:56:26.606801	100
1122	C3v6	Salamander Piano Micro (sampled by Alexander Holm)/C3v6-59405360-922e-4adc-927a-8c20911b6e1b.wav	16218	12	1	59405360-922e-4adc-927a-8c20911b6e1b	\N	\N	2023-07-01 01:37:50.127413	\N
1123	C3v16	Salamander Piano Micro (sampled by Alexander Holm)/C3v16-7dff6a1d-2594-4192-b491-bcdd5324bc56.wav	16276	12	1	7dff6a1d-2594-4192-b491-bcdd5324bc56	\N	\N	2023-07-01 01:37:52.601082	\N
1124	C1v16	Salamander Piano Micro (sampled by Alexander Holm)/C1v16-0a0b7543-5ad5-40cf-931b-f3e549900ad9.wav	23470	12	1	0a0b7543-5ad5-40cf-931b-f3e549900ad9	\N	\N	2023-07-01 01:38:17.557852	\N
790	Ely Chapel	Reverb Impulse Responses/Ely Chapel-75a8464e-5c5b-4aed-9d6a-068537871651.wav	6971	8	1	75a8464e-5c5b-4aed-9d6a-068537871651	\N	\N	2023-06-13 19:43:15.146986	\N
791	Arundel Nave	Reverb Impulse Responses/Arundel Nave-5a0b3743-4356-4d99-b0c7-8371c165ffe2.wav	6484	8	1	5a0b3743-4356-4d99-b0c7-8371c165ffe2	\N	\N	2023-06-13 19:43:22.248389	\N
1125	C1v11	Salamander Piano Micro (sampled by Alexander Holm)/C1v11-67f234b9-390f-4c4e-b8b8-84a037c85bfd.wav	23566	12	1	67f234b9-390f-4c4e-b8b8-84a037c85bfd	\N	\N	2023-07-01 01:38:18.462193	\N
792	solo voice long note	generated/1/solo voice long note-7b88571d-ab83-4f7d-86ad-721729278562.wav	5000	\N	1	7b88571d-ab83-4f7d-86ad-721729278562	\N	\N	2023-06-13 20:08:46.51613	\N
1127	C1v1	Salamander Piano Micro (sampled by Alexander Holm)/C1v1-aac6d925-9e72-4aba-9d15-d0b782c33879.wav	23864	12	1	aac6d925-9e72-4aba-9d15-d0b782c33879	\N	\N	2023-07-01 01:38:19.389362	\N
75	Beat 03	Neural_Techno/Beat 03_124bpm.wav	3871	3	1	278138ec-840e-4c79-93ef-a92675a7dab1	\N	{"sourceBPM":124,"anchors":{"0.0011247165532879818":{"destination":0.0011247165532879818,"pinned":false},"0.23581557067271355":{"destination":0.23581557067271355,"pinned":false},"0.4937505668934241":{"destination":0.4937505668934241,"pinned":false},"0.7351897203325776":{"destination":0.7351897203325776,"pinned":false},"0.9826273620559335":{"destination":0.9826273620559335,"pinned":false},"1.240562358276644":{"destination":1.240562358276644,"pinned":false},"1.517992441421013":{"destination":1.517992441421013,"pinned":false},"1.7391866969009828":{"destination":1.7391866969009828,"pinned":false},"1.9911232048374907":{"destination":1.9911232048374907,"pinned":false},"2.239310657596372":{"destination":2.239310657596372,"pinned":false},"2.483749055177627":{"destination":2.483749055177627,"pinned":false},"2.72518820861678":{"destination":2.72518820861678,"pinned":false},"3.224562358276644":{"destination":3.224562358276644,"pinned":false},"4.991866969009826":{"destination":4.991866969009826,"pinned":false},"6.489989417989418":{"destination":6.489989417989418,"pinned":false},"6.74792441421013":{"destination":6.74792441421013,"pinned":false},"7.242799697656841":{"destination":7.242799697656841,"pinned":false},"7.490237339380198":{"destination":7.490237339380198,"pinned":false},"8.000015117157973":{"destination":8.000015117157973,"pinned":false},"4.0062744":{"destination":4.0062744,"pinned":false},"4.4953032":{"destination":4.4953032,"pinned":false},"5.5297872":{"destination":5.5297872,"pinned":false},"6.0000072":{"destination":6.0000072,"pinned":false},"5.22955598":{"destination":5.22955598,"pinned":false},"5.7251882599999995":{"destination":5.7251882599999995,"pinned":false},"4.740277959999999":{"destination":4.740277959999999,"pinned":false},"4.2573542":{"destination":4.2573542,"pinned":false}},"enabled":true}	2023-05-29 22:56:26.606801	124
92	Percussion Loop 02	Neural_Techno/Percussion Loop 02_124bpm.wav	3871	3	1	dc296de0-cc22-45e8-90ba-867e38d664fd	\N	{"sourceBPM":124,"anchors":{"0.004123960695389267":{"destination":0.004123960695389267,"pinned":false},"0.24256386999244145":{"destination":0.24256386999244145,"pinned":false},"0.5019984882842027":{"destination":0.5019984882842027,"pinned":false},"0.7561844293272866":{"destination":0.7561844293272866,"pinned":false},"1.009620559334845":{"destination":1.009620559334845,"pinned":false},"1.247310657596372":{"destination":1.247310657596372,"pinned":false},"1.5119939531368105":{"destination":1.5119939531368105,"pinned":false},"1.7504338624338627":{"destination":1.7504338624338627,"pinned":false},"2.010618291761149":{"destination":2.010618291761149,"pinned":false},"2.2543068783068785":{"destination":2.2543068783068785,"pinned":false},"2.5129916855631143":{"destination":2.5129916855631143,"pinned":false},"2.7514315948601666":{"destination":2.7514315948601666,"pinned":false},"3.0108662131519277":{"destination":3.0108662131519277,"pinned":false},"3.2598034769463347":{"destination":3.2598034769463347,"pinned":false},"3.7621768707483":{"destination":3.7621768707483,"pinned":false},"4.021611489040061":{"destination":4.021611489040061,"pinned":false},"4.264550264550265":{"destination":4.264550264550265,"pinned":false},"4.77817082388511":{"destination":4.77817082388511,"pinned":false},"5.027108087679517":{"destination":5.027108087679517,"pinned":false},"5.519733938019653":{"destination":5.519733938019653,"pinned":false},"5.7634225245653825":{"destination":5.7634225245653825,"pinned":false},"6.028105820105821":{"destination":6.028105820105821,"pinned":false},"6.265046107331822":{"destination":6.265046107331822,"pinned":false},"6.514733182161755":{"destination":6.514733182161755,"pinned":false},"6.758421768707484":{"destination":6.758421768707484,"pinned":false},"7.011857898715042":{"destination":7.011857898715042,"pinned":false},"7.248048374905519":{"destination":7.248048374905519,"pinned":false},"7.509732426303856":{"destination":7.509732426303856,"pinned":false},"7.753421012849585":{"destination":7.753421012849585,"pinned":false},"8.000015117157975":{"destination":8.000015117157975,"pinned":false},"3.492891664783428":{"destination":3.492891664783428,"pinned":false},"4.490860711864407":{"destination":4.490860711864407,"pinned":false},"5.228490007532957":{"destination":5.228490007532957,"pinned":false}},"enabled":true}	2023-05-29 22:56:26.606801	124
102	Percussion Loop 12	Neural_Techno/Percussion Loop 12_124bpm.wav	3871	3	1	6d5f4247-8f7a-402d-b380-956958459274	\N	{"sourceBPM":124,"anchors":{"0.0018745275888133032":{"destination":0.0018745275888133032,"pinned":false},"1.5404867724867726":{"destination":1.5404867724867726,"pinned":false},"4.0013665910808776":{"destination":4.0013665910808776,"pinned":false},"5.992114890400605":{"destination":5.992114890400605,"pinned":false},"8.000015117157973":{"destination":8.000015117157973,"pinned":false},"1.99103586":{"destination":1.99103586,"pinned":false}},"enabled":true}	2023-05-29 22:56:26.606801	124
94	Percussion Loop 04	Neural_Techno/Percussion Loop 04_124bpm.wav	3871	3	1	b98ece10-fe80-4946-8531-265f3f769cbe	\N	{"sourceBPM":124,"anchors":{"0":{"destination":0,"pinned":false},"3.513239606953893":{"destination":3.513239606953893,"pinned":false},"7.496985638699925":{"destination":7.496985638699925,"pinned":false},"8.000015117157973":{"destination":8.000015117157973,"pinned":false},"3.99104035":{"destination":3.99104035,"pinned":false},"3.00449105":{"destination":3.00449105,"pinned":false},"1.02242382":{"destination":1.02242382,"pinned":false},"1.99103586":{"destination":1.99103586,"pinned":false},"5.01346417":{"destination":5.01346417,"pinned":false},"4.44844048":{"destination":4.44844048,"pinned":false},"6.98656277":{"destination":6.98656277,"pinned":false},"5.50673882":{"destination":5.50673882,"pinned":false},"5.70404868":{"destination":5.70404868,"pinned":false},"5.96413895":{"destination":5.96413895,"pinned":false},"6.52019401":{"destination":6.52019401,"pinned":false}},"enabled":true}	2023-05-29 22:56:26.606801	124
96	Percussion Loop 06	Neural_Techno/Percussion Loop 06_124bpm.wav	3871	3	1	54d9e35c-af6c-4651-9f4b-8676a25aa1c7	\N	{"sourceBPM":124,"anchors":{"0.0018745275888133028":{"destination":0.0018745275888133028,"pinned":false},"0.23581557067271353":{"destination":0.23581557067271353,"pinned":false},"0.48700226757369613":{"destination":0.48700226757369613,"pinned":false},"1.4760030234315948":{"destination":1.4760030234315948,"pinned":false},"1.713693121693122":{"destination":1.713693121693122,"pinned":false},"2.2108178382464097":{"destination":2.2108178382464097,"pinned":false},"2.9913711262282683":{"destination":2.9913711262282683,"pinned":false},"3.2313106575963717":{"destination":3.2313106575963717,"pinned":false},"3.7261859410430835":{"destination":3.7261859410430835,"pinned":false},"4.2420559334845045":{"destination":4.2420559334845045,"pinned":false},"4.7286832955404385":{"destination":4.7286832955404385,"pinned":false},"6.747174603174601":{"destination":6.747174603174601,"pinned":false},"7.246548752834466":{"destination":7.246548752834466,"pinned":false},"8.000015117157973":{"destination":8.000015117157973,"pinned":false},"0.9865493":{"destination":0.9865493,"pinned":false},"0.72645903":{"destination":0.72645903,"pinned":false},"2.75336941":{"destination":2.75336941,"pinned":false},"5.72198594":{"destination":5.72198594,"pinned":false},"5.26458581":{"destination":5.26458581,"pinned":false},"6.25113511":{"destination":6.25113511,"pinned":false},"7.51571194":{"destination":7.51571194,"pinned":false}},"enabled":true}	2023-05-29 22:56:26.606801	124
98	Percussion Loop 08	Neural_Techno/Percussion Loop 08_124bpm.wav	3871	3	1	71b9d1a6-83e0-4d72-a9b7-c847b500a4a6	\N	{"sourceBPM":124,"anchors":{"0.019869992441421014":{"destination":0.019869992441421014,"pinned":false},"0.5057475434618293":{"destination":0.5057475434618293,"pinned":false},"1.0118699924414212":{"destination":1.0118699924414212,"pinned":false},"1.937886621315193":{"destination":1.937886621315193,"pinned":false},"3.0086167800453514":{"destination":3.0086167800453514,"pinned":false},"5.000114890400606":{"destination":5.000114890400606,"pinned":false},"6.001112622826909":{"destination":6.001112622826909,"pinned":false},"6.507984882842027":{"destination":6.507984882842027,"pinned":false},"6.985614512471656":{"destination":6.985614512471656,"pinned":false},"8.000015117157973":{"destination":8.000015117157973,"pinned":false},"3.96413446":{"destination":3.96413446,"pinned":false},"4.484315":{"destination":4.484315,"pinned":false}},"enabled":true}	2023-05-29 22:56:26.606801	124
68	Beat 24	Neural_Breaks/Beat 24_124bpm.wav	3871	2	1	5d7a12fe-c047-4630-9b71-667412173f11	\N	{"sourceBPM":124,"anchors":{"0.0024111111111111113":{"destination":0.0024111111111111113,"pinned":false},"0.50230359":{"destination":0.50230359,"pinned":false},"0.8485233899999999":{"destination":0.8485233899999999,"pinned":false},"0.9948887299999999":{"destination":0.9948887299999999,"pinned":false},"1.50518951":{"destination":1.50518951,"pinned":false},"1.7801189999999998":{"destination":1.7801189999999998,"pinned":false},"2.01549029":{"destination":2.01549029,"pinned":false},"2.3339337999999996":{"destination":2.3339337999999996,"pinned":false},"2.5020561499999996":{"destination":2.5020561499999996,"pinned":false},"2.9864881":{"destination":2.9864881,"pinned":false},"3.9777479799999997":{"destination":3.9777479799999997,"pinned":false},"4.47337792":{"destination":4.47337792,"pinned":false},"4.98807055":{"destination":4.98807055,"pinned":false},"5.9856846599999995":{"destination":5.9856846599999995,"pinned":false},"6.51943998":{"destination":6.51943998,"pinned":false},"6.983298769999999":{"destination":6.983298769999999,"pinned":false},"3.50753496":{"destination":3.50753496,"pinned":false},"3.7489957":{"destination":3.7489957,"pinned":false},"7.52976255":{"destination":7.52976255,"pinned":false},"5.32484474":{"destination":5.32484474,"pinned":false}},"enabled":true}	2023-05-29 22:56:26.606801	124
80	Beat 08	Neural_Techno/Beat 08_124bpm.wav	1936	3	1	9316a624-ee06-42b3-9571-4f02bd009f33	\N	{"sourceBPM":124,"anchors":{"0.0026243386243386246":{"destination":0.0026243386243386246,"pinned":false},"1.9251398337112626":{"destination":1.9251398337112626,"pinned":false},"2.442509448223734":{"destination":2.442509448223734,"pinned":false},"3.4547543461829178":{"destination":3.4547543461829178,"pinned":false},"4.000007558578987":{"destination":4.000007558578987,"pinned":false},"0.6681547400000001":{"destination":0.6681547400000001,"pinned":false},"1.67262898":{"destination":1.67262898,"pinned":false},"2.68607174":{"destination":2.68607174,"pinned":false}},"enabled":true}	2023-05-29 22:56:26.606801	124
74	Beat 02	Neural_Techno/Beat 02_124bpm.wav	3871	3	1	37105e16-555c-4af9-9fc2-eb1c26f674ec	\N	{"sourceBPM":124.04,"anchors":{"0.9806941798941797":{"destination":0.9806941798941797,"pinned":false},"1.9940156613756614":{"destination":1.9940156613756614,"pinned":false},"2.505551746031746":{"destination":2.505551746031746,"pinned":false},"2.99383619047619":{"destination":2.99383619047619,"pinned":false},"3.502372063492064":{"destination":3.502372063492064,"pinned":false},"4.503692698412698":{"destination":4.503692698412698,"pinned":false},"5.496012698412697":{"destination":5.496012698412697,"pinned":false},"6.000798306878307":{"destination":6.000798306878307,"pinned":false},"7.008119365079364":{"destination":7.008119365079364,"pinned":false},"7.495653756613756":{"destination":7.495653756613756,"pinned":false},"8.002595767195768":{"destination":8.002595767195768,"pinned":false},"-0.009478100087465498":{"destination":-0.009478100087465498,"pinned":false},"1.4975894675978834":{"destination":1.4975894675978834,"pinned":false}},"enabled":true}	2023-05-29 22:56:26.606801	124
86	Beat 13	Neural_Techno/Beat 13_124bpm.wav	3871	3	1	8c75505f-8cc8-4475-be87-536cd48b1b3a	\N	{"sourceBPM":124,"anchors":{"0.0003749055177626607":{"destination":0.0003749055177626607,"pinned":false},"0.9991232048374907":{"destination":0.9991232048374907,"pinned":false},"2.9583794406651553":{"destination":2.9583794406651553,"pinned":false},"3.980371882086168":{"destination":3.980371882086168,"pinned":false},"4.49774149659864":{"destination":4.49774149659864,"pinned":false},"5.456749811035526":{"destination":5.456749811035526,"pinned":false},"6.256048374905518":{"destination":6.256048374905518,"pinned":false},"8.000015117157973":{"destination":8.000015117157973,"pinned":false},"1.91928682":{"destination":1.91928682,"pinned":false},"7.01346866":{"destination":7.01346866,"pinned":false}},"enabled":true}	2023-05-29 22:56:26.606801	124
18	Beat 01	Neural_Breaks/Beat 01_80bpm_Bb.wav	3000	2	1	ae6aad31-71ee-49ca-8223-de3848b414b4	\N	{"sourceBPM":80,"anchors":{"0.0051111111111111105":{"destination":0.0051111111111111105,"pinned":false},"1.01":{"destination":1.01,"pinned":false},"1.9846666666666668":{"destination":1.9846666666666668,"pinned":false},"2.4855555555555555":{"destination":2.4855555555555555,"pinned":false},"2.9993333333333334":{"destination":2.9993333333333334,"pinned":false},"3.9999999999999996":{"destination":3.9999999999999996,"pinned":false},"3.79618391":{"destination":3.79618391,"pinned":false},"0.50786291":{"destination":0.50786291,"pinned":false},"1.4943592099999998":{"destination":1.4943592099999998,"pinned":false},"3.50388871":{"destination":3.50388871,"pinned":false}},"enabled":true}	2023-05-29 22:56:26.606801	80
72	Beat 26	Neural_Breaks/Beat 26_80bpm.wav	3000	2	1	8ff979d4-8adb-4d2d-a565-9c551f678633	\N	{"sourceBPM":80,"anchors":{"0.010444444444444444":{"destination":0.010444444444444444,"pinned":false},"0.2548888888888889":{"destination":0.2548888888888889,"pinned":false},"0.49977777777777777":{"destination":0.49977777777777777,"pinned":false},"0.7295555555555555":{"destination":0.7295555555555555,"pinned":false},"1.222888888888889":{"destination":1.222888888888889,"pinned":false},"1.485111111111111":{"destination":1.485111111111111,"pinned":false},"1.9842222222222223":{"destination":1.9842222222222223,"pinned":false},"2.246888888888889":{"destination":2.246888888888889,"pinned":false},"2.506":{"destination":2.506,"pinned":false},"2.756222222222222":{"destination":2.756222222222222,"pinned":false},"3.006":{"destination":3.006,"pinned":false},"3.5197777777777777":{"destination":3.5197777777777777,"pinned":false},"3.7735555555555558":{"destination":3.7735555555555558,"pinned":false},"3.999972222222222":{"destination":3.999972222222222,"pinned":false},"0.9776203295668551":{"destination":0.9776203295668551,"pinned":false},"1.7416828201506591":{"destination":1.7416828201506591,"pinned":false},"3.250824882297552":{"destination":3.250824882297552,"pinned":false}},"enabled":true}	2023-05-29 22:56:26.606801	80
24	Beat 03	Neural_Breaks/Beat 03_80bpm.wav	3000	2	1	c43f9869-0905-42ea-b62c-94e8f4e3010d	\N	{"sourceBPM":80,"anchors":{"4":{"destination":4,"pinned":false},"0.008222222222222223":{"destination":0.008222222222222223,"pinned":false},"0.4842222222222223":{"destination":0.4842222222222223,"pinned":false},"0.7491111111111111":{"destination":0.7491111111111111,"pinned":false},"1.482888888888889":{"destination":1.482888888888889,"pinned":false},"2.0002222222222223":{"destination":2.0002222222222223,"pinned":false},"2.488666666666667":{"destination":2.488666666666667,"pinned":false},"2.9940000000000007":{"destination":2.9940000000000007,"pinned":false},"3.7531111111111115":{"destination":3.7531111111111115,"pinned":false}},"enabled":true}	2023-05-29 22:56:26.606801	80
\.


--
-- Data for Name: shared_tracks_plays; Type: TABLE DATA; Schema: public; Owner: -
--

COPY public.shared_tracks_plays (id, user_id, track_id) FROM stdin;
\.


--
-- Data for Name: signup_surveys; Type: TABLE DATA; Schema: public; Owner: -
--

COPY public.signup_surveys (id, user_id, answers) FROM stdin;
32131	1	{}
32132	23	{}
32133	70	{}
32134	76	{}
32135	30655	{}
32136	61990	{}
\.


--
-- Data for Name: subscription_updates; Type: TABLE DATA; Schema: public; Owner: -
--

COPY public.subscription_updates (id, user_id, subscribed_until, amount_paid_cents_usd, "timestamp", will_renew) FROM stdin;
3	70	2023-04-10 20:20:27	0	2023-03-10 20:20:29.571614	t
11	76	2023-04-18 00:38:38	0	2023-03-18 00:38:39.626838	t
463	70	2023-05-10 20:20:27	0	2023-04-10 21:23:38.825356	t
542	76	2023-05-18 00:38:38	0	2023-04-18 01:39:21.693197	t
832	70	2023-06-10 20:20:27	0	2023-05-10 21:21:38.762028	t
932	1	2023-06-17 18:34:32	200	2023-05-17 18:34:36.084756	t
935	23	2023-06-05 00:00:00	0	2023-05-17 19:32:26.797554	t
1069	1	2023-06-29 17:58:13	0	2023-05-29 19:04:56.35417	t
1178	70	2023-07-10 20:20:27	0	2023-06-10 21:27:34.713379	t
944	76	2123-06-18 01:11:37.680566	0	2023-05-18 01:41:29.017258	t
1229	76	2023-07-18 00:38:38	0	2023-06-18 01:45:13.666203	t
1240	1	2023-06-29 17:58:13	0	2023-06-19 20:17:16.496951	f
1241	1	2023-06-29 17:58:13	0	2023-06-19 20:17:41.450895	t
1311	1	2023-07-29 17:58:13	0	2023-06-29 19:00:13.317776	t
1415	70	2023-08-10 20:20:27	0	2023-07-10 21:26:14.622145	t
1448	76	2023-08-18 00:38:38	0	2023-07-18 01:41:41.679774	t
1541	1	2023-08-29 17:58:13	0	2023-07-29 19:04:28.979601	t
\.


--
-- Data for Name: tracks_for_sharing; Type: TABLE DATA; Schema: public; Owner: -
--

COPY public.tracks_for_sharing (id, s3_key, author_id, name, uuid, s3_url, band_energy) FROM stdin;
\.


--
-- Data for Name: user_identities; Type: TABLE DATA; Schema: public; Owner: -
--

COPY public.user_identities (id, user_id, issuer, external_id, profile_data) FROM stdin;
20	23	https://accounts.google.com	113140849615097465567	{"id":"113140849615097465567","displayName":"Nux aij Iahc","name":{"familyName":"Iahc","givenName":"Nux aij"},"emails":[{"value":"chaijiaxun@gmail.com"}]}
73	76	https://accounts.google.com	109903132221941393836	{"id":"109903132221941393836","displayName":"Marc Burns","name":{"familyName":"Burns","givenName":"Marc"},"emails":[{"value":"init512@gmail.com"}]}
67	70	https://accounts.google.com	115657718379751277039	{"id":"115657718379751277039","displayName":"Keith Chia","name":{"familyName":"Chia","givenName":"Keith"},"emails":[{"value":"keith@wavtool.com"}]}
1	1	https://accounts.google.com	101910677677540212255	{"id":"101910677677540212255","displayName":"Sam Watkinson","name":{"familyName":"Watkinson","givenName":"Sam"},"emails":[{"value":"sam@wavtool.com"}]}
30652	30655	https://accounts.google.com	104123416279695220383	{"id":"104123416279695220383","displayName":"Jia Xun Chai","name":{"familyName":"Chai","givenName":"Jia Xun"},"emails":[{"value":"xun@wavtool.com"}]}
61987	61990	https://accounts.google.com	102256811351720757150	{"id":"102256811351720757150","displayName":"Marc Burns","name":{"familyName":"Burns","givenName":"Marc"},"emails":[{"value":"marc@wavtool.com"}]}
\.


--
-- Data for Name: users; Type: TABLE DATA; Schema: public; Owner: -
--

COPY public.users (id, normalized_email, email, display_name, role, stripe_customer_id, message_limit_override, environment, share_name, user_categorisation) FROM stdin;
30655	xun@wavtool.com	xun@wavtool.com	Jia Xun Chai	standard	\N	\N	production	\N	\N
70	keith@wavtool.com	keith@wavtool.com	Keith Chia	admin	cus_NVCpUVuZCk62Ye	\N	staging	\N	To experiment with AI
61990	marc@wavtool.com	marc@wavtool.com	Marc Burns	standard	\N	\N	production	\N	\N
23	chaijiaxun@gmail.com	chaijiaxun@gmail.com	Xun	admin	cus_Npk00MtiwgrxxT	\N	staging	\N	\N
1	sam@wavtool.com	sam@wavtool.com	WavTool	admin	cus_NbublhDgWE5GSM	\N	staging	\N	To make music
76	init512@gmail.com	init512@gmail.com	Marc Burns	admin	cus_NXtZln25pwkuxP	\N	staging	\N	To experiment with AI
\.


--
-- Name: activity_id_seq; Type: SEQUENCE SET; Schema: public; Owner: -
--

SELECT pg_catalog.setval('public.activity_id_seq', 342740, true);


--
-- Name: composer_choices_id_seq; Type: SEQUENCE SET; Schema: public; Owner: -
--

SELECT pg_catalog.setval('public.composer_choices_id_seq', 13095, true);


--
-- Name: composer_requests_id_seq; Type: SEQUENCE SET; Schema: public; Owner: -
--

SELECT pg_catalog.setval('public.composer_requests_id_seq', 37339, true);


--
-- Name: conductor_request_tags_id_seq; Type: SEQUENCE SET; Schema: public; Owner: -
--

SELECT pg_catalog.setval('public.conductor_request_tags_id_seq', 136087, true);


--
-- Name: conductor_requests_id_seq; Type: SEQUENCE SET; Schema: public; Owner: -
--

SELECT pg_catalog.setval('public.conductor_requests_id_seq', 127629, true);


--
-- Name: config_vals_id_seq; Type: SEQUENCE SET; Schema: public; Owner: -
--

SELECT pg_catalog.setval('public.config_vals_id_seq', 5, true);


--
-- Name: device_tags_id_seq; Type: SEQUENCE SET; Schema: public; Owner: -
--

SELECT pg_catalog.setval('public.device_tags_id_seq', 41, true);


--
-- Name: devices_id_seq; Type: SEQUENCE SET; Schema: public; Owner: -
--

SELECT pg_catalog.setval('public.devices_id_seq', 81, true);


--
-- Name: ecs_scalers_id_seq; Type: SEQUENCE SET; Schema: public; Owner: -
--

SELECT pg_catalog.setval('public.ecs_scalers_id_seq', 1, true);


--
-- Name: embedded_strings_id_seq; Type: SEQUENCE SET; Schema: public; Owner: -
--

SELECT pg_catalog.setval('public.embedded_strings_id_seq', 14274, true);


--
-- Name: preset_tags_id_seq; Type: SEQUENCE SET; Schema: public; Owner: -
--

SELECT pg_catalog.setval('public.preset_tags_id_seq', 461, true);


--
-- Name: presets_id_seq; Type: SEQUENCE SET; Schema: public; Owner: -
--

SELECT pg_catalog.setval('public.presets_id_seq', 59, true);


--
-- Name: sample_packs_id_seq; Type: SEQUENCE SET; Schema: public; Owner: -
--

SELECT pg_catalog.setval('public.sample_packs_id_seq', 15, true);


--
-- Name: sample_tags_id_seq; Type: SEQUENCE SET; Schema: public; Owner: -
--

SELECT pg_catalog.setval('public.sample_tags_id_seq', 2682, true);


--
-- Name: samples_id_seq; Type: SEQUENCE SET; Schema: public; Owner: -
--

SELECT pg_catalog.setval('public.samples_id_seq', 1574, true);


--
-- Name: shared_tracks_plays_id_seq; Type: SEQUENCE SET; Schema: public; Owner: -
--

SELECT pg_catalog.setval('public.shared_tracks_plays_id_seq', 2, true);


--
-- Name: signup_surveys_id_seq; Type: SEQUENCE SET; Schema: public; Owner: -
--

SELECT pg_catalog.setval('public.signup_surveys_id_seq', 32136, true);


--
-- Name: subscription_updates_id_seq; Type: SEQUENCE SET; Schema: public; Owner: -
--

SELECT pg_catalog.setval('public.subscription_updates_id_seq', 1572, true);


--
-- Name: tracks_for_sharing_id_seq; Type: SEQUENCE SET; Schema: public; Owner: -
--

SELECT pg_catalog.setval('public.tracks_for_sharing_id_seq', 4, true);


--
-- Name: user_identities_id_seq; Type: SEQUENCE SET; Schema: public; Owner: -
--

SELECT pg_catalog.setval('public.user_identities_id_seq', 69318, true);


--
-- Name: users_id_seq; Type: SEQUENCE SET; Schema: public; Owner: -
--

SELECT pg_catalog.setval('public.users_id_seq', 69321, true);


--
-- Name: activity activity_pkey; Type: CONSTRAINT; Schema: public; Owner: -
--

ALTER TABLE ONLY public.activity
    ADD CONSTRAINT activity_pkey PRIMARY KEY (id);


--
-- Name: composer_choices composer_choices_pkey; Type: CONSTRAINT; Schema: public; Owner: -
--

ALTER TABLE ONLY public.composer_choices
    ADD CONSTRAINT composer_choices_pkey PRIMARY KEY (id);


--
-- Name: composer_requests composer_requests_pkey; Type: CONSTRAINT; Schema: public; Owner: -
--

ALTER TABLE ONLY public.composer_requests
    ADD CONSTRAINT composer_requests_pkey PRIMARY KEY (id);


--
-- Name: composer_requests composer_requests_uuid_key; Type: CONSTRAINT; Schema: public; Owner: -
--

ALTER TABLE ONLY public.composer_requests
    ADD CONSTRAINT composer_requests_uuid_key UNIQUE (uuid);


--
-- Name: conductor_request_tags conductor_request_tags_conductor_request_id_tag_version_cat_key; Type: CONSTRAINT; Schema: public; Owner: -
--

ALTER TABLE ONLY public.conductor_request_tags
    ADD CONSTRAINT conductor_request_tags_conductor_request_id_tag_version_cat_key UNIQUE (conductor_request_id, tag_version, category, value);


--
-- Name: conductor_request_tags conductor_request_tags_pkey; Type: CONSTRAINT; Schema: public; Owner: -
--

ALTER TABLE ONLY public.conductor_request_tags
    ADD CONSTRAINT conductor_request_tags_pkey PRIMARY KEY (id);


--
-- Name: conductor_requests conductor_requests_pkey; Type: CONSTRAINT; Schema: public; Owner: -
--

ALTER TABLE ONLY public.conductor_requests
    ADD CONSTRAINT conductor_requests_pkey PRIMARY KEY (id);


--
-- Name: conductor_token_quota conductor_token_quota_pkey; Type: CONSTRAINT; Schema: public; Owner: -
--

ALTER TABLE ONLY public.conductor_token_quota
    ADD CONSTRAINT conductor_token_quota_pkey PRIMARY KEY (minute);


--
-- Name: config_vals config_vals_name_key; Type: CONSTRAINT; Schema: public; Owner: -
--

ALTER TABLE ONLY public.config_vals
    ADD CONSTRAINT config_vals_name_key UNIQUE (name);


--
-- Name: config_vals config_vals_pkey; Type: CONSTRAINT; Schema: public; Owner: -
--

ALTER TABLE ONLY public.config_vals
    ADD CONSTRAINT config_vals_pkey PRIMARY KEY (id);


--
-- Name: device_tags device_tags_device_id_category_value_key; Type: CONSTRAINT; Schema: public; Owner: -
--

ALTER TABLE ONLY public.device_tags
    ADD CONSTRAINT device_tags_device_id_category_value_key UNIQUE (device_id, category, value);


--
-- Name: device_tags device_tags_pkey; Type: CONSTRAINT; Schema: public; Owner: -
--

ALTER TABLE ONLY public.device_tags
    ADD CONSTRAINT device_tags_pkey PRIMARY KEY (id);


--
-- Name: devices devices_pkey; Type: CONSTRAINT; Schema: public; Owner: -
--

ALTER TABLE ONLY public.devices
    ADD CONSTRAINT devices_pkey PRIMARY KEY (id);


--
-- Name: devices devices_uuid_key; Type: CONSTRAINT; Schema: public; Owner: -
--

ALTER TABLE ONLY public.devices
    ADD CONSTRAINT devices_uuid_key UNIQUE (uuid);


--
-- Name: ecs_scalers ecs_scalers_cluster_arn_service_arn_key; Type: CONSTRAINT; Schema: public; Owner: -
--

ALTER TABLE ONLY public.ecs_scalers
    ADD CONSTRAINT ecs_scalers_cluster_arn_service_arn_key UNIQUE (cluster_arn, service_arn);


--
-- Name: ecs_scalers ecs_scalers_name_key; Type: CONSTRAINT; Schema: public; Owner: -
--

ALTER TABLE ONLY public.ecs_scalers
    ADD CONSTRAINT ecs_scalers_name_key UNIQUE (name);


--
-- Name: ecs_scalers ecs_scalers_pkey; Type: CONSTRAINT; Schema: public; Owner: -
--

ALTER TABLE ONLY public.ecs_scalers
    ADD CONSTRAINT ecs_scalers_pkey PRIMARY KEY (id);


--
-- Name: embedded_strings embedded_strings_content_key; Type: CONSTRAINT; Schema: public; Owner: -
--

ALTER TABLE ONLY public.embedded_strings
    ADD CONSTRAINT embedded_strings_content_key UNIQUE (content);


--
-- Name: embedded_strings embedded_strings_pkey; Type: CONSTRAINT; Schema: public; Owner: -
--

ALTER TABLE ONLY public.embedded_strings
    ADD CONSTRAINT embedded_strings_pkey PRIMARY KEY (id);


--
-- Name: migrations migrations_pkey; Type: CONSTRAINT; Schema: public; Owner: -
--

ALTER TABLE ONLY public.migrations
    ADD CONSTRAINT migrations_pkey PRIMARY KEY (id);


--
-- Name: preset_tags preset_tags_pkey; Type: CONSTRAINT; Schema: public; Owner: -
--

ALTER TABLE ONLY public.preset_tags
    ADD CONSTRAINT preset_tags_pkey PRIMARY KEY (id);


--
-- Name: preset_tags preset_tags_preset_id_category_value_key; Type: CONSTRAINT; Schema: public; Owner: -
--

ALTER TABLE ONLY public.preset_tags
    ADD CONSTRAINT preset_tags_preset_id_category_value_key UNIQUE (preset_id, category, value);


--
-- Name: presets presets_pkey; Type: CONSTRAINT; Schema: public; Owner: -
--

ALTER TABLE ONLY public.presets
    ADD CONSTRAINT presets_pkey PRIMARY KEY (id);


--
-- Name: presets presets_uuid_key; Type: CONSTRAINT; Schema: public; Owner: -
--

ALTER TABLE ONLY public.presets
    ADD CONSTRAINT presets_uuid_key UNIQUE (uuid);


--
-- Name: sample_packs sample_packs_pkey; Type: CONSTRAINT; Schema: public; Owner: -
--

ALTER TABLE ONLY public.sample_packs
    ADD CONSTRAINT sample_packs_pkey PRIMARY KEY (id);


--
-- Name: sample_packs sample_packs_uuid_key; Type: CONSTRAINT; Schema: public; Owner: -
--

ALTER TABLE ONLY public.sample_packs
    ADD CONSTRAINT sample_packs_uuid_key UNIQUE (uuid);


--
-- Name: sample_tags sample_tags_pkey; Type: CONSTRAINT; Schema: public; Owner: -
--

ALTER TABLE ONLY public.sample_tags
    ADD CONSTRAINT sample_tags_pkey PRIMARY KEY (id);


--
-- Name: sample_tags sample_tags_sample_id_category_value_key; Type: CONSTRAINT; Schema: public; Owner: -
--

ALTER TABLE ONLY public.sample_tags
    ADD CONSTRAINT sample_tags_sample_id_category_value_key UNIQUE (sample_id, category, value);


--
-- Name: samples samples_pkey; Type: CONSTRAINT; Schema: public; Owner: -
--

ALTER TABLE ONLY public.samples
    ADD CONSTRAINT samples_pkey PRIMARY KEY (id);


--
-- Name: samples samples_uuid_key; Type: CONSTRAINT; Schema: public; Owner: -
--

ALTER TABLE ONLY public.samples
    ADD CONSTRAINT samples_uuid_key UNIQUE (uuid);


--
-- Name: shared_tracks_plays shared_tracks_plays_pkey; Type: CONSTRAINT; Schema: public; Owner: -
--

ALTER TABLE ONLY public.shared_tracks_plays
    ADD CONSTRAINT shared_tracks_plays_pkey PRIMARY KEY (id);


--
-- Name: signup_surveys signup_surveys_pkey; Type: CONSTRAINT; Schema: public; Owner: -
--

ALTER TABLE ONLY public.signup_surveys
    ADD CONSTRAINT signup_surveys_pkey PRIMARY KEY (id);


--
-- Name: subscription_updates subscription_updates_pkey; Type: CONSTRAINT; Schema: public; Owner: -
--

ALTER TABLE ONLY public.subscription_updates
    ADD CONSTRAINT subscription_updates_pkey PRIMARY KEY (id);


--
-- Name: tracks_for_sharing tracks_for_sharing_pkey; Type: CONSTRAINT; Schema: public; Owner: -
--

ALTER TABLE ONLY public.tracks_for_sharing
    ADD CONSTRAINT tracks_for_sharing_pkey PRIMARY KEY (id);


--
-- Name: tracks_for_sharing tracks_for_sharing_uuid_key; Type: CONSTRAINT; Schema: public; Owner: -
--

ALTER TABLE ONLY public.tracks_for_sharing
    ADD CONSTRAINT tracks_for_sharing_uuid_key UNIQUE (uuid);


--
-- Name: user_identities user_identities_pkey; Type: CONSTRAINT; Schema: public; Owner: -
--

ALTER TABLE ONLY public.user_identities
    ADD CONSTRAINT user_identities_pkey PRIMARY KEY (id);


--
-- Name: users users_email_key; Type: CONSTRAINT; Schema: public; Owner: -
--

ALTER TABLE ONLY public.users
    ADD CONSTRAINT users_email_key UNIQUE (email);


--
-- Name: users users_normalized_email_key; Type: CONSTRAINT; Schema: public; Owner: -
--

ALTER TABLE ONLY public.users
    ADD CONSTRAINT users_normalized_email_key UNIQUE (normalized_email);


--
-- Name: users users_pkey; Type: CONSTRAINT; Schema: public; Owner: -
--

ALTER TABLE ONLY public.users
    ADD CONSTRAINT users_pkey PRIMARY KEY (id);


--
-- Name: activity_user_id_idx; Type: INDEX; Schema: public; Owner: -
--

CREATE INDEX activity_user_id_idx ON public.activity USING btree (user_id);


--
-- Name: composer_requests_user_id_idx; Type: INDEX; Schema: public; Owner: -
--

CREATE INDEX composer_requests_user_id_idx ON public.composer_requests USING btree (user_id);


--
-- Name: conductor_requests_user_id_idx; Type: INDEX; Schema: public; Owner: -
--

CREATE INDEX conductor_requests_user_id_idx ON public.conductor_requests USING btree (user_id);


--
-- Name: device_tags_device_id_idx; Type: INDEX; Schema: public; Owner: -
--

CREATE INDEX device_tags_device_id_idx ON public.device_tags USING btree (device_id);


--
-- Name: devices_author_id_idx; Type: INDEX; Schema: public; Owner: -
--

CREATE INDEX devices_author_id_idx ON public.devices USING btree (author_id);


--
-- Name: presets_author_id_idx; Type: INDEX; Schema: public; Owner: -
--

CREATE INDEX presets_author_id_idx ON public.presets USING btree (author_id);


--
-- Name: presets_device_id_idx; Type: INDEX; Schema: public; Owner: -
--

CREATE INDEX presets_device_id_idx ON public.presets USING btree (device_id);


--
-- Name: sample_packs_author_id_idx; Type: INDEX; Schema: public; Owner: -
--

CREATE INDEX sample_packs_author_id_idx ON public.sample_packs USING btree (author_id);


--
-- Name: samples_author_id_idx; Type: INDEX; Schema: public; Owner: -
--

CREATE INDEX samples_author_id_idx ON public.samples USING btree (author_id);


--
-- Name: samples_pack_id_idx; Type: INDEX; Schema: public; Owner: -
--

CREATE INDEX samples_pack_id_idx ON public.samples USING btree (pack_id);


--
-- Name: samples_tags_sample_id_idx; Type: INDEX; Schema: public; Owner: -
--

CREATE INDEX samples_tags_sample_id_idx ON public.sample_tags USING btree (sample_id);


--
-- Name: shared_tracks_plays_track_id_idx; Type: INDEX; Schema: public; Owner: -
--

CREATE INDEX shared_tracks_plays_track_id_idx ON public.shared_tracks_plays USING btree (track_id);


--
-- Name: signup_surveys_user_id_idx; Type: INDEX; Schema: public; Owner: -
--

CREATE INDEX signup_surveys_user_id_idx ON public.signup_surveys USING btree (user_id);


--
-- Name: subscription_updates_user_id_idx; Type: INDEX; Schema: public; Owner: -
--

CREATE INDEX subscription_updates_user_id_idx ON public.subscription_updates USING btree (user_id);


--
-- Name: tracks_for_sharing_author_id_idx; Type: INDEX; Schema: public; Owner: -
--

CREATE INDEX tracks_for_sharing_author_id_idx ON public.tracks_for_sharing USING btree (author_id);


--
-- Name: user_identities_iss_ext_id_idx; Type: INDEX; Schema: public; Owner: -
--

CREATE INDEX user_identities_iss_ext_id_idx ON public.user_identities USING btree (issuer, external_id);


--
-- Name: user_identities_user_id_idx; Type: INDEX; Schema: public; Owner: -
--

CREATE INDEX user_identities_user_id_idx ON public.user_identities USING btree (user_id);


--
-- Name: users_stripe_customer_id_idx; Type: INDEX; Schema: public; Owner: -
--

CREATE INDEX users_stripe_customer_id_idx ON public.users USING btree (stripe_customer_id);


--
-- Name: activity activity_user_id_fkey; Type: FK CONSTRAINT; Schema: public; Owner: -
--

ALTER TABLE ONLY public.activity
    ADD CONSTRAINT activity_user_id_fkey FOREIGN KEY (user_id) REFERENCES public.users(id) ON UPDATE RESTRICT ON DELETE CASCADE;


--
-- Name: composer_choices composer_choices_request_id_fkey; Type: FK CONSTRAINT; Schema: public; Owner: -
--

ALTER TABLE ONLY public.composer_choices
    ADD CONSTRAINT composer_choices_request_id_fkey FOREIGN KEY (request_id) REFERENCES public.composer_requests(id) ON UPDATE RESTRICT ON DELETE CASCADE;


--
-- Name: composer_requests composer_requests_user_id_fkey; Type: FK CONSTRAINT; Schema: public; Owner: -
--

ALTER TABLE ONLY public.composer_requests
    ADD CONSTRAINT composer_requests_user_id_fkey FOREIGN KEY (user_id) REFERENCES public.users(id) ON UPDATE RESTRICT ON DELETE CASCADE;


--
-- Name: conductor_request_tags conductor_request_tags_conductor_request_id_fkey; Type: FK CONSTRAINT; Schema: public; Owner: -
--

ALTER TABLE ONLY public.conductor_request_tags
    ADD CONSTRAINT conductor_request_tags_conductor_request_id_fkey FOREIGN KEY (conductor_request_id) REFERENCES public.conductor_requests(id) ON UPDATE RESTRICT ON DELETE CASCADE;


--
-- Name: conductor_requests conductor_requests_user_id_fkey; Type: FK CONSTRAINT; Schema: public; Owner: -
--

ALTER TABLE ONLY public.conductor_requests
    ADD CONSTRAINT conductor_requests_user_id_fkey FOREIGN KEY (user_id) REFERENCES public.users(id) ON UPDATE RESTRICT ON DELETE CASCADE;


--
-- Name: device_tags device_tags_device_id_fkey; Type: FK CONSTRAINT; Schema: public; Owner: -
--

ALTER TABLE ONLY public.device_tags
    ADD CONSTRAINT device_tags_device_id_fkey FOREIGN KEY (device_id) REFERENCES public.devices(id) ON UPDATE RESTRICT ON DELETE CASCADE;


--
-- Name: devices devices_author_id_fkey; Type: FK CONSTRAINT; Schema: public; Owner: -
--

ALTER TABLE ONLY public.devices
    ADD CONSTRAINT devices_author_id_fkey FOREIGN KEY (author_id) REFERENCES public.users(id) ON UPDATE RESTRICT ON DELETE RESTRICT;


--
-- Name: devices devices_superseded_by_fkey; Type: FK CONSTRAINT; Schema: public; Owner: -
--

ALTER TABLE ONLY public.devices
    ADD CONSTRAINT devices_superseded_by_fkey FOREIGN KEY (superseded_by) REFERENCES public.devices(id) ON UPDATE CASCADE ON DELETE SET NULL;


--
-- Name: preset_tags preset_tags_preset_id_fkey; Type: FK CONSTRAINT; Schema: public; Owner: -
--

ALTER TABLE ONLY public.preset_tags
    ADD CONSTRAINT preset_tags_preset_id_fkey FOREIGN KEY (preset_id) REFERENCES public.presets(id) ON UPDATE RESTRICT ON DELETE CASCADE;


--
-- Name: presets presets_author_id_fkey; Type: FK CONSTRAINT; Schema: public; Owner: -
--

ALTER TABLE ONLY public.presets
    ADD CONSTRAINT presets_author_id_fkey FOREIGN KEY (author_id) REFERENCES public.users(id) ON UPDATE RESTRICT ON DELETE RESTRICT;


--
-- Name: presets presets_device_id_fkey; Type: FK CONSTRAINT; Schema: public; Owner: -
--

ALTER TABLE ONLY public.presets
    ADD CONSTRAINT presets_device_id_fkey FOREIGN KEY (device_id) REFERENCES public.devices(id) ON UPDATE RESTRICT ON DELETE RESTRICT;


--
-- Name: presets presets_superseded_by_fkey; Type: FK CONSTRAINT; Schema: public; Owner: -
--

ALTER TABLE ONLY public.presets
    ADD CONSTRAINT presets_superseded_by_fkey FOREIGN KEY (superseded_by) REFERENCES public.presets(id) ON UPDATE CASCADE ON DELETE SET NULL;


--
-- Name: sample_packs sample_packs_author_id_fkey; Type: FK CONSTRAINT; Schema: public; Owner: -
--

ALTER TABLE ONLY public.sample_packs
    ADD CONSTRAINT sample_packs_author_id_fkey FOREIGN KEY (author_id) REFERENCES public.users(id) ON UPDATE RESTRICT ON DELETE RESTRICT;


--
-- Name: sample_tags sample_tags_sample_id_fkey; Type: FK CONSTRAINT; Schema: public; Owner: -
--

ALTER TABLE ONLY public.sample_tags
    ADD CONSTRAINT sample_tags_sample_id_fkey FOREIGN KEY (sample_id) REFERENCES public.samples(id) ON UPDATE RESTRICT ON DELETE CASCADE;


--
-- Name: samples samples_author_id_fkey; Type: FK CONSTRAINT; Schema: public; Owner: -
--

ALTER TABLE ONLY public.samples
    ADD CONSTRAINT samples_author_id_fkey FOREIGN KEY (author_id) REFERENCES public.users(id) ON UPDATE RESTRICT ON DELETE RESTRICT;


--
-- Name: samples samples_pack_id_fkey; Type: FK CONSTRAINT; Schema: public; Owner: -
--

ALTER TABLE ONLY public.samples
    ADD CONSTRAINT samples_pack_id_fkey FOREIGN KEY (pack_id) REFERENCES public.sample_packs(id) ON UPDATE RESTRICT ON DELETE RESTRICT;


--
-- Name: shared_tracks_plays shared_tracks_plays_track_id_fkey; Type: FK CONSTRAINT; Schema: public; Owner: -
--

ALTER TABLE ONLY public.shared_tracks_plays
    ADD CONSTRAINT shared_tracks_plays_track_id_fkey FOREIGN KEY (track_id) REFERENCES public.tracks_for_sharing(id) ON UPDATE RESTRICT ON DELETE RESTRICT;


--
-- Name: shared_tracks_plays shared_tracks_plays_user_id_fkey; Type: FK CONSTRAINT; Schema: public; Owner: -
--

ALTER TABLE ONLY public.shared_tracks_plays
    ADD CONSTRAINT shared_tracks_plays_user_id_fkey FOREIGN KEY (user_id) REFERENCES public.users(id) ON UPDATE RESTRICT ON DELETE RESTRICT;


--
-- Name: signup_surveys signup_surveys_user_id_fkey; Type: FK CONSTRAINT; Schema: public; Owner: -
--

ALTER TABLE ONLY public.signup_surveys
    ADD CONSTRAINT signup_surveys_user_id_fkey FOREIGN KEY (user_id) REFERENCES public.users(id) ON UPDATE RESTRICT ON DELETE CASCADE;


--
-- Name: subscription_updates subscription_updates_user_id_fkey; Type: FK CONSTRAINT; Schema: public; Owner: -
--

ALTER TABLE ONLY public.subscription_updates
    ADD CONSTRAINT subscription_updates_user_id_fkey FOREIGN KEY (user_id) REFERENCES public.users(id) ON UPDATE RESTRICT ON DELETE CASCADE;


--
-- Name: tracks_for_sharing tracks_for_sharing_author_id_fkey; Type: FK CONSTRAINT; Schema: public; Owner: -
--

ALTER TABLE ONLY public.tracks_for_sharing
    ADD CONSTRAINT tracks_for_sharing_author_id_fkey FOREIGN KEY (author_id) REFERENCES public.users(id) ON UPDATE RESTRICT ON DELETE RESTRICT;


--
-- Name: user_identities user_identities_user_id_fkey; Type: FK CONSTRAINT; Schema: public; Owner: -
--

ALTER TABLE ONLY public.user_identities
    ADD CONSTRAINT user_identities_user_id_fkey FOREIGN KEY (user_id) REFERENCES public.users(id) ON UPDATE RESTRICT ON DELETE CASCADE;


--
--

